{"id":6172,"date":"2022-08-14T13:19:29","date_gmt":"2022-08-14T13:19:29","guid":{"rendered":"https:\/\/mybonnechance.de\/?page_id=6172"},"modified":"2023-01-07T19:25:25","modified_gmt":"2023-01-07T19:25:25","slug":"2022-20-emden","status":"publish","type":"page","link":"https:\/\/mybonnechance.de\/?page_id=6172","title":{"rendered":"2022-20 Emden"},"content":{"rendered":"\n<p><strong>Tag 33, Donnerstag  28.Juli<\/strong> <strong> Delfzijl<\/strong>  <strong>&#8211;  Emden<\/strong>, <strong>Stadthafen<\/strong><br>32,7 km &#8211; 2 Schleusen &#8211; 2 bewegliche Br\u00fccken &#8211; 4 Std. Fahrzeit<br>Es ist zum Gl\u00fcck eine v\u00f6llig entspannte \u00dcberfahrt nach Emden. Kaum Wind und keine Wellen. Die Schleusenw\u00e4rter der Seeschleusen h\u00fcben wie dr\u00fcben sind total nett und die Schleusen sind harmlos. Auch hier in Emden ist der Funkton sehr locker. Sowohl die <strong>Nesselander Schleuse<\/strong>, als auch die Eisenbahnb\u00fccke dahinter halten sich an die vorgegebenen Schleusen- bzw. \u00d6ffnungszeiten. Die Kade vom Stadthafen ist so gut wie leer und wir bekommen einen sch\u00f6nen Platz direkt hinter dem Museumsschiff \u201eStadt Emden\u201c. Das Wetter ist leider mehr bew\u00f6lkt als sonnig, aber zumindest ist es trocken. Gegen\u00fcber gibt es sogar einen Beachclub.<\/p>\n\n\n\n<figure class=\"wp-block-gallery has-nested-images columns-default is-cropped wp-block-gallery-1 is-layout-flex wp-block-gallery-is-layout-flex\">\n<figure class=\"wp-block-image size-large\"><img loading=\"lazy\" decoding=\"async\" width=\"498\" height=\"1024\" data-id=\"5936\" src=\"https:\/\/mybonnechance.de\/wp-content\/uploads\/2022\/07\/20220728_111222-1-498x1024.jpg\" alt=\"\" class=\"wp-image-5936\" srcset=\"https:\/\/mybonnechance.de\/wp-content\/uploads\/2022\/07\/20220728_111222-1-498x1024.jpg 498w, https:\/\/mybonnechance.de\/wp-content\/uploads\/2022\/07\/20220728_111222-1-146x300.jpg 146w, https:\/\/mybonnechance.de\/wp-content\/uploads\/2022\/07\/20220728_111222-1-768x1580.jpg 768w, https:\/\/mybonnechance.de\/wp-content\/uploads\/2022\/07\/20220728_111222-1-747x1536.jpg 747w, https:\/\/mybonnechance.de\/wp-content\/uploads\/2022\/07\/20220728_111222-1-996x2048.jpg 996w, https:\/\/mybonnechance.de\/wp-content\/uploads\/2022\/07\/20220728_111222-1-scaled.jpg 1244w\" sizes=\"auto, (max-width: 498px) 100vw, 498px\" \/><figcaption class=\"wp-element-caption\"><strong>Nesselander Schleuse<\/strong><\/figcaption><\/figure>\n\n\n\n<figure class=\"wp-block-image size-large\"><img loading=\"lazy\" decoding=\"async\" width=\"498\" height=\"1024\" data-id=\"5937\" src=\"https:\/\/mybonnechance.de\/wp-content\/uploads\/2022\/07\/20220728_121341-1-498x1024.jpg\" alt=\"\" class=\"wp-image-5937\" srcset=\"https:\/\/mybonnechance.de\/wp-content\/uploads\/2022\/07\/20220728_121341-1-498x1024.jpg 498w, https:\/\/mybonnechance.de\/wp-content\/uploads\/2022\/07\/20220728_121341-1-146x300.jpg 146w, https:\/\/mybonnechance.de\/wp-content\/uploads\/2022\/07\/20220728_121341-1-768x1580.jpg 768w, https:\/\/mybonnechance.de\/wp-content\/uploads\/2022\/07\/20220728_121341-1-747x1536.jpg 747w, https:\/\/mybonnechance.de\/wp-content\/uploads\/2022\/07\/20220728_121341-1-996x2048.jpg 996w, https:\/\/mybonnechance.de\/wp-content\/uploads\/2022\/07\/20220728_121341-1-scaled.jpg 1244w\" sizes=\"auto, (max-width: 498px) 100vw, 498px\" \/><figcaption class=\"wp-element-caption\"><strong>Einfahrt Stadthafen Emden<\/strong><\/figcaption><\/figure>\n<\/figure>\n\n\n\n<p><strong>Tag 34 + Tag 35, Freitag  29.Juli<\/strong> <strong>+ Samstag 30.Juli<\/strong><br>Freitag bekommen wir Besuch von unseren Freunden. Das war schlie\u00dflich auch der Grund unserer \u00dcberfahrt. <\/p>\n\n\n\n<figure class=\"wp-block-image size-large is-style-default\"><img loading=\"lazy\" decoding=\"async\" width=\"945\" height=\"1024\" src=\"https:\/\/mybonnechance.de\/wp-content\/uploads\/2023\/01\/20220729_125918-1-945x1024.jpg\" alt=\"\" class=\"wp-image-6865\" srcset=\"https:\/\/mybonnechance.de\/wp-content\/uploads\/2023\/01\/20220729_125918-1-945x1024.jpg 945w, https:\/\/mybonnechance.de\/wp-content\/uploads\/2023\/01\/20220729_125918-1-277x300.jpg 277w, https:\/\/mybonnechance.de\/wp-content\/uploads\/2023\/01\/20220729_125918-1-768x832.jpg 768w, https:\/\/mybonnechance.de\/wp-content\/uploads\/2023\/01\/20220729_125918-1-1418x1536.jpg 1418w, https:\/\/mybonnechance.de\/wp-content\/uploads\/2023\/01\/20220729_125918-1.jpg 1890w\" sizes=\"auto, (max-width: 767px) 89vw, (max-width: 1000px) 54vw, (max-width: 1071px) 543px, 580px\" \/><\/figure>\n\n\n\n<p>Nachmittags wird das Museums- und Restaurantschiff &#8222;Deutsche Bucht&#8220; wieder reingeschleppt. Das war wohl zur \u00dcberholung in der Werft.<\/p>\n\n\n\n<figure class=\"wp-block-gallery has-nested-images columns-default is-cropped wp-block-gallery-2 is-layout-flex wp-block-gallery-is-layout-flex\">\n<figure class=\"wp-block-image size-large is-style-rounded\"><img loading=\"lazy\" decoding=\"async\" width=\"498\" height=\"1024\" data-id=\"5941\" src=\"https:\/\/mybonnechance.de\/wp-content\/uploads\/2022\/07\/20220729_120603-498x1024.jpg\" alt=\"\" class=\"wp-image-5941\" srcset=\"https:\/\/mybonnechance.de\/wp-content\/uploads\/2022\/07\/20220729_120603-498x1024.jpg 498w, https:\/\/mybonnechance.de\/wp-content\/uploads\/2022\/07\/20220729_120603-146x300.jpg 146w, https:\/\/mybonnechance.de\/wp-content\/uploads\/2022\/07\/20220729_120603-768x1580.jpg 768w, https:\/\/mybonnechance.de\/wp-content\/uploads\/2022\/07\/20220729_120603-747x1536.jpg 747w, https:\/\/mybonnechance.de\/wp-content\/uploads\/2022\/07\/20220729_120603-996x2048.jpg 996w, https:\/\/mybonnechance.de\/wp-content\/uploads\/2022\/07\/20220729_120603-scaled.jpg 1244w\" sizes=\"auto, (max-width: 498px) 100vw, 498px\" \/><\/figure>\n\n\n\n<figure class=\"wp-block-image size-large is-style-rounded\"><img loading=\"lazy\" decoding=\"async\" width=\"498\" height=\"1024\" data-id=\"5940\" src=\"https:\/\/mybonnechance.de\/wp-content\/uploads\/2022\/07\/20220729_122123-498x1024.jpg\" alt=\"\" class=\"wp-image-5940\" srcset=\"https:\/\/mybonnechance.de\/wp-content\/uploads\/2022\/07\/20220729_122123-498x1024.jpg 498w, https:\/\/mybonnechance.de\/wp-content\/uploads\/2022\/07\/20220729_122123-146x300.jpg 146w, https:\/\/mybonnechance.de\/wp-content\/uploads\/2022\/07\/20220729_122123-768x1580.jpg 768w, https:\/\/mybonnechance.de\/wp-content\/uploads\/2022\/07\/20220729_122123-747x1536.jpg 747w, https:\/\/mybonnechance.de\/wp-content\/uploads\/2022\/07\/20220729_122123-996x2048.jpg 996w, https:\/\/mybonnechance.de\/wp-content\/uploads\/2022\/07\/20220729_122123-scaled.jpg 1244w\" sizes=\"auto, (max-width: 498px) 100vw, 498px\" \/><figcaption class=\"wp-element-caption\"><strong>Kleiner Seitenschubs<\/strong><\/figcaption><\/figure>\n\n\n\n<figure class=\"wp-block-image size-large is-style-rounded\"><img loading=\"lazy\" decoding=\"async\" width=\"498\" height=\"1024\" data-id=\"5942\" src=\"https:\/\/mybonnechance.de\/wp-content\/uploads\/2022\/07\/20220729_203838-498x1024.jpg\" alt=\"\" class=\"wp-image-5942\" srcset=\"https:\/\/mybonnechance.de\/wp-content\/uploads\/2022\/07\/20220729_203838-498x1024.jpg 498w, https:\/\/mybonnechance.de\/wp-content\/uploads\/2022\/07\/20220729_203838-146x300.jpg 146w, https:\/\/mybonnechance.de\/wp-content\/uploads\/2022\/07\/20220729_203838-768x1580.jpg 768w, https:\/\/mybonnechance.de\/wp-content\/uploads\/2022\/07\/20220729_203838-747x1536.jpg 747w, https:\/\/mybonnechance.de\/wp-content\/uploads\/2022\/07\/20220729_203838-996x2048.jpg 996w, https:\/\/mybonnechance.de\/wp-content\/uploads\/2022\/07\/20220729_203838-scaled.jpg 1244w\" sizes=\"auto, (max-width: 498px) 100vw, 498px\" \/><\/figure>\n<\/figure>\n\n\n\n<div class=\"wp-block-columns is-layout-flex wp-container-core-columns-is-layout-9d6595d7 wp-block-columns-is-layout-flex\">\n<div class=\"wp-block-column is-layout-flow wp-block-column-is-layout-flow\">\n<figure class=\"wp-block-gallery has-nested-images columns-default is-cropped wp-block-gallery-3 is-layout-flex wp-block-gallery-is-layout-flex\">\n<figure class=\"wp-block-image size-large\"><img loading=\"lazy\" decoding=\"async\" width=\"498\" height=\"1024\" data-id=\"5944\" src=\"https:\/\/mybonnechance.de\/wp-content\/uploads\/2022\/07\/20220728_125025-498x1024.jpg\" alt=\"\" class=\"wp-image-5944\" srcset=\"https:\/\/mybonnechance.de\/wp-content\/uploads\/2022\/07\/20220728_125025-498x1024.jpg 498w, https:\/\/mybonnechance.de\/wp-content\/uploads\/2022\/07\/20220728_125025-146x300.jpg 146w, https:\/\/mybonnechance.de\/wp-content\/uploads\/2022\/07\/20220728_125025-768x1580.jpg 768w, https:\/\/mybonnechance.de\/wp-content\/uploads\/2022\/07\/20220728_125025-747x1536.jpg 747w, https:\/\/mybonnechance.de\/wp-content\/uploads\/2022\/07\/20220728_125025-996x2048.jpg 996w, https:\/\/mybonnechance.de\/wp-content\/uploads\/2022\/07\/20220728_125025-scaled.jpg 1244w\" sizes=\"auto, (max-width: 498px) 100vw, 498px\" \/><\/figure>\n\n\n\n<figure class=\"wp-block-image size-large\"><img loading=\"lazy\" decoding=\"async\" width=\"498\" height=\"1024\" data-id=\"5945\" src=\"https:\/\/mybonnechance.de\/wp-content\/uploads\/2022\/07\/20220728_185305-498x1024.jpg\" alt=\"\" class=\"wp-image-5945\" srcset=\"https:\/\/mybonnechance.de\/wp-content\/uploads\/2022\/07\/20220728_185305-498x1024.jpg 498w, https:\/\/mybonnechance.de\/wp-content\/uploads\/2022\/07\/20220728_185305-146x300.jpg 146w, https:\/\/mybonnechance.de\/wp-content\/uploads\/2022\/07\/20220728_185305-768x1580.jpg 768w, https:\/\/mybonnechance.de\/wp-content\/uploads\/2022\/07\/20220728_185305-747x1536.jpg 747w, https:\/\/mybonnechance.de\/wp-content\/uploads\/2022\/07\/20220728_185305-996x2048.jpg 996w, https:\/\/mybonnechance.de\/wp-content\/uploads\/2022\/07\/20220728_185305-scaled.jpg 1244w\" sizes=\"auto, (max-width: 498px) 100vw, 498px\" \/><figcaption class=\"wp-element-caption\"><strong>Rathaus<\/strong><\/figcaption><\/figure>\n<\/figure>\n<\/div>\n\n\n\n<div class=\"wp-block-column is-layout-flow wp-block-column-is-layout-flow\">\n<figure class=\"wp-block-gallery has-nested-images columns-default is-cropped wp-block-gallery-4 is-layout-flex wp-block-gallery-is-layout-flex\">\n<figure class=\"wp-block-image size-large\"><img loading=\"lazy\" decoding=\"async\" width=\"498\" height=\"1024\" data-id=\"5946\" src=\"https:\/\/mybonnechance.de\/wp-content\/uploads\/2022\/07\/20220728_125631-498x1024.jpg\" alt=\"\" class=\"wp-image-5946\" srcset=\"https:\/\/mybonnechance.de\/wp-content\/uploads\/2022\/07\/20220728_125631-498x1024.jpg 498w, https:\/\/mybonnechance.de\/wp-content\/uploads\/2022\/07\/20220728_125631-146x300.jpg 146w, https:\/\/mybonnechance.de\/wp-content\/uploads\/2022\/07\/20220728_125631-768x1580.jpg 768w, https:\/\/mybonnechance.de\/wp-content\/uploads\/2022\/07\/20220728_125631-747x1536.jpg 747w, https:\/\/mybonnechance.de\/wp-content\/uploads\/2022\/07\/20220728_125631-996x2048.jpg 996w, https:\/\/mybonnechance.de\/wp-content\/uploads\/2022\/07\/20220728_125631-scaled.jpg 1244w\" sizes=\"auto, (max-width: 498px) 100vw, 498px\" \/><\/figure>\n\n\n\n<figure class=\"wp-block-image size-large\"><img loading=\"lazy\" decoding=\"async\" width=\"595\" height=\"1024\" data-id=\"5947\" src=\"https:\/\/mybonnechance.de\/wp-content\/uploads\/2022\/07\/20220728_150550-595x1024.jpg\" alt=\"\" class=\"wp-image-5947\" srcset=\"https:\/\/mybonnechance.de\/wp-content\/uploads\/2022\/07\/20220728_150550-595x1024.jpg 595w, https:\/\/mybonnechance.de\/wp-content\/uploads\/2022\/07\/20220728_150550-174x300.jpg 174w, https:\/\/mybonnechance.de\/wp-content\/uploads\/2022\/07\/20220728_150550-768x1321.jpg 768w, https:\/\/mybonnechance.de\/wp-content\/uploads\/2022\/07\/20220728_150550-893x1536.jpg 893w, https:\/\/mybonnechance.de\/wp-content\/uploads\/2022\/07\/20220728_150550-1190x2048.jpg 1190w, https:\/\/mybonnechance.de\/wp-content\/uploads\/2022\/07\/20220728_150550-scaled.jpg 1488w\" sizes=\"auto, (max-width: 595px) 100vw, 595px\" \/><\/figure>\n<\/figure>\n<\/div>\n<\/div>\n\n\n\n<p>Am Samstag kommt mal endlich die Sonne wieder raus. Das mu\u00df man ausnutzen: drinnen wie drau\u00dfen<\/p>\n\n\n\n<figure class=\"wp-block-gallery has-nested-images columns-default is-cropped wp-block-gallery-5 is-layout-flex wp-block-gallery-is-layout-flex\">\n<figure class=\"wp-block-image size-large\"><img loading=\"lazy\" decoding=\"async\" width=\"498\" height=\"1024\" data-id=\"5949\" src=\"https:\/\/mybonnechance.de\/wp-content\/uploads\/2022\/07\/20220730_152659-498x1024.jpg\" alt=\"\" class=\"wp-image-5949\" srcset=\"https:\/\/mybonnechance.de\/wp-content\/uploads\/2022\/07\/20220730_152659-498x1024.jpg 498w, https:\/\/mybonnechance.de\/wp-content\/uploads\/2022\/07\/20220730_152659-146x300.jpg 146w, https:\/\/mybonnechance.de\/wp-content\/uploads\/2022\/07\/20220730_152659-768x1580.jpg 768w, https:\/\/mybonnechance.de\/wp-content\/uploads\/2022\/07\/20220730_152659-747x1536.jpg 747w, https:\/\/mybonnechance.de\/wp-content\/uploads\/2022\/07\/20220730_152659-996x2048.jpg 996w, https:\/\/mybonnechance.de\/wp-content\/uploads\/2022\/07\/20220730_152659-scaled.jpg 1244w\" sizes=\"auto, (max-width: 498px) 100vw, 498px\" \/><\/figure>\n\n\n\n<figure class=\"wp-block-image size-large\"><img loading=\"lazy\" decoding=\"async\" width=\"498\" height=\"1024\" data-id=\"5950\" src=\"https:\/\/mybonnechance.de\/wp-content\/uploads\/2022\/07\/20220730_164711-498x1024.jpg\" alt=\"\" class=\"wp-image-5950\" srcset=\"https:\/\/mybonnechance.de\/wp-content\/uploads\/2022\/07\/20220730_164711-498x1024.jpg 498w, https:\/\/mybonnechance.de\/wp-content\/uploads\/2022\/07\/20220730_164711-146x300.jpg 146w, https:\/\/mybonnechance.de\/wp-content\/uploads\/2022\/07\/20220730_164711-768x1580.jpg 768w, https:\/\/mybonnechance.de\/wp-content\/uploads\/2022\/07\/20220730_164711-747x1536.jpg 747w, https:\/\/mybonnechance.de\/wp-content\/uploads\/2022\/07\/20220730_164711-996x2048.jpg 996w, https:\/\/mybonnechance.de\/wp-content\/uploads\/2022\/07\/20220730_164711-scaled.jpg 1244w\" sizes=\"auto, (max-width: 498px) 100vw, 498px\" \/><\/figure>\n<\/figure>\n\n\n\n<figure class=\"wp-block-image size-large\"><img loading=\"lazy\" decoding=\"async\" width=\"1024\" height=\"498\" src=\"https:\/\/mybonnechance.de\/wp-content\/uploads\/2022\/07\/20220730_183007-1-1024x498.jpg\" alt=\"\" class=\"wp-image-5951\" srcset=\"https:\/\/mybonnechance.de\/wp-content\/uploads\/2022\/07\/20220730_183007-1-1024x498.jpg 1024w, https:\/\/mybonnechance.de\/wp-content\/uploads\/2022\/07\/20220730_183007-1-300x146.jpg 300w, https:\/\/mybonnechance.de\/wp-content\/uploads\/2022\/07\/20220730_183007-1-768x373.jpg 768w, https:\/\/mybonnechance.de\/wp-content\/uploads\/2022\/07\/20220730_183007-1-1536x747.jpg 1536w, https:\/\/mybonnechance.de\/wp-content\/uploads\/2022\/07\/20220730_183007-1-2048x996.jpg 2048w\" sizes=\"auto, (max-width: 767px) 89vw, (max-width: 1000px) 54vw, (max-width: 1071px) 543px, 580px\" \/><figcaption class=\"wp-element-caption\"><strong>Lecker B\u00fcsumer Schollenfilet im Restaurant vom Feuerschiff<\/strong><\/figcaption><\/figure>\n\n\n","protected":false},"excerpt":{"rendered":"<p>Tag 33, Donnerstag 28.Juli Delfzijl &#8211; Emden, Stadthafen32,7 km &#8211; 2 Schleusen &#8211; 2 bewegliche Br\u00fccken &#8211; 4 Std. FahrzeitEs ist zum Gl\u00fcck eine v\u00f6llig entspannte \u00dcberfahrt nach Emden. Kaum Wind und keine Wellen. Die Schleusenw\u00e4rter der Seeschleusen h\u00fcben wie dr\u00fcben sind total nett und die Schleusen sind harmlos. Auch hier in Emden ist der &hellip; <\/p>\n<p class=\"link-more\"><a href=\"https:\/\/mybonnechance.de\/?page_id=6172\" class=\"more-link\"><span class=\"screen-reader-text\">\u201e2022-20 Emden\u201c<\/span> weiterlesen<\/a><\/p>\n","protected":false},"author":1,"featured_media":0,"parent":0,"menu_order":0,"comment_status":"closed","ping_status":"closed","template":"","meta":{"ngg_post_thumbnail":0,"footnotes":""},"class_list":["post-6172","page","type-page","status-publish","hentry"],"_links":{"self":[{"href":"https:\/\/mybonnechance.de\/index.php?rest_route=\/wp\/v2\/pages\/6172","targetHints":{"allow":["GET"]}}],"collection":[{"href":"https:\/\/mybonnechance.de\/index.php?rest_route=\/wp\/v2\/pages"}],"about":[{"href":"https:\/\/mybonnechance.de\/index.php?rest_route=\/wp\/v2\/types\/page"}],"author":[{"embeddable":true,"href":"https:\/\/mybonnechance.de\/index.php?rest_route=\/wp\/v2\/users\/1"}],"replies":[{"embeddable":true,"href":"https:\/\/mybonnechance.de\/index.php?rest_route=%2Fwp%2Fv2%2Fcomments&post=6172"}],"version-history":[{"count":4,"href":"https:\/\/mybonnechance.de\/index.php?rest_route=\/wp\/v2\/pages\/6172\/revisions"}],"predecessor-version":[{"id":6866,"href":"https:\/\/mybonnechance.de\/index.php?rest_route=\/wp\/v2\/pages\/6172\/revisions\/6866"}],"wp:attachment":[{"href":"https:\/\/mybonnechance.de\/index.php?rest_route=%2Fwp%2Fv2%2Fmedia&parent=6172"}],"curies":[{"name":"wp","href":"https:\/\/api.w.org\/{rel}","templated":true}]}}