{"id":6272,"date":"2022-08-19T11:59:57","date_gmt":"2022-08-19T11:59:57","guid":{"rendered":"https:\/\/mybonnechance.de\/?page_id=6272"},"modified":"2023-01-07T19:36:27","modified_gmt":"2023-01-07T19:36:27","slug":"2022-29-marrekrit-saiterpetten","status":"publish","type":"page","link":"https:\/\/mybonnechance.de\/?page_id=6272","title":{"rendered":"2022-29 Marrekrit Saiterpetten"},"content":{"rendered":"\n<p><strong>Tag 51, Montag<\/strong> <strong>15. August<\/strong>   <strong>  Earnewald<\/strong> <strong>&#8211; Marrekrit Saiterpetten<\/strong><br>3 km \u2013 0,60 Std. Fahrzeit<br>Obwohl heute ein gro\u00dfer Markt in Earnewald ist beschlie\u00dfen wir zu fahren. Uns zieht es wieder auf&#8217;s und ins Wasser. Also wieder zur\u00fcck ins <strong>Seengebiet de Alde Feanen<\/strong>. <\/p>\n\n\n\n<div class=\"wp-block-columns is-layout-flex wp-container-core-columns-is-layout-9d6595d7 wp-block-columns-is-layout-flex\">\n<div class=\"wp-block-column is-layout-flow wp-block-column-is-layout-flow\">\n<figure class=\"wp-block-image size-large is-style-default\"><img loading=\"lazy\" decoding=\"async\" width=\"547\" height=\"1024\" src=\"https:\/\/mybonnechance.de\/wp-content\/uploads\/2022\/08\/20220815_202336-1-547x1024.jpg\" alt=\"\" class=\"wp-image-6295\" srcset=\"https:\/\/mybonnechance.de\/wp-content\/uploads\/2022\/08\/20220815_202336-1-547x1024.jpg 547w, https:\/\/mybonnechance.de\/wp-content\/uploads\/2022\/08\/20220815_202336-1-160x300.jpg 160w, https:\/\/mybonnechance.de\/wp-content\/uploads\/2022\/08\/20220815_202336-1-768x1437.jpg 768w, https:\/\/mybonnechance.de\/wp-content\/uploads\/2022\/08\/20220815_202336-1-821x1536.jpg 821w, https:\/\/mybonnechance.de\/wp-content\/uploads\/2022\/08\/20220815_202336-1-1094x2048.jpg 1094w, https:\/\/mybonnechance.de\/wp-content\/uploads\/2022\/08\/20220815_202336-1-scaled.jpg 1368w\" sizes=\"auto, (max-width: 547px) 100vw, 547px\" \/><figcaption class=\"wp-element-caption\"><strong>Der Weg zur\u00fcck zu dem Seengebiet de Alde Feanen geht durch kleine Kan\u00e4le und ist wunderh\u00fcbsch<\/strong><\/figcaption><\/figure>\n<\/div>\n\n\n\n<div class=\"wp-block-column is-layout-flow wp-block-column-is-layout-flow\">\n<figure class=\"wp-block-image size-large is-style-default\"><img loading=\"lazy\" decoding=\"async\" width=\"498\" height=\"1024\" src=\"https:\/\/mybonnechance.de\/wp-content\/uploads\/2022\/08\/20220815_094134-2-498x1024.jpg\" alt=\"\" class=\"wp-image-6296\" srcset=\"https:\/\/mybonnechance.de\/wp-content\/uploads\/2022\/08\/20220815_094134-2-498x1024.jpg 498w, https:\/\/mybonnechance.de\/wp-content\/uploads\/2022\/08\/20220815_094134-2-146x300.jpg 146w, https:\/\/mybonnechance.de\/wp-content\/uploads\/2022\/08\/20220815_094134-2-768x1580.jpg 768w, https:\/\/mybonnechance.de\/wp-content\/uploads\/2022\/08\/20220815_094134-2-747x1536.jpg 747w, https:\/\/mybonnechance.de\/wp-content\/uploads\/2022\/08\/20220815_094134-2-996x2048.jpg 996w, https:\/\/mybonnechance.de\/wp-content\/uploads\/2022\/08\/20220815_094134-2-scaled.jpg 1244w\" sizes=\"auto, (max-width: 498px) 100vw, 498px\" \/><figcaption class=\"wp-element-caption\"><strong>Eine kleine M\u00fchle<\/strong><\/figcaption><\/figure>\n<\/div>\n<\/div>\n\n\n\n<p>Diesmal bekommen wir auch einen Liegeplatz im See und es ist toll hier. Es sind mehrere Stege im See mit meist 2-3 Liegepl\u00e4tze und wir haben auch einen mit Landzugang erwischt. Vielleicht kann man ja mal einen Spaziergang auf der Insel machen. Sp\u00e4ter stellen wir fest, da\u00df das Gras doch relativ hochgewachsen ist und wir keine Lust auf noch mehr M\u00fccken oder gar Zecken haben, deshalb kein Spaziergang sondern vorne mit Buch chillen.<\/p>\n\n\n\n<div class=\"wp-block-columns is-layout-flex wp-container-core-columns-is-layout-9d6595d7 wp-block-columns-is-layout-flex\">\n<div class=\"wp-block-column is-layout-flow wp-block-column-is-layout-flow\">\n<figure class=\"wp-block-image size-large is-style-default\"><img loading=\"lazy\" decoding=\"async\" width=\"498\" height=\"1024\" src=\"https:\/\/mybonnechance.de\/wp-content\/uploads\/2022\/08\/20220816_141055-498x1024.jpg\" alt=\"\" class=\"wp-image-6297\" srcset=\"https:\/\/mybonnechance.de\/wp-content\/uploads\/2022\/08\/20220816_141055-498x1024.jpg 498w, https:\/\/mybonnechance.de\/wp-content\/uploads\/2022\/08\/20220816_141055-146x300.jpg 146w, https:\/\/mybonnechance.de\/wp-content\/uploads\/2022\/08\/20220816_141055-768x1580.jpg 768w, https:\/\/mybonnechance.de\/wp-content\/uploads\/2022\/08\/20220816_141055-747x1536.jpg 747w, https:\/\/mybonnechance.de\/wp-content\/uploads\/2022\/08\/20220816_141055-996x2048.jpg 996w, https:\/\/mybonnechance.de\/wp-content\/uploads\/2022\/08\/20220816_141055-scaled.jpg 1244w\" sizes=\"auto, (max-width: 498px) 100vw, 498px\" \/><\/figure>\n<\/div>\n\n\n\n<div class=\"wp-block-column is-layout-flow wp-block-column-is-layout-flow\">\n<figure class=\"wp-block-image size-large is-style-default\"><img loading=\"lazy\" decoding=\"async\" width=\"498\" height=\"1024\" src=\"https:\/\/mybonnechance.de\/wp-content\/uploads\/2022\/08\/20220815_174212-498x1024.jpg\" alt=\"\" class=\"wp-image-6299\" srcset=\"https:\/\/mybonnechance.de\/wp-content\/uploads\/2022\/08\/20220815_174212-498x1024.jpg 498w, https:\/\/mybonnechance.de\/wp-content\/uploads\/2022\/08\/20220815_174212-146x300.jpg 146w, https:\/\/mybonnechance.de\/wp-content\/uploads\/2022\/08\/20220815_174212-768x1580.jpg 768w, https:\/\/mybonnechance.de\/wp-content\/uploads\/2022\/08\/20220815_174212-747x1536.jpg 747w, https:\/\/mybonnechance.de\/wp-content\/uploads\/2022\/08\/20220815_174212-996x2048.jpg 996w, https:\/\/mybonnechance.de\/wp-content\/uploads\/2022\/08\/20220815_174212-scaled.jpg 1244w\" sizes=\"auto, (max-width: 498px) 100vw, 498px\" \/><\/figure>\n<\/div>\n\n\n\n<div class=\"wp-block-column is-layout-flow wp-block-column-is-layout-flow\">\n<figure class=\"wp-block-image size-large is-style-default\"><img loading=\"lazy\" decoding=\"async\" width=\"498\" height=\"1024\" src=\"https:\/\/mybonnechance.de\/wp-content\/uploads\/2022\/08\/20220815_202607-498x1024.jpg\" alt=\"\" class=\"wp-image-6298\" srcset=\"https:\/\/mybonnechance.de\/wp-content\/uploads\/2022\/08\/20220815_202607-498x1024.jpg 498w, https:\/\/mybonnechance.de\/wp-content\/uploads\/2022\/08\/20220815_202607-146x300.jpg 146w, https:\/\/mybonnechance.de\/wp-content\/uploads\/2022\/08\/20220815_202607-768x1580.jpg 768w, https:\/\/mybonnechance.de\/wp-content\/uploads\/2022\/08\/20220815_202607-747x1536.jpg 747w, https:\/\/mybonnechance.de\/wp-content\/uploads\/2022\/08\/20220815_202607-996x2048.jpg 996w, https:\/\/mybonnechance.de\/wp-content\/uploads\/2022\/08\/20220815_202607-scaled.jpg 1244w\" sizes=\"auto, (max-width: 498px) 100vw, 498px\" \/><\/figure>\n<\/div>\n<\/div>\n\n\n\n<p><strong>Tag 52, Dienstag<\/strong>  <strong>16. August<\/strong><br>Heute Morgen ist es etwas tr\u00fcber als gestern und so nutzen wir die Zeit um mal wieder das Innere des Bootes sauber zu machen. Sp\u00e4ter kommt auch die Sonne wieder raus und Stephan nutzt die Gelegenheit, auch mal das Schiff von au\u00dfen zu s\u00e4ubern, w\u00e4hrend ich ne Runde schwimmen gehen.<br><\/p>\n\n\n\n<div class=\"wp-block-columns is-layout-flex wp-container-core-columns-is-layout-9d6595d7 wp-block-columns-is-layout-flex\">\n<div class=\"wp-block-column is-layout-flow wp-block-column-is-layout-flow\">\n<figure class=\"wp-block-image size-large is-style-default\"><img loading=\"lazy\" decoding=\"async\" width=\"498\" height=\"1024\" src=\"https:\/\/mybonnechance.de\/wp-content\/uploads\/2022\/08\/20220816_140108-498x1024.jpg\" alt=\"\" class=\"wp-image-6300\" srcset=\"https:\/\/mybonnechance.de\/wp-content\/uploads\/2022\/08\/20220816_140108-498x1024.jpg 498w, https:\/\/mybonnechance.de\/wp-content\/uploads\/2022\/08\/20220816_140108-146x300.jpg 146w, https:\/\/mybonnechance.de\/wp-content\/uploads\/2022\/08\/20220816_140108-768x1580.jpg 768w, https:\/\/mybonnechance.de\/wp-content\/uploads\/2022\/08\/20220816_140108-747x1536.jpg 747w, https:\/\/mybonnechance.de\/wp-content\/uploads\/2022\/08\/20220816_140108-996x2048.jpg 996w, https:\/\/mybonnechance.de\/wp-content\/uploads\/2022\/08\/20220816_140108-scaled.jpg 1244w\" sizes=\"auto, (max-width: 498px) 100vw, 498px\" \/><\/figure>\n<\/div>\n\n\n\n<div class=\"wp-block-column is-layout-flow wp-block-column-is-layout-flow\">\n<figure class=\"wp-block-image size-large is-style-default\"><img loading=\"lazy\" decoding=\"async\" width=\"498\" height=\"1024\" src=\"https:\/\/mybonnechance.de\/wp-content\/uploads\/2022\/08\/20220816_141025-498x1024.jpg\" alt=\"\" class=\"wp-image-6302\" srcset=\"https:\/\/mybonnechance.de\/wp-content\/uploads\/2022\/08\/20220816_141025-498x1024.jpg 498w, https:\/\/mybonnechance.de\/wp-content\/uploads\/2022\/08\/20220816_141025-146x300.jpg 146w, https:\/\/mybonnechance.de\/wp-content\/uploads\/2022\/08\/20220816_141025-768x1580.jpg 768w, https:\/\/mybonnechance.de\/wp-content\/uploads\/2022\/08\/20220816_141025-747x1536.jpg 747w, https:\/\/mybonnechance.de\/wp-content\/uploads\/2022\/08\/20220816_141025-996x2048.jpg 996w, https:\/\/mybonnechance.de\/wp-content\/uploads\/2022\/08\/20220816_141025-scaled.jpg 1244w\" sizes=\"auto, (max-width: 498px) 100vw, 498px\" \/><\/figure>\n<\/div>\n\n\n\n<div class=\"wp-block-column is-layout-flow wp-block-column-is-layout-flow\">\n<figure class=\"wp-block-image size-large is-style-default\"><img loading=\"lazy\" decoding=\"async\" width=\"498\" height=\"1024\" src=\"https:\/\/mybonnechance.de\/wp-content\/uploads\/2022\/08\/20220816_121621-498x1024.jpg\" alt=\"\" class=\"wp-image-6301\" srcset=\"https:\/\/mybonnechance.de\/wp-content\/uploads\/2022\/08\/20220816_121621-498x1024.jpg 498w, https:\/\/mybonnechance.de\/wp-content\/uploads\/2022\/08\/20220816_121621-146x300.jpg 146w, https:\/\/mybonnechance.de\/wp-content\/uploads\/2022\/08\/20220816_121621-768x1580.jpg 768w, https:\/\/mybonnechance.de\/wp-content\/uploads\/2022\/08\/20220816_121621-747x1536.jpg 747w, https:\/\/mybonnechance.de\/wp-content\/uploads\/2022\/08\/20220816_121621-996x2048.jpg 996w, https:\/\/mybonnechance.de\/wp-content\/uploads\/2022\/08\/20220816_121621-scaled.jpg 1244w\" sizes=\"auto, (max-width: 498px) 100vw, 498px\" \/><\/figure>\n<\/div>\n<\/div>\n\n\n","protected":false},"excerpt":{"rendered":"<p>Tag 51, Montag 15. August Earnewald &#8211; Marrekrit Saiterpetten3 km \u2013 0,60 Std. FahrzeitObwohl heute ein gro\u00dfer Markt in Earnewald ist beschlie\u00dfen wir zu fahren. Uns zieht es wieder auf&#8217;s und ins Wasser. Also wieder zur\u00fcck ins Seengebiet de Alde Feanen. Diesmal bekommen wir auch einen Liegeplatz im See und es ist toll hier. Es &hellip; <\/p>\n<p class=\"link-more\"><a href=\"https:\/\/mybonnechance.de\/?page_id=6272\" class=\"more-link\"><span class=\"screen-reader-text\">\u201e2022-29 Marrekrit Saiterpetten\u201c<\/span> weiterlesen<\/a><\/p>\n","protected":false},"author":2,"featured_media":0,"parent":0,"menu_order":0,"comment_status":"closed","ping_status":"closed","template":"","meta":{"ngg_post_thumbnail":0,"footnotes":""},"class_list":["post-6272","page","type-page","status-publish","hentry"],"_links":{"self":[{"href":"https:\/\/mybonnechance.de\/index.php?rest_route=\/wp\/v2\/pages\/6272","targetHints":{"allow":["GET"]}}],"collection":[{"href":"https:\/\/mybonnechance.de\/index.php?rest_route=\/wp\/v2\/pages"}],"about":[{"href":"https:\/\/mybonnechance.de\/index.php?rest_route=\/wp\/v2\/types\/page"}],"author":[{"embeddable":true,"href":"https:\/\/mybonnechance.de\/index.php?rest_route=\/wp\/v2\/users\/2"}],"replies":[{"embeddable":true,"href":"https:\/\/mybonnechance.de\/index.php?rest_route=%2Fwp%2Fv2%2Fcomments&post=6272"}],"version-history":[{"count":5,"href":"https:\/\/mybonnechance.de\/index.php?rest_route=\/wp\/v2\/pages\/6272\/revisions"}],"predecessor-version":[{"id":6980,"href":"https:\/\/mybonnechance.de\/index.php?rest_route=\/wp\/v2\/pages\/6272\/revisions\/6980"}],"wp:attachment":[{"href":"https:\/\/mybonnechance.de\/index.php?rest_route=%2Fwp%2Fv2%2Fmedia&parent=6272"}],"curies":[{"name":"wp","href":"https:\/\/api.w.org\/{rel}","templated":true}]}}