{"id":6274,"date":"2022-08-19T12:00:42","date_gmt":"2022-08-19T12:00:42","guid":{"rendered":"https:\/\/mybonnechance.de\/?page_id=6274"},"modified":"2023-01-07T19:37:18","modified_gmt":"2023-01-07T19:37:18","slug":"2022-30-jirnsum","status":"publish","type":"page","link":"https:\/\/mybonnechance.de\/?page_id=6274","title":{"rendered":"2022-30 Jirnsum"},"content":{"rendered":"\n<p><strong>Tag 53, Mittwoch, 17.August    Marrekrit Saiterpetten &#8211; Jirnsum,  Jachthaven de Boarnstream<\/strong><br>13 km  &#8211;\u00a0 1,5 h Fahrzeit<br>Das Wetter ist diemal wie angek\u00fcndigt. Es prasselt aus allen Wolken und es ist auch noch etwas nebelig.<\/p>\n\n\n\n<div class=\"wp-block-columns is-layout-flex wp-container-core-columns-is-layout-9d6595d7 wp-block-columns-is-layout-flex\">\n<div class=\"wp-block-column is-layout-flow wp-block-column-is-layout-flow\">\n<figure class=\"wp-block-image size-large is-style-default\"><img loading=\"lazy\" decoding=\"async\" width=\"498\" height=\"1024\" src=\"https:\/\/mybonnechance.de\/wp-content\/uploads\/2022\/08\/20220817_102902-498x1024.jpg\" alt=\"\" class=\"wp-image-6313\" srcset=\"https:\/\/mybonnechance.de\/wp-content\/uploads\/2022\/08\/20220817_102902-498x1024.jpg 498w, https:\/\/mybonnechance.de\/wp-content\/uploads\/2022\/08\/20220817_102902-146x300.jpg 146w, https:\/\/mybonnechance.de\/wp-content\/uploads\/2022\/08\/20220817_102902-768x1580.jpg 768w, https:\/\/mybonnechance.de\/wp-content\/uploads\/2022\/08\/20220817_102902-747x1536.jpg 747w, https:\/\/mybonnechance.de\/wp-content\/uploads\/2022\/08\/20220817_102902-996x2048.jpg 996w, https:\/\/mybonnechance.de\/wp-content\/uploads\/2022\/08\/20220817_102902-scaled.jpg 1244w\" sizes=\"auto, (max-width: 498px) 100vw, 498px\" \/><\/figure>\n<\/div>\n\n\n\n<div class=\"wp-block-column is-layout-flow wp-block-column-is-layout-flow\">\n<figure class=\"wp-block-image size-large is-style-default\"><img loading=\"lazy\" decoding=\"async\" width=\"498\" height=\"1024\" src=\"https:\/\/mybonnechance.de\/wp-content\/uploads\/2022\/08\/20220817_103036-498x1024.jpg\" alt=\"\" class=\"wp-image-6312\" srcset=\"https:\/\/mybonnechance.de\/wp-content\/uploads\/2022\/08\/20220817_103036-498x1024.jpg 498w, https:\/\/mybonnechance.de\/wp-content\/uploads\/2022\/08\/20220817_103036-146x300.jpg 146w, https:\/\/mybonnechance.de\/wp-content\/uploads\/2022\/08\/20220817_103036-768x1580.jpg 768w, https:\/\/mybonnechance.de\/wp-content\/uploads\/2022\/08\/20220817_103036-747x1536.jpg 747w, https:\/\/mybonnechance.de\/wp-content\/uploads\/2022\/08\/20220817_103036-996x2048.jpg 996w, https:\/\/mybonnechance.de\/wp-content\/uploads\/2022\/08\/20220817_103036-scaled.jpg 1244w\" sizes=\"auto, (max-width: 498px) 100vw, 498px\" \/><\/figure>\n<\/div>\n<\/div>\n\n\n\n<p>Eigentlich wollen wir nach Grou, aber da wir da schon waren sind wir einer Empfehlung der Niederl\u00e4ndischen Passantenhaven von FB gefolgt und steuern den <strong>Hafen de Boarnstream<\/strong> an. Der Hafen ist weder modern noch sch\u00f6n, das einzig Sch\u00f6ne sind die Sanit\u00e4ranlagen, die wir gar nicht brauchen. Zudem finden wir die Hafengeb\u00fchr f\u00fcr diesen Ort etwas hoch (30.-). Den Ort Jirnsum gibt es nicht &#8211; es gibt eigentlich nur eine lange Stra\u00dfe auf der aber au\u00dfer einem Eetcafe nichts ist. Selbstverst\u00e4ndlich gibt es hier auch keine M\u00f6glichkeit etwas einzukaufen.<strong> Also demn\u00e4chst wieder Grou<\/strong>.<\/p>\n\n\n","protected":false},"excerpt":{"rendered":"<p>Tag 53, Mittwoch, 17.August Marrekrit Saiterpetten &#8211; Jirnsum, Jachthaven de Boarnstream13 km &#8211;\u00a0 1,5 h FahrzeitDas Wetter ist diemal wie angek\u00fcndigt. Es prasselt aus allen Wolken und es ist auch noch etwas nebelig. Eigentlich wollen wir nach Grou, aber da wir da schon waren sind wir einer Empfehlung der Niederl\u00e4ndischen Passantenhaven von FB gefolgt und &hellip; <\/p>\n<p class=\"link-more\"><a href=\"https:\/\/mybonnechance.de\/?page_id=6274\" class=\"more-link\"><span class=\"screen-reader-text\">\u201e2022-30 Jirnsum\u201c<\/span> weiterlesen<\/a><\/p>\n","protected":false},"author":2,"featured_media":0,"parent":0,"menu_order":0,"comment_status":"closed","ping_status":"closed","template":"","meta":{"ngg_post_thumbnail":0,"footnotes":""},"class_list":["post-6274","page","type-page","status-publish","hentry"],"_links":{"self":[{"href":"https:\/\/mybonnechance.de\/index.php?rest_route=\/wp\/v2\/pages\/6274","targetHints":{"allow":["GET"]}}],"collection":[{"href":"https:\/\/mybonnechance.de\/index.php?rest_route=\/wp\/v2\/pages"}],"about":[{"href":"https:\/\/mybonnechance.de\/index.php?rest_route=\/wp\/v2\/types\/page"}],"author":[{"embeddable":true,"href":"https:\/\/mybonnechance.de\/index.php?rest_route=\/wp\/v2\/users\/2"}],"replies":[{"embeddable":true,"href":"https:\/\/mybonnechance.de\/index.php?rest_route=%2Fwp%2Fv2%2Fcomments&post=6274"}],"version-history":[{"count":7,"href":"https:\/\/mybonnechance.de\/index.php?rest_route=\/wp\/v2\/pages\/6274\/revisions"}],"predecessor-version":[{"id":6981,"href":"https:\/\/mybonnechance.de\/index.php?rest_route=\/wp\/v2\/pages\/6274\/revisions\/6981"}],"wp:attachment":[{"href":"https:\/\/mybonnechance.de\/index.php?rest_route=%2Fwp%2Fv2%2Fmedia&parent=6274"}],"curies":[{"name":"wp","href":"https:\/\/api.w.org\/{rel}","templated":true}]}}