{"id":6420,"date":"2022-10-27T17:23:39","date_gmt":"2022-10-27T17:23:39","guid":{"rendered":"https:\/\/mybonnechance.de\/?page_id=6420"},"modified":"2023-01-07T19:38:39","modified_gmt":"2023-01-07T19:38:39","slug":"2022-32-akkrum","status":"publish","type":"page","link":"https:\/\/mybonnechance.de\/?page_id=6420","title":{"rendered":"2022-32 Akkrum"},"content":{"rendered":"\n<p><strong>Tag 57, Sonntag, 21.August       Terherner Diep<\/strong> <strong>&#8211; Akkrum<\/strong>, <strong>Drijfveer<br><\/strong>6,2 km \u2013&nbsp; 0,9 Fahrzeit<br>Heute ist es ziemlich windig und wir m\u00fcssen ganz sch\u00f6n k\u00e4mpfen um abzulegen. Bestes Mittel ist da immer noch Eindampfen in die Spring. Funktioniert auch diesmal  \ud83d\ude42 Leider bleibt uns der Wind bis zum<strong> Hafen <strong>Drijfveer<\/strong> in Akkrum <\/strong>hold. Wir fragen telefonisch nach freien Pl\u00e4tzen und es gibt ein ok. Dann sind wir zuerst rein in den Hafen \u2013 gro\u00dfer Fehler. Der Hafen ist viel zu eng, wir h\u00e4tten besser direkt an der L\u00e4ngsseit festmachen. Nun haben wir aber schon mal mit viel List und T\u00fccke im Inneren des Hafens angelegt, also rein ins B\u00fcro und bezahlt. War ja angeblich noch viel Platz drau\u00dfen. Von wegen, wir cruisen 2-3x hin und her bis sich letztendlich eine M\u00e4nnercrew erbarmt und ihr Fr\u00fchst\u00fcck unterbricht um uns Platz zu machen. Die wollten sowieso gleich ablegen. Gl\u00fcck gehabt.<br>Das <strong>Hafenbistro<\/strong> ist sehr h\u00fcbsch und es gibt Kaffee und Kuchen, sowie Kleinigkeiten, Pizzas und Flammkuchen zu essen.<\/p>\n\n\n\n<div class=\"wp-block-columns is-layout-flex wp-container-core-columns-is-layout-9d6595d7 wp-block-columns-is-layout-flex\">\n<div class=\"wp-block-column is-layout-flow wp-block-column-is-layout-flow\">\n<figure class=\"wp-block-image size-large is-style-default\"><img loading=\"lazy\" decoding=\"async\" width=\"498\" height=\"1024\" src=\"https:\/\/mybonnechance.de\/wp-content\/uploads\/2022\/12\/20220821_151615-1-498x1024.jpg\" alt=\"\" class=\"wp-image-6489\" srcset=\"https:\/\/mybonnechance.de\/wp-content\/uploads\/2022\/12\/20220821_151615-1-498x1024.jpg 498w, https:\/\/mybonnechance.de\/wp-content\/uploads\/2022\/12\/20220821_151615-1-146x300.jpg 146w, https:\/\/mybonnechance.de\/wp-content\/uploads\/2022\/12\/20220821_151615-1-768x1580.jpg 768w, https:\/\/mybonnechance.de\/wp-content\/uploads\/2022\/12\/20220821_151615-1-747x1536.jpg 747w, https:\/\/mybonnechance.de\/wp-content\/uploads\/2022\/12\/20220821_151615-1-996x2048.jpg 996w, https:\/\/mybonnechance.de\/wp-content\/uploads\/2022\/12\/20220821_151615-1-scaled.jpg 1244w\" sizes=\"auto, (max-width: 498px) 100vw, 498px\" \/><\/figure>\n<\/div>\n\n\n\n<div class=\"wp-block-column is-layout-flow wp-block-column-is-layout-flow\">\n<figure class=\"wp-block-image size-large is-style-default\"><img loading=\"lazy\" decoding=\"async\" width=\"557\" height=\"1024\" src=\"https:\/\/mybonnechance.de\/wp-content\/uploads\/2022\/12\/20220821_150414-1-557x1024.jpg\" alt=\"\" class=\"wp-image-6486\" srcset=\"https:\/\/mybonnechance.de\/wp-content\/uploads\/2022\/12\/20220821_150414-1-557x1024.jpg 557w, https:\/\/mybonnechance.de\/wp-content\/uploads\/2022\/12\/20220821_150414-1-163x300.jpg 163w, https:\/\/mybonnechance.de\/wp-content\/uploads\/2022\/12\/20220821_150414-1-768x1412.jpg 768w, https:\/\/mybonnechance.de\/wp-content\/uploads\/2022\/12\/20220821_150414-1-835x1536.jpg 835w, https:\/\/mybonnechance.de\/wp-content\/uploads\/2022\/12\/20220821_150414-1-1114x2048.jpg 1114w, https:\/\/mybonnechance.de\/wp-content\/uploads\/2022\/12\/20220821_150414-1-scaled.jpg 1392w\" sizes=\"auto, (max-width: 557px) 100vw, 557px\" \/><\/figure>\n<\/div>\n\n\n\n<div class=\"wp-block-column is-layout-flow wp-block-column-is-layout-flow\">\n<figure class=\"wp-block-image size-large is-style-default\"><img loading=\"lazy\" decoding=\"async\" width=\"498\" height=\"1024\" src=\"https:\/\/mybonnechance.de\/wp-content\/uploads\/2022\/12\/20220821_150325-1-498x1024.jpg\" alt=\"\" class=\"wp-image-6488\" srcset=\"https:\/\/mybonnechance.de\/wp-content\/uploads\/2022\/12\/20220821_150325-1-498x1024.jpg 498w, https:\/\/mybonnechance.de\/wp-content\/uploads\/2022\/12\/20220821_150325-1-146x300.jpg 146w, https:\/\/mybonnechance.de\/wp-content\/uploads\/2022\/12\/20220821_150325-1-768x1580.jpg 768w, https:\/\/mybonnechance.de\/wp-content\/uploads\/2022\/12\/20220821_150325-1-747x1536.jpg 747w, https:\/\/mybonnechance.de\/wp-content\/uploads\/2022\/12\/20220821_150325-1-996x2048.jpg 996w, https:\/\/mybonnechance.de\/wp-content\/uploads\/2022\/12\/20220821_150325-1-scaled.jpg 1244w\" sizes=\"auto, (max-width: 498px) 100vw, 498px\" \/><\/figure>\n<\/div>\n<\/div>\n\n\n\n<p><strong>Akkrum<\/strong> ist eine winzige Stadt und es ist dort, bis auf paar nette H\u00e4uschen, nicht wirklich was zu sehen. <strong>Hat aber zumindest gut sortierten Supermarkt.<\/strong><\/p>\n\n\n\n<div class=\"wp-block-columns is-layout-flex wp-container-core-columns-is-layout-9d6595d7 wp-block-columns-is-layout-flex\">\n<div class=\"wp-block-column is-layout-flow wp-block-column-is-layout-flow\">\n<figure class=\"wp-block-image size-large is-style-default\"><img loading=\"lazy\" decoding=\"async\" width=\"498\" height=\"1024\" src=\"https:\/\/mybonnechance.de\/wp-content\/uploads\/2022\/12\/Akkrum-1-1-498x1024.jpg\" alt=\"\" class=\"wp-image-6490\" srcset=\"https:\/\/mybonnechance.de\/wp-content\/uploads\/2022\/12\/Akkrum-1-1-498x1024.jpg 498w, https:\/\/mybonnechance.de\/wp-content\/uploads\/2022\/12\/Akkrum-1-1-146x300.jpg 146w, https:\/\/mybonnechance.de\/wp-content\/uploads\/2022\/12\/Akkrum-1-1-768x1580.jpg 768w, https:\/\/mybonnechance.de\/wp-content\/uploads\/2022\/12\/Akkrum-1-1-747x1536.jpg 747w, https:\/\/mybonnechance.de\/wp-content\/uploads\/2022\/12\/Akkrum-1-1-996x2048.jpg 996w, https:\/\/mybonnechance.de\/wp-content\/uploads\/2022\/12\/Akkrum-1-1-scaled.jpg 1244w\" sizes=\"auto, (max-width: 498px) 100vw, 498px\" \/><\/figure>\n<\/div>\n\n\n\n<div class=\"wp-block-column is-layout-flow wp-block-column-is-layout-flow\">\n<figure class=\"wp-block-image size-large is-style-default\"><img loading=\"lazy\" decoding=\"async\" width=\"498\" height=\"1024\" src=\"https:\/\/mybonnechance.de\/wp-content\/uploads\/2022\/12\/Akkrum-3-1-498x1024.jpg\" alt=\"\" class=\"wp-image-6491\" srcset=\"https:\/\/mybonnechance.de\/wp-content\/uploads\/2022\/12\/Akkrum-3-1-498x1024.jpg 498w, https:\/\/mybonnechance.de\/wp-content\/uploads\/2022\/12\/Akkrum-3-1-146x300.jpg 146w, https:\/\/mybonnechance.de\/wp-content\/uploads\/2022\/12\/Akkrum-3-1-768x1580.jpg 768w, https:\/\/mybonnechance.de\/wp-content\/uploads\/2022\/12\/Akkrum-3-1-747x1536.jpg 747w, https:\/\/mybonnechance.de\/wp-content\/uploads\/2022\/12\/Akkrum-3-1-996x2048.jpg 996w, https:\/\/mybonnechance.de\/wp-content\/uploads\/2022\/12\/Akkrum-3-1-scaled.jpg 1244w\" sizes=\"auto, (max-width: 498px) 100vw, 498px\" \/><\/figure>\n<\/div>\n<\/div>\n\n\n\n<div class=\"wp-block-columns is-layout-flex wp-container-core-columns-is-layout-9d6595d7 wp-block-columns-is-layout-flex\">\n<div class=\"wp-block-column is-layout-flow wp-block-column-is-layout-flow\" style=\"flex-basis:66.66%\">\n<figure class=\"wp-block-image size-large is-style-default\"><img loading=\"lazy\" decoding=\"async\" width=\"1024\" height=\"498\" src=\"https:\/\/mybonnechance.de\/wp-content\/uploads\/2022\/12\/Akkrum-7-1-1024x498.jpg\" alt=\"\" class=\"wp-image-6492\" srcset=\"https:\/\/mybonnechance.de\/wp-content\/uploads\/2022\/12\/Akkrum-7-1-1024x498.jpg 1024w, https:\/\/mybonnechance.de\/wp-content\/uploads\/2022\/12\/Akkrum-7-1-300x146.jpg 300w, https:\/\/mybonnechance.de\/wp-content\/uploads\/2022\/12\/Akkrum-7-1-768x373.jpg 768w, https:\/\/mybonnechance.de\/wp-content\/uploads\/2022\/12\/Akkrum-7-1-1536x747.jpg 1536w, https:\/\/mybonnechance.de\/wp-content\/uploads\/2022\/12\/Akkrum-7-1-2048x996.jpg 2048w\" sizes=\"auto, (max-width: 767px) 89vw, (max-width: 1000px) 54vw, (max-width: 1071px) 543px, 580px\" \/><\/figure>\n\n\n\n<div class=\"wp-block-columns is-layout-flex wp-container-core-columns-is-layout-9d6595d7 wp-block-columns-is-layout-flex\">\n<div class=\"wp-block-column is-layout-flow wp-block-column-is-layout-flow\">\n<figure class=\"wp-block-image size-large is-style-default\"><img loading=\"lazy\" decoding=\"async\" width=\"498\" height=\"1024\" src=\"https:\/\/mybonnechance.de\/wp-content\/uploads\/2022\/12\/Akkrum-10-1-498x1024.jpg\" alt=\"\" class=\"wp-image-6494\" srcset=\"https:\/\/mybonnechance.de\/wp-content\/uploads\/2022\/12\/Akkrum-10-1-498x1024.jpg 498w, https:\/\/mybonnechance.de\/wp-content\/uploads\/2022\/12\/Akkrum-10-1-146x300.jpg 146w, https:\/\/mybonnechance.de\/wp-content\/uploads\/2022\/12\/Akkrum-10-1-768x1580.jpg 768w, https:\/\/mybonnechance.de\/wp-content\/uploads\/2022\/12\/Akkrum-10-1-747x1536.jpg 747w, https:\/\/mybonnechance.de\/wp-content\/uploads\/2022\/12\/Akkrum-10-1-996x2048.jpg 996w, https:\/\/mybonnechance.de\/wp-content\/uploads\/2022\/12\/Akkrum-10-1-scaled.jpg 1244w\" sizes=\"auto, (max-width: 498px) 100vw, 498px\" \/><\/figure>\n<\/div>\n\n\n\n<div class=\"wp-block-column is-layout-flow wp-block-column-is-layout-flow\">\n<figure class=\"wp-block-image size-large is-style-default\"><img loading=\"lazy\" decoding=\"async\" width=\"498\" height=\"1024\" src=\"https:\/\/mybonnechance.de\/wp-content\/uploads\/2022\/12\/Akkrum-11-1-498x1024.jpg\" alt=\"\" class=\"wp-image-6495\" srcset=\"https:\/\/mybonnechance.de\/wp-content\/uploads\/2022\/12\/Akkrum-11-1-498x1024.jpg 498w, https:\/\/mybonnechance.de\/wp-content\/uploads\/2022\/12\/Akkrum-11-1-146x300.jpg 146w, https:\/\/mybonnechance.de\/wp-content\/uploads\/2022\/12\/Akkrum-11-1-768x1580.jpg 768w, https:\/\/mybonnechance.de\/wp-content\/uploads\/2022\/12\/Akkrum-11-1-747x1536.jpg 747w, https:\/\/mybonnechance.de\/wp-content\/uploads\/2022\/12\/Akkrum-11-1-996x2048.jpg 996w, https:\/\/mybonnechance.de\/wp-content\/uploads\/2022\/12\/Akkrum-11-1-scaled.jpg 1244w\" sizes=\"auto, (max-width: 498px) 100vw, 498px\" \/><\/figure>\n<\/div>\n<\/div>\n<\/div>\n\n\n\n<div class=\"wp-block-column is-layout-flow wp-block-column-is-layout-flow\" style=\"flex-basis:33.33%\">\n<figure class=\"wp-block-image size-large is-style-default\"><img loading=\"lazy\" decoding=\"async\" width=\"498\" height=\"1024\" src=\"https:\/\/mybonnechance.de\/wp-content\/uploads\/2022\/12\/Akkrum-8-498x1024.jpg\" alt=\"\" class=\"wp-image-6493\" srcset=\"https:\/\/mybonnechance.de\/wp-content\/uploads\/2022\/12\/Akkrum-8-498x1024.jpg 498w, https:\/\/mybonnechance.de\/wp-content\/uploads\/2022\/12\/Akkrum-8-146x300.jpg 146w, https:\/\/mybonnechance.de\/wp-content\/uploads\/2022\/12\/Akkrum-8-768x1580.jpg 768w, https:\/\/mybonnechance.de\/wp-content\/uploads\/2022\/12\/Akkrum-8-747x1536.jpg 747w, https:\/\/mybonnechance.de\/wp-content\/uploads\/2022\/12\/Akkrum-8-996x2048.jpg 996w, https:\/\/mybonnechance.de\/wp-content\/uploads\/2022\/12\/Akkrum-8-scaled.jpg 1244w\" sizes=\"auto, (max-width: 498px) 100vw, 498px\" \/><\/figure>\n<\/div>\n<\/div>\n\n\n","protected":false},"excerpt":{"rendered":"<p>Tag 57, Sonntag, 21.August Terherner Diep &#8211; Akkrum, Drijfveer6,2 km \u2013&nbsp; 0,9 FahrzeitHeute ist es ziemlich windig und wir m\u00fcssen ganz sch\u00f6n k\u00e4mpfen um abzulegen. Bestes Mittel ist da immer noch Eindampfen in die Spring. Funktioniert auch diesmal \ud83d\ude42 Leider bleibt uns der Wind bis zum Hafen Drijfveer in Akkrum hold. Wir fragen telefonisch nach &hellip; <\/p>\n<p class=\"link-more\"><a href=\"https:\/\/mybonnechance.de\/?page_id=6420\" class=\"more-link\"><span class=\"screen-reader-text\">\u201e2022-32 Akkrum\u201c<\/span> weiterlesen<\/a><\/p>\n","protected":false},"author":1,"featured_media":0,"parent":0,"menu_order":0,"comment_status":"closed","ping_status":"closed","template":"","meta":{"ngg_post_thumbnail":0,"footnotes":""},"class_list":["post-6420","page","type-page","status-publish","hentry"],"_links":{"self":[{"href":"https:\/\/mybonnechance.de\/index.php?rest_route=\/wp\/v2\/pages\/6420","targetHints":{"allow":["GET"]}}],"collection":[{"href":"https:\/\/mybonnechance.de\/index.php?rest_route=\/wp\/v2\/pages"}],"about":[{"href":"https:\/\/mybonnechance.de\/index.php?rest_route=\/wp\/v2\/types\/page"}],"author":[{"embeddable":true,"href":"https:\/\/mybonnechance.de\/index.php?rest_route=\/wp\/v2\/users\/1"}],"replies":[{"embeddable":true,"href":"https:\/\/mybonnechance.de\/index.php?rest_route=%2Fwp%2Fv2%2Fcomments&post=6420"}],"version-history":[{"count":11,"href":"https:\/\/mybonnechance.de\/index.php?rest_route=\/wp\/v2\/pages\/6420\/revisions"}],"predecessor-version":[{"id":6983,"href":"https:\/\/mybonnechance.de\/index.php?rest_route=\/wp\/v2\/pages\/6420\/revisions\/6983"}],"wp:attachment":[{"href":"https:\/\/mybonnechance.de\/index.php?rest_route=%2Fwp%2Fv2%2Fmedia&parent=6420"}],"curies":[{"name":"wp","href":"https:\/\/api.w.org\/{rel}","templated":true}]}}