{"id":7020,"date":"2023-06-22T14:18:24","date_gmt":"2023-06-22T14:18:24","guid":{"rendered":"https:\/\/mybonnechance.de\/?page_id=7020"},"modified":"2023-07-16T13:21:02","modified_gmt":"2023-07-16T13:21:02","slug":"2023-03-tilburg","status":"publish","type":"page","link":"https:\/\/mybonnechance.de\/?page_id=7020","title":{"rendered":"2023-03 Tilburg"},"content":{"rendered":"\n<p><strong>Tag 3, Sonntag 20.Juni<\/strong>        <strong>Aarle Rixtel<\/strong>, <strong>Gemeindehaven<\/strong> <strong>&#8211; Tilburg<\/strong>, <strong>Pius Haven<\/strong><br>42,1 km \u2013 1 Schleuse \u201312 bewegl. Br\u00fccken &#8211;  6 Std. Fahrzeit<br>Weiter geht es \u00fcber den <strong>Wilhelminakanaal<\/strong>, der auch ziemlich gradlinig verl\u00e4uft. Wir sind seit gestern relativ allein unterwegs, und auch der Gegenverkehr h\u00e4lt sich in Grenzen. Berufsschiffer haben wir noch gar nicht gesehen. Nur eine Ringeltaube hat uns ein wenig begleitet.<\/p>\n\n\n\n<figure class=\"wp-block-gallery has-nested-images columns-default is-cropped wp-block-gallery-1 is-layout-flex wp-block-gallery-is-layout-flex\">\n<figure class=\"wp-block-image size-large is-style-default\"><img loading=\"lazy\" decoding=\"async\" width=\"498\" height=\"1024\" data-id=\"7053\" src=\"https:\/\/mybonnechance.de\/wp-content\/uploads\/2023\/06\/20230618_115723-498x1024.jpg\" alt=\"\" class=\"wp-image-7053\" srcset=\"https:\/\/mybonnechance.de\/wp-content\/uploads\/2023\/06\/20230618_115723-498x1024.jpg 498w, https:\/\/mybonnechance.de\/wp-content\/uploads\/2023\/06\/20230618_115723-146x300.jpg 146w, https:\/\/mybonnechance.de\/wp-content\/uploads\/2023\/06\/20230618_115723-768x1580.jpg 768w, https:\/\/mybonnechance.de\/wp-content\/uploads\/2023\/06\/20230618_115723-747x1536.jpg 747w, https:\/\/mybonnechance.de\/wp-content\/uploads\/2023\/06\/20230618_115723-996x2048.jpg 996w, https:\/\/mybonnechance.de\/wp-content\/uploads\/2023\/06\/20230618_115723-scaled.jpg 1244w\" sizes=\"auto, (max-width: 498px) 100vw, 498px\" \/><\/figure>\n\n\n\n<figure class=\"wp-block-image size-large is-style-default\"><img loading=\"lazy\" decoding=\"async\" width=\"498\" height=\"1024\" data-id=\"7052\" src=\"https:\/\/mybonnechance.de\/wp-content\/uploads\/2023\/06\/20230618_121335-498x1024.jpg\" alt=\"\" class=\"wp-image-7052\" srcset=\"https:\/\/mybonnechance.de\/wp-content\/uploads\/2023\/06\/20230618_121335-498x1024.jpg 498w, https:\/\/mybonnechance.de\/wp-content\/uploads\/2023\/06\/20230618_121335-146x300.jpg 146w, https:\/\/mybonnechance.de\/wp-content\/uploads\/2023\/06\/20230618_121335-768x1580.jpg 768w, https:\/\/mybonnechance.de\/wp-content\/uploads\/2023\/06\/20230618_121335-747x1536.jpg 747w, https:\/\/mybonnechance.de\/wp-content\/uploads\/2023\/06\/20230618_121335-996x2048.jpg 996w, https:\/\/mybonnechance.de\/wp-content\/uploads\/2023\/06\/20230618_121335-scaled.jpg 1244w\" sizes=\"auto, (max-width: 498px) 100vw, 498px\" \/><figcaption class=\"wp-element-caption\"><strong>Wilhelminakanal<\/strong><\/figcaption><\/figure>\n<\/figure>\n\n\n\n<p>Gegen Mittag erreichen wir den <strong>Piushaven in Tilburg,<\/strong> der dieses Jahr im August seinen hundertesten Geburtstag feiert. Obwohl laut Biggerworks nur 3 \u00d6ffnungszeiten f\u00fcr den Hafen angegeben sind ( 09:00, 13:00 + 17:00 Uhr ), macht der Hafenmeister netterweisse jede Stunde auf. \u00dcberhaupt haben wir noch nie so ein nettes Begr\u00fc\u00dfungspacket von einem Hafen erhalten. Jede Menge Brosch\u00fcren und Infomaterial. Zudem noch einen guten Tipp vom Hafenmeister f\u00fcr eine Fahrradtour nach Breda.<\/p>\n\n\n\n<figure class=\"wp-block-gallery has-nested-images columns-default is-cropped wp-block-gallery-2 is-layout-flex wp-block-gallery-is-layout-flex\">\n<figure class=\"wp-block-image size-large is-style-default\"><img loading=\"lazy\" decoding=\"async\" width=\"498\" height=\"1024\" data-id=\"7059\" src=\"https:\/\/mybonnechance.de\/wp-content\/uploads\/2023\/06\/20230618_130354-498x1024.jpg\" alt=\"\" class=\"wp-image-7059\" srcset=\"https:\/\/mybonnechance.de\/wp-content\/uploads\/2023\/06\/20230618_130354-498x1024.jpg 498w, https:\/\/mybonnechance.de\/wp-content\/uploads\/2023\/06\/20230618_130354-146x300.jpg 146w, https:\/\/mybonnechance.de\/wp-content\/uploads\/2023\/06\/20230618_130354-768x1580.jpg 768w, https:\/\/mybonnechance.de\/wp-content\/uploads\/2023\/06\/20230618_130354-747x1536.jpg 747w, https:\/\/mybonnechance.de\/wp-content\/uploads\/2023\/06\/20230618_130354-996x2048.jpg 996w, https:\/\/mybonnechance.de\/wp-content\/uploads\/2023\/06\/20230618_130354-scaled.jpg 1244w\" sizes=\"auto, (max-width: 498px) 100vw, 498px\" \/><\/figure>\n\n\n\n<figure class=\"wp-block-image size-large is-style-default\"><img loading=\"lazy\" decoding=\"async\" width=\"498\" height=\"1024\" data-id=\"7067\" src=\"https:\/\/mybonnechance.de\/wp-content\/uploads\/2023\/06\/20230618_175121-498x1024.jpg\" alt=\"\" class=\"wp-image-7067\" srcset=\"https:\/\/mybonnechance.de\/wp-content\/uploads\/2023\/06\/20230618_175121-498x1024.jpg 498w, https:\/\/mybonnechance.de\/wp-content\/uploads\/2023\/06\/20230618_175121-146x300.jpg 146w, https:\/\/mybonnechance.de\/wp-content\/uploads\/2023\/06\/20230618_175121-768x1580.jpg 768w, https:\/\/mybonnechance.de\/wp-content\/uploads\/2023\/06\/20230618_175121-747x1536.jpg 747w, https:\/\/mybonnechance.de\/wp-content\/uploads\/2023\/06\/20230618_175121-996x2048.jpg 996w, https:\/\/mybonnechance.de\/wp-content\/uploads\/2023\/06\/20230618_175121-scaled.jpg 1244w\" sizes=\"auto, (max-width: 498px) 100vw, 498px\" \/><\/figure>\n\n\n\n<figure class=\"wp-block-image size-large is-style-default\"><img loading=\"lazy\" decoding=\"async\" width=\"498\" height=\"1024\" data-id=\"7068\" src=\"https:\/\/mybonnechance.de\/wp-content\/uploads\/2023\/06\/20230618_141556-1-498x1024.jpg\" alt=\"\" class=\"wp-image-7068\" srcset=\"https:\/\/mybonnechance.de\/wp-content\/uploads\/2023\/06\/20230618_141556-1-498x1024.jpg 498w, https:\/\/mybonnechance.de\/wp-content\/uploads\/2023\/06\/20230618_141556-1-146x300.jpg 146w, https:\/\/mybonnechance.de\/wp-content\/uploads\/2023\/06\/20230618_141556-1-768x1580.jpg 768w, https:\/\/mybonnechance.de\/wp-content\/uploads\/2023\/06\/20230618_141556-1-747x1536.jpg 747w, https:\/\/mybonnechance.de\/wp-content\/uploads\/2023\/06\/20230618_141556-1-996x2048.jpg 996w, https:\/\/mybonnechance.de\/wp-content\/uploads\/2023\/06\/20230618_141556-1-scaled.jpg 1244w\" sizes=\"auto, (max-width: 498px) 100vw, 498px\" \/><\/figure>\n<\/figure>\n\n\n\n<figure class=\"wp-block-gallery has-nested-images columns-default is-cropped wp-block-gallery-3 is-layout-flex wp-block-gallery-is-layout-flex\">\n<figure class=\"wp-block-image size-large is-style-default\"><img loading=\"lazy\" decoding=\"async\" width=\"1024\" height=\"498\" data-id=\"7062\" src=\"https:\/\/mybonnechance.de\/wp-content\/uploads\/2023\/06\/20230618_221531-1024x498.jpg\" alt=\"\" class=\"wp-image-7062\" srcset=\"https:\/\/mybonnechance.de\/wp-content\/uploads\/2023\/06\/20230618_221531-1024x498.jpg 1024w, https:\/\/mybonnechance.de\/wp-content\/uploads\/2023\/06\/20230618_221531-300x146.jpg 300w, https:\/\/mybonnechance.de\/wp-content\/uploads\/2023\/06\/20230618_221531-768x373.jpg 768w, https:\/\/mybonnechance.de\/wp-content\/uploads\/2023\/06\/20230618_221531-1536x747.jpg 1536w, https:\/\/mybonnechance.de\/wp-content\/uploads\/2023\/06\/20230618_221531-2048x996.jpg 2048w\" sizes=\"auto, (max-width: 767px) 89vw, (max-width: 1000px) 54vw, (max-width: 1071px) 543px, 580px\" \/><\/figure>\n\n\n\n<figure class=\"wp-block-image size-large is-style-default\"><img loading=\"lazy\" decoding=\"async\" width=\"1024\" height=\"498\" data-id=\"7063\" src=\"https:\/\/mybonnechance.de\/wp-content\/uploads\/2023\/06\/20230618_221540-1024x498.jpg\" alt=\"\" class=\"wp-image-7063\" srcset=\"https:\/\/mybonnechance.de\/wp-content\/uploads\/2023\/06\/20230618_221540-1024x498.jpg 1024w, https:\/\/mybonnechance.de\/wp-content\/uploads\/2023\/06\/20230618_221540-300x146.jpg 300w, https:\/\/mybonnechance.de\/wp-content\/uploads\/2023\/06\/20230618_221540-768x373.jpg 768w, https:\/\/mybonnechance.de\/wp-content\/uploads\/2023\/06\/20230618_221540-1536x747.jpg 1536w, https:\/\/mybonnechance.de\/wp-content\/uploads\/2023\/06\/20230618_221540-2048x996.jpg 2048w\" sizes=\"auto, (max-width: 767px) 89vw, (max-width: 1000px) 54vw, (max-width: 1071px) 543px, 580px\" \/><\/figure>\n<\/figure>\n\n\n\n<p><strong>Die Innenstadt ist recht modern mit einigen sch\u00f6nen Shoppingsmalls<\/strong>. Aber selbst bei den  neu erbauten Malls sind die Stra\u00dfen ziemlich verdreckt, vor Allem mit Taubenmist. Es ist wirklich schade, da\u00df man das so herunterkommen l\u00e4\u00dft.<\/p>\n\n\n\n<p><strong>Tag 4, Montag 21.Juni<\/strong>        <strong>Tilburg<\/strong>   <strong>( Fahrradtour nach Breda)<\/strong><br>Heute machen wir eine Fahrradtour von fast 70 km. Ich h\u00e4tte nie gedacht, da\u00df ich das durchhalte, aber es ging erstaunlicherweise recht gut. Der Rundweg ging auf der ersten Strecke bis Breda durch einen sch\u00f6nen Waldweg. Zur\u00fcck haben wir dann die direkte Strecke an der Stra\u00dfe genommen. War aber trotzdem sehr gut zu fahren, da der Radweg ein gutes St\u00fcck von der Hauptverkehrstra\u00dfe entfernt verl\u00e4uft.<br><\/p>\n\n\n\n<figure class=\"wp-block-image size-large is-style-default\"><img loading=\"lazy\" decoding=\"async\" width=\"652\" height=\"1024\" src=\"https:\/\/mybonnechance.de\/wp-content\/uploads\/2023\/06\/Radtour-Breda-67-km-652x1024.jpg\" alt=\"\" class=\"wp-image-7070\" srcset=\"https:\/\/mybonnechance.de\/wp-content\/uploads\/2023\/06\/Radtour-Breda-67-km-652x1024.jpg 652w, https:\/\/mybonnechance.de\/wp-content\/uploads\/2023\/06\/Radtour-Breda-67-km-191x300.jpg 191w, https:\/\/mybonnechance.de\/wp-content\/uploads\/2023\/06\/Radtour-Breda-67-km-768x1205.jpg 768w, https:\/\/mybonnechance.de\/wp-content\/uploads\/2023\/06\/Radtour-Breda-67-km-979x1536.jpg 979w, https:\/\/mybonnechance.de\/wp-content\/uploads\/2023\/06\/Radtour-Breda-67-km.jpg 1080w\" sizes=\"auto, (max-width: 652px) 100vw, 652px\" \/><\/figure>\n\n\n\n<figure class=\"wp-block-gallery has-nested-images columns-default is-cropped wp-block-gallery-4 is-layout-flex wp-block-gallery-is-layout-flex\">\n<figure class=\"wp-block-image size-large is-style-default\"><img loading=\"lazy\" decoding=\"async\" width=\"498\" height=\"1024\" data-id=\"7073\" src=\"https:\/\/mybonnechance.de\/wp-content\/uploads\/2023\/06\/Radtour-1-498x1024.jpg\" alt=\"\" class=\"wp-image-7073\" srcset=\"https:\/\/mybonnechance.de\/wp-content\/uploads\/2023\/06\/Radtour-1-498x1024.jpg 498w, https:\/\/mybonnechance.de\/wp-content\/uploads\/2023\/06\/Radtour-1-146x300.jpg 146w, https:\/\/mybonnechance.de\/wp-content\/uploads\/2023\/06\/Radtour-1-768x1580.jpg 768w, https:\/\/mybonnechance.de\/wp-content\/uploads\/2023\/06\/Radtour-1-747x1536.jpg 747w, https:\/\/mybonnechance.de\/wp-content\/uploads\/2023\/06\/Radtour-1-996x2048.jpg 996w, https:\/\/mybonnechance.de\/wp-content\/uploads\/2023\/06\/Radtour-1-scaled.jpg 1244w\" sizes=\"auto, (max-width: 498px) 100vw, 498px\" \/><\/figure>\n\n\n\n<figure class=\"wp-block-image size-large is-style-default\"><img loading=\"lazy\" decoding=\"async\" width=\"719\" height=\"1024\" data-id=\"7072\" src=\"https:\/\/mybonnechance.de\/wp-content\/uploads\/2023\/06\/Beginenhof_3-1-719x1024.jpg\" alt=\"\" class=\"wp-image-7072\" srcset=\"https:\/\/mybonnechance.de\/wp-content\/uploads\/2023\/06\/Beginenhof_3-1-719x1024.jpg 719w, https:\/\/mybonnechance.de\/wp-content\/uploads\/2023\/06\/Beginenhof_3-1-211x300.jpg 211w, https:\/\/mybonnechance.de\/wp-content\/uploads\/2023\/06\/Beginenhof_3-1-768x1094.jpg 768w, https:\/\/mybonnechance.de\/wp-content\/uploads\/2023\/06\/Beginenhof_3-1.jpg 880w\" sizes=\"auto, (max-width: 719px) 100vw, 719px\" \/><\/figure>\n<\/figure>\n\n\n\n<p>Die <strong>Grote Kerk von Breda <\/strong>ist leider geschlossen, genau wie das <strong>Schlo\u00df von Breda<\/strong>. Dieses dient heute als <strong>Milit\u00e4rakademie<\/strong>.<\/p>\n\n\n\n<figure class=\"wp-block-image size-large\"><img loading=\"lazy\" decoding=\"async\" width=\"1024\" height=\"498\" src=\"https:\/\/mybonnechance.de\/wp-content\/uploads\/2023\/06\/Kastell-Breda-4-1024x498.jpg\" alt=\"\" class=\"wp-image-7082\" srcset=\"https:\/\/mybonnechance.de\/wp-content\/uploads\/2023\/06\/Kastell-Breda-4-1024x498.jpg 1024w, https:\/\/mybonnechance.de\/wp-content\/uploads\/2023\/06\/Kastell-Breda-4-300x146.jpg 300w, https:\/\/mybonnechance.de\/wp-content\/uploads\/2023\/06\/Kastell-Breda-4-768x373.jpg 768w, https:\/\/mybonnechance.de\/wp-content\/uploads\/2023\/06\/Kastell-Breda-4-1536x747.jpg 1536w, https:\/\/mybonnechance.de\/wp-content\/uploads\/2023\/06\/Kastell-Breda-4-2048x996.jpg 2048w\" sizes=\"auto, (max-width: 767px) 89vw, (max-width: 1000px) 54vw, (max-width: 1071px) 543px, 580px\" \/><\/figure>\n\n\n\n<div class=\"wp-block-columns is-layout-flex wp-container-core-columns-is-layout-9d6595d7 wp-block-columns-is-layout-flex\">\n<div class=\"wp-block-column is-layout-flow wp-block-column-is-layout-flow\" style=\"flex-basis:25%\">\n<figure class=\"wp-block-image size-large is-resized is-style-default\"><img loading=\"lazy\" decoding=\"async\" src=\"https:\/\/mybonnechance.de\/wp-content\/uploads\/2023\/06\/Grote-Kerk-2-498x1024.jpg\" alt=\"\" class=\"wp-image-7083\" width=\"178\" height=\"365\" srcset=\"https:\/\/mybonnechance.de\/wp-content\/uploads\/2023\/06\/Grote-Kerk-2-498x1024.jpg 498w, https:\/\/mybonnechance.de\/wp-content\/uploads\/2023\/06\/Grote-Kerk-2-146x300.jpg 146w, https:\/\/mybonnechance.de\/wp-content\/uploads\/2023\/06\/Grote-Kerk-2-768x1580.jpg 768w, https:\/\/mybonnechance.de\/wp-content\/uploads\/2023\/06\/Grote-Kerk-2-747x1536.jpg 747w, https:\/\/mybonnechance.de\/wp-content\/uploads\/2023\/06\/Grote-Kerk-2-996x2048.jpg 996w, https:\/\/mybonnechance.de\/wp-content\/uploads\/2023\/06\/Grote-Kerk-2-scaled.jpg 1244w\" sizes=\"auto, (max-width: 178px) 100vw, 178px\" \/><figcaption class=\"wp-element-caption\"><strong>Grote Kerk<\/strong><\/figcaption><\/figure>\n<\/div>\n\n\n\n<div class=\"wp-block-column is-layout-flow wp-block-column-is-layout-flow\" style=\"flex-basis:50%\">\n<figure class=\"wp-block-image size-large is-resized is-style-default\"><img loading=\"lazy\" decoding=\"async\" src=\"https:\/\/mybonnechance.de\/wp-content\/uploads\/2023\/06\/20230619_110957A-1-1024x514.jpg\" alt=\"\" class=\"wp-image-7084\" width=\"473\" height=\"237\" srcset=\"https:\/\/mybonnechance.de\/wp-content\/uploads\/2023\/06\/20230619_110957A-1-1024x514.jpg 1024w, https:\/\/mybonnechance.de\/wp-content\/uploads\/2023\/06\/20230619_110957A-1-300x151.jpg 300w, https:\/\/mybonnechance.de\/wp-content\/uploads\/2023\/06\/20230619_110957A-1-768x385.jpg 768w, https:\/\/mybonnechance.de\/wp-content\/uploads\/2023\/06\/20230619_110957A-1-1536x771.jpg 1536w, https:\/\/mybonnechance.de\/wp-content\/uploads\/2023\/06\/20230619_110957A-1-2048x1027.jpg 2048w\" sizes=\"auto, (max-width: 473px) 100vw, 473px\" \/><\/figure>\n\n\n\n<p class=\"has-text-align-right\"><strong>Ein Piekhaus = Spitzhaus<\/strong><\/p>\n<\/div>\n<\/div>\n\n\n\n<p>Die Innenstadt hat neben vielen Restaurants und Shoppinggesch\u00e4ften durchaus auch einen historischen Charme. Gef\u00e4llt mir sehr gut hier, auch weil sie auf mich einen saubereren Eindruck als Tilburg macht.<br>Dann haben wir am Rande des <strong>Stadtparks Valkenberg<\/strong> noch den <strong>Beginenhof von Breda<\/strong> entdeckt. Auch heute d\u00fcrfen dort nur alleinstehende Frauen wohnen.<\/p>\n\n\n\n<figure class=\"wp-block-gallery has-nested-images columns-default is-cropped wp-block-gallery-5 is-layout-flex wp-block-gallery-is-layout-flex\">\n<figure class=\"wp-block-image size-large is-style-default\"><img loading=\"lazy\" decoding=\"async\" width=\"498\" height=\"1024\" data-id=\"7090\" src=\"https:\/\/mybonnechance.de\/wp-content\/uploads\/2023\/06\/Beginenhof_1-498x1024.jpg\" alt=\"\" class=\"wp-image-7090\" srcset=\"https:\/\/mybonnechance.de\/wp-content\/uploads\/2023\/06\/Beginenhof_1-498x1024.jpg 498w, https:\/\/mybonnechance.de\/wp-content\/uploads\/2023\/06\/Beginenhof_1-146x300.jpg 146w, https:\/\/mybonnechance.de\/wp-content\/uploads\/2023\/06\/Beginenhof_1-768x1580.jpg 768w, https:\/\/mybonnechance.de\/wp-content\/uploads\/2023\/06\/Beginenhof_1-747x1536.jpg 747w, https:\/\/mybonnechance.de\/wp-content\/uploads\/2023\/06\/Beginenhof_1-996x2048.jpg 996w, https:\/\/mybonnechance.de\/wp-content\/uploads\/2023\/06\/Beginenhof_1-scaled.jpg 1244w\" sizes=\"auto, (max-width: 498px) 100vw, 498px\" \/><\/figure>\n\n\n\n<figure class=\"wp-block-image size-large is-style-default\"><img loading=\"lazy\" decoding=\"async\" width=\"498\" height=\"1024\" data-id=\"7089\" src=\"https:\/\/mybonnechance.de\/wp-content\/uploads\/2023\/06\/Beginenhof_3-2-498x1024.jpg\" alt=\"\" class=\"wp-image-7089\" srcset=\"https:\/\/mybonnechance.de\/wp-content\/uploads\/2023\/06\/Beginenhof_3-2-498x1024.jpg 498w, https:\/\/mybonnechance.de\/wp-content\/uploads\/2023\/06\/Beginenhof_3-2-146x300.jpg 146w, https:\/\/mybonnechance.de\/wp-content\/uploads\/2023\/06\/Beginenhof_3-2-768x1580.jpg 768w, https:\/\/mybonnechance.de\/wp-content\/uploads\/2023\/06\/Beginenhof_3-2-747x1536.jpg 747w, https:\/\/mybonnechance.de\/wp-content\/uploads\/2023\/06\/Beginenhof_3-2-996x2048.jpg 996w, https:\/\/mybonnechance.de\/wp-content\/uploads\/2023\/06\/Beginenhof_3-2-scaled.jpg 1244w\" sizes=\"auto, (max-width: 498px) 100vw, 498px\" \/><\/figure>\n<\/figure>\n\n\n\n<p><\/p>\n\n\n","protected":false},"excerpt":{"rendered":"<p>Tag 3, Sonntag 20.Juni Aarle Rixtel, Gemeindehaven &#8211; Tilburg, Pius Haven42,1 km \u2013 1 Schleuse \u201312 bewegl. Br\u00fccken &#8211; 6 Std. FahrzeitWeiter geht es \u00fcber den Wilhelminakanaal, der auch ziemlich gradlinig verl\u00e4uft. Wir sind seit gestern relativ allein unterwegs, und auch der Gegenverkehr h\u00e4lt sich in Grenzen. Berufsschiffer haben wir noch gar nicht gesehen. Nur &hellip; <\/p>\n<p class=\"link-more\"><a href=\"https:\/\/mybonnechance.de\/?page_id=7020\" class=\"more-link\"><span class=\"screen-reader-text\">\u201e2023-03 Tilburg\u201c<\/span> weiterlesen<\/a><\/p>\n","protected":false},"author":1,"featured_media":0,"parent":0,"menu_order":0,"comment_status":"closed","ping_status":"closed","template":"","meta":{"ngg_post_thumbnail":0,"footnotes":""},"class_list":["post-7020","page","type-page","status-publish","hentry"],"_links":{"self":[{"href":"https:\/\/mybonnechance.de\/index.php?rest_route=\/wp\/v2\/pages\/7020","targetHints":{"allow":["GET"]}}],"collection":[{"href":"https:\/\/mybonnechance.de\/index.php?rest_route=\/wp\/v2\/pages"}],"about":[{"href":"https:\/\/mybonnechance.de\/index.php?rest_route=\/wp\/v2\/types\/page"}],"author":[{"embeddable":true,"href":"https:\/\/mybonnechance.de\/index.php?rest_route=\/wp\/v2\/users\/1"}],"replies":[{"embeddable":true,"href":"https:\/\/mybonnechance.de\/index.php?rest_route=%2Fwp%2Fv2%2Fcomments&post=7020"}],"version-history":[{"count":10,"href":"https:\/\/mybonnechance.de\/index.php?rest_route=\/wp\/v2\/pages\/7020\/revisions"}],"predecessor-version":[{"id":7355,"href":"https:\/\/mybonnechance.de\/index.php?rest_route=\/wp\/v2\/pages\/7020\/revisions\/7355"}],"wp:attachment":[{"href":"https:\/\/mybonnechance.de\/index.php?rest_route=%2Fwp%2Fv2%2Fmedia&parent=7020"}],"curies":[{"name":"wp","href":"https:\/\/api.w.org\/{rel}","templated":true}]}}