{"id":7024,"date":"2023-06-22T14:19:40","date_gmt":"2023-06-22T14:19:40","guid":{"rendered":"https:\/\/mybonnechance.de\/?page_id=7024"},"modified":"2023-07-12T15:01:21","modified_gmt":"2023-07-12T15:01:21","slug":"2023-05-dintelloord","status":"publish","type":"page","link":"https:\/\/mybonnechance.de\/?page_id=7024","title":{"rendered":"2023-05 Dintelloord"},"content":{"rendered":"\n<p><strong>Tag 6, Mittwoch 22.Juni<\/strong>     <strong>Terheijden<\/strong>, <strong>Gemeindehaven<\/strong> <strong>&#8211; Dinteloord<\/strong>,<strong> Gemeindehaven<\/strong><br>30 km \u2013  1 bewegl. Br\u00fccken &#8211; 3,75 Std. Fahrzeit<\/p>\n\n\n\n<div class=\"wp-block-columns is-layout-flex wp-container-core-columns-is-layout-9d6595d7 wp-block-columns-is-layout-flex\">\n<div class=\"wp-block-column is-layout-flow wp-block-column-is-layout-flow\">\n<figure class=\"wp-block-image size-large is-resized is-style-default\"><img loading=\"lazy\" decoding=\"async\" src=\"https:\/\/mybonnechance.de\/wp-content\/uploads\/2023\/06\/20230621_112106-1-1024x498.jpg\" alt=\"\" class=\"wp-image-7099\" width=\"340\" height=\"165\" srcset=\"https:\/\/mybonnechance.de\/wp-content\/uploads\/2023\/06\/20230621_112106-1-1024x498.jpg 1024w, https:\/\/mybonnechance.de\/wp-content\/uploads\/2023\/06\/20230621_112106-1-300x146.jpg 300w, https:\/\/mybonnechance.de\/wp-content\/uploads\/2023\/06\/20230621_112106-1-768x373.jpg 768w, https:\/\/mybonnechance.de\/wp-content\/uploads\/2023\/06\/20230621_112106-1-1536x747.jpg 1536w, https:\/\/mybonnechance.de\/wp-content\/uploads\/2023\/06\/20230621_112106-1-2048x996.jpg 2048w\" sizes=\"auto, (max-width: 340px) 100vw, 340px\" \/><\/figure>\n\n\n\n<p><strong>Die Wasserstra\u00dfe der Mark und sp\u00e4ter der Dintel sind sch\u00f6n zu fahren.<\/strong><\/p>\n<\/div>\n\n\n\n<div class=\"wp-block-column is-layout-flow wp-block-column-is-layout-flow\">\n<figure class=\"wp-block-image size-large is-style-default\"><img loading=\"lazy\" decoding=\"async\" width=\"653\" height=\"1024\" src=\"https:\/\/mybonnechance.de\/wp-content\/uploads\/2023\/06\/20230621_125256-1-653x1024.jpg\" alt=\"\" class=\"wp-image-7100\" srcset=\"https:\/\/mybonnechance.de\/wp-content\/uploads\/2023\/06\/20230621_125256-1-653x1024.jpg 653w, https:\/\/mybonnechance.de\/wp-content\/uploads\/2023\/06\/20230621_125256-1-191x300.jpg 191w, https:\/\/mybonnechance.de\/wp-content\/uploads\/2023\/06\/20230621_125256-1-768x1204.jpg 768w, https:\/\/mybonnechance.de\/wp-content\/uploads\/2023\/06\/20230621_125256-1-980x1536.jpg 980w, https:\/\/mybonnechance.de\/wp-content\/uploads\/2023\/06\/20230621_125256-1-1306x2048.jpg 1306w, https:\/\/mybonnechance.de\/wp-content\/uploads\/2023\/06\/20230621_125256-1-scaled.jpg 1633w\" sizes=\"auto, (max-width: 653px) 100vw, 653px\" \/><\/figure>\n<\/div>\n<\/div>\n\n\n\n<p>Auf Empfehlung nehmen wir den kleinen Abstecher von 20 min. in Kauf und fahren nach <strong>Dinteloord<\/strong>. War ein Gl\u00fccksgriff. <strong>Man liegt dort kostenlos mitten in der Stadt<\/strong>, nur bitte seitlich Anlegen, da vor Kopf ein Rundvaartboot festmacht.<br>Abends waren wir dann sehr lecker im Restaurant \u201eHafenzicht\u201c e\u00dfen.&#8216;<\/p>\n\n\n\n<figure class=\"wp-block-image size-large is-resized is-style-default\"><img loading=\"lazy\" decoding=\"async\" src=\"https:\/\/mybonnechance.de\/wp-content\/uploads\/2023\/06\/20230621_131849-1024x498.jpg\" alt=\"\" class=\"wp-image-7101\" width=\"674\" height=\"327\" srcset=\"https:\/\/mybonnechance.de\/wp-content\/uploads\/2023\/06\/20230621_131849-1024x498.jpg 1024w, https:\/\/mybonnechance.de\/wp-content\/uploads\/2023\/06\/20230621_131849-300x146.jpg 300w, https:\/\/mybonnechance.de\/wp-content\/uploads\/2023\/06\/20230621_131849-768x373.jpg 768w, https:\/\/mybonnechance.de\/wp-content\/uploads\/2023\/06\/20230621_131849-1536x747.jpg 1536w, https:\/\/mybonnechance.de\/wp-content\/uploads\/2023\/06\/20230621_131849-2048x996.jpg 2048w\" sizes=\"auto, (max-width: 674px) 100vw, 674px\" \/><figcaption class=\"wp-element-caption\"><strong>Gemeindehaven Dinteloord<\/strong><\/figcaption><\/figure>\n\n\n\n<p><strong>Albert Heijn, Action und Kruidvaart sind 5 min. fu\u00dfl\u00e4ufig erreichbar.<\/strong> Ansonsten gibt es in Dinteloord nicht mehr, ist aber trotzdem gem\u00fctlich.<\/p>\n\n\n\n<figure class=\"wp-block-gallery has-nested-images columns-default is-cropped wp-block-gallery-1 is-layout-flex wp-block-gallery-is-layout-flex\">\n<figure class=\"wp-block-image size-large is-style-default\"><img loading=\"lazy\" decoding=\"async\" width=\"1024\" height=\"498\" data-id=\"7103\" src=\"https:\/\/mybonnechance.de\/wp-content\/uploads\/2023\/06\/20230621_142800-1024x498.jpg\" alt=\"\" class=\"wp-image-7103\" srcset=\"https:\/\/mybonnechance.de\/wp-content\/uploads\/2023\/06\/20230621_142800-1024x498.jpg 1024w, https:\/\/mybonnechance.de\/wp-content\/uploads\/2023\/06\/20230621_142800-300x146.jpg 300w, https:\/\/mybonnechance.de\/wp-content\/uploads\/2023\/06\/20230621_142800-768x373.jpg 768w, https:\/\/mybonnechance.de\/wp-content\/uploads\/2023\/06\/20230621_142800-1536x747.jpg 1536w, https:\/\/mybonnechance.de\/wp-content\/uploads\/2023\/06\/20230621_142800-2048x996.jpg 2048w\" sizes=\"auto, (max-width: 767px) 89vw, (max-width: 1000px) 54vw, (max-width: 1071px) 543px, 580px\" \/><\/figure>\n\n\n\n<figure class=\"wp-block-image size-large is-style-default\"><img loading=\"lazy\" decoding=\"async\" width=\"1024\" height=\"498\" data-id=\"7102\" src=\"https:\/\/mybonnechance.de\/wp-content\/uploads\/2023\/06\/20230621_145805-1024x498.jpg\" alt=\"\" class=\"wp-image-7102\" srcset=\"https:\/\/mybonnechance.de\/wp-content\/uploads\/2023\/06\/20230621_145805-1024x498.jpg 1024w, https:\/\/mybonnechance.de\/wp-content\/uploads\/2023\/06\/20230621_145805-300x146.jpg 300w, https:\/\/mybonnechance.de\/wp-content\/uploads\/2023\/06\/20230621_145805-768x373.jpg 768w, https:\/\/mybonnechance.de\/wp-content\/uploads\/2023\/06\/20230621_145805-1536x747.jpg 1536w, https:\/\/mybonnechance.de\/wp-content\/uploads\/2023\/06\/20230621_145805-2048x996.jpg 2048w\" sizes=\"auto, (max-width: 767px) 89vw, (max-width: 1000px) 54vw, (max-width: 1071px) 543px, 580px\" \/><\/figure>\n<\/figure>\n\n\n\n<figure class=\"wp-block-gallery has-nested-images columns-default is-cropped wp-block-gallery-2 is-layout-flex wp-block-gallery-is-layout-flex\">\n<figure class=\"wp-block-image size-large is-style-default\"><img loading=\"lazy\" decoding=\"async\" width=\"498\" height=\"1024\" data-id=\"7105\" src=\"https:\/\/mybonnechance.de\/wp-content\/uploads\/2023\/06\/20230621_194012-498x1024.jpg\" alt=\"\" class=\"wp-image-7105\" srcset=\"https:\/\/mybonnechance.de\/wp-content\/uploads\/2023\/06\/20230621_194012-498x1024.jpg 498w, https:\/\/mybonnechance.de\/wp-content\/uploads\/2023\/06\/20230621_194012-146x300.jpg 146w, https:\/\/mybonnechance.de\/wp-content\/uploads\/2023\/06\/20230621_194012-768x1580.jpg 768w, https:\/\/mybonnechance.de\/wp-content\/uploads\/2023\/06\/20230621_194012-747x1536.jpg 747w, https:\/\/mybonnechance.de\/wp-content\/uploads\/2023\/06\/20230621_194012-996x2048.jpg 996w, https:\/\/mybonnechance.de\/wp-content\/uploads\/2023\/06\/20230621_194012-scaled.jpg 1244w\" sizes=\"auto, (max-width: 498px) 100vw, 498px\" \/><\/figure>\n\n\n\n<figure class=\"wp-block-image size-large is-style-default\"><img loading=\"lazy\" decoding=\"async\" width=\"498\" height=\"1024\" data-id=\"7104\" src=\"https:\/\/mybonnechance.de\/wp-content\/uploads\/2023\/06\/20230621_195906-498x1024.jpg\" alt=\"\" class=\"wp-image-7104\" srcset=\"https:\/\/mybonnechance.de\/wp-content\/uploads\/2023\/06\/20230621_195906-498x1024.jpg 498w, https:\/\/mybonnechance.de\/wp-content\/uploads\/2023\/06\/20230621_195906-146x300.jpg 146w, https:\/\/mybonnechance.de\/wp-content\/uploads\/2023\/06\/20230621_195906-768x1580.jpg 768w, https:\/\/mybonnechance.de\/wp-content\/uploads\/2023\/06\/20230621_195906-747x1536.jpg 747w, https:\/\/mybonnechance.de\/wp-content\/uploads\/2023\/06\/20230621_195906-996x2048.jpg 996w, https:\/\/mybonnechance.de\/wp-content\/uploads\/2023\/06\/20230621_195906-scaled.jpg 1244w\" sizes=\"auto, (max-width: 498px) 100vw, 498px\" \/><\/figure>\n<\/figure>\n\n\n","protected":false},"excerpt":{"rendered":"<p>Tag 6, Mittwoch 22.Juni Terheijden, Gemeindehaven &#8211; Dinteloord, Gemeindehaven30 km \u2013 1 bewegl. Br\u00fccken &#8211; 3,75 Std. Fahrzeit Die Wasserstra\u00dfe der Mark und sp\u00e4ter der Dintel sind sch\u00f6n zu fahren. Auf Empfehlung nehmen wir den kleinen Abstecher von 20 min. in Kauf und fahren nach Dinteloord. War ein Gl\u00fccksgriff. Man liegt dort kostenlos mitten in &hellip; <\/p>\n<p class=\"link-more\"><a href=\"https:\/\/mybonnechance.de\/?page_id=7024\" class=\"more-link\"><span class=\"screen-reader-text\">\u201e2023-05 Dintelloord\u201c<\/span> weiterlesen<\/a><\/p>\n","protected":false},"author":1,"featured_media":0,"parent":0,"menu_order":0,"comment_status":"closed","ping_status":"closed","template":"","meta":{"ngg_post_thumbnail":0,"footnotes":""},"class_list":["post-7024","page","type-page","status-publish","hentry"],"_links":{"self":[{"href":"https:\/\/mybonnechance.de\/index.php?rest_route=\/wp\/v2\/pages\/7024","targetHints":{"allow":["GET"]}}],"collection":[{"href":"https:\/\/mybonnechance.de\/index.php?rest_route=\/wp\/v2\/pages"}],"about":[{"href":"https:\/\/mybonnechance.de\/index.php?rest_route=\/wp\/v2\/types\/page"}],"author":[{"embeddable":true,"href":"https:\/\/mybonnechance.de\/index.php?rest_route=\/wp\/v2\/users\/1"}],"replies":[{"embeddable":true,"href":"https:\/\/mybonnechance.de\/index.php?rest_route=%2Fwp%2Fv2%2Fcomments&post=7024"}],"version-history":[{"count":4,"href":"https:\/\/mybonnechance.de\/index.php?rest_route=\/wp\/v2\/pages\/7024\/revisions"}],"predecessor-version":[{"id":7333,"href":"https:\/\/mybonnechance.de\/index.php?rest_route=\/wp\/v2\/pages\/7024\/revisions\/7333"}],"wp:attachment":[{"href":"https:\/\/mybonnechance.de\/index.php?rest_route=%2Fwp%2Fv2%2Fmedia&parent=7024"}],"curies":[{"name":"wp","href":"https:\/\/api.w.org\/{rel}","templated":true}]}}