{"id":7344,"date":"2023-07-16T12:56:34","date_gmt":"2023-07-16T12:56:34","guid":{"rendered":"https:\/\/mybonnechance.de\/?page_id=7344"},"modified":"2023-07-31T08:46:50","modified_gmt":"2023-07-31T08:46:50","slug":"2023-14-steenbergsche-vliet","status":"publish","type":"page","link":"https:\/\/mybonnechance.de\/?page_id=7344","title":{"rendered":"2023-14 Steenbergsche Vliet"},"content":{"rendered":"\n<p><strong>Tag 23, Samstag 08 Juli<\/strong> <strong>  Steenbergen, Jachthaven &#8211;  Steenbergse Vliet<\/strong>, <strong>Anleger<\/strong> <br>8,7 km \u2013 1,1 Std. Fahrzeit<br>Wir wollen, da Sonne angesagt ist, \u00fcbers Wochenende die sich im Wasserweg der Steenbergse Vliet  befindlichen Stege nutzten. Zwischen Steenbergen und De Heen gibt es 4 Anleger, die auf der Hinfahrt alle frei waren. Jetzt ist es etwas schwieriger einen Platz zu ergattern, aber Einer ist tats\u00e4chlich noch frei. <\/p>\n\n\n\n<div class=\"wp-block-columns is-layout-flex wp-container-core-columns-is-layout-9d6595d7 wp-block-columns-is-layout-flex\">\n<div class=\"wp-block-column is-layout-flow wp-block-column-is-layout-flow\">\n<figure class=\"wp-block-image size-large is-style-default\"><img loading=\"lazy\" decoding=\"async\" width=\"498\" height=\"1024\" src=\"https:\/\/mybonnechance.de\/wp-content\/uploads\/2023\/07\/St.-Vlieth-3-2-498x1024.jpg\" alt=\"\" class=\"wp-image-7356\" srcset=\"https:\/\/mybonnechance.de\/wp-content\/uploads\/2023\/07\/St.-Vlieth-3-2-498x1024.jpg 498w, https:\/\/mybonnechance.de\/wp-content\/uploads\/2023\/07\/St.-Vlieth-3-2-146x300.jpg 146w, https:\/\/mybonnechance.de\/wp-content\/uploads\/2023\/07\/St.-Vlieth-3-2-768x1580.jpg 768w, https:\/\/mybonnechance.de\/wp-content\/uploads\/2023\/07\/St.-Vlieth-3-2-747x1536.jpg 747w, https:\/\/mybonnechance.de\/wp-content\/uploads\/2023\/07\/St.-Vlieth-3-2-996x2048.jpg 996w, https:\/\/mybonnechance.de\/wp-content\/uploads\/2023\/07\/St.-Vlieth-3-2-scaled.jpg 1244w\" sizes=\"auto, (max-width: 498px) 100vw, 498px\" \/><\/figure>\n<\/div>\n\n\n\n<div class=\"wp-block-column is-layout-flow wp-block-column-is-layout-flow\">\n<figure class=\"wp-block-image size-large is-style-default\"><img loading=\"lazy\" decoding=\"async\" width=\"498\" height=\"1024\" src=\"https:\/\/mybonnechance.de\/wp-content\/uploads\/2023\/07\/St.-Vlieth-2-1-498x1024.jpg\" alt=\"\" class=\"wp-image-7358\" srcset=\"https:\/\/mybonnechance.de\/wp-content\/uploads\/2023\/07\/St.-Vlieth-2-1-498x1024.jpg 498w, https:\/\/mybonnechance.de\/wp-content\/uploads\/2023\/07\/St.-Vlieth-2-1-146x300.jpg 146w, https:\/\/mybonnechance.de\/wp-content\/uploads\/2023\/07\/St.-Vlieth-2-1-768x1580.jpg 768w, https:\/\/mybonnechance.de\/wp-content\/uploads\/2023\/07\/St.-Vlieth-2-1-747x1536.jpg 747w, https:\/\/mybonnechance.de\/wp-content\/uploads\/2023\/07\/St.-Vlieth-2-1-996x2048.jpg 996w, https:\/\/mybonnechance.de\/wp-content\/uploads\/2023\/07\/St.-Vlieth-2-1-scaled.jpg 1244w\" sizes=\"auto, (max-width: 498px) 100vw, 498px\" \/><\/figure>\n<\/div>\n<\/div>\n\n\n\n<p><strong>Tag 24, Sonntag 09 Juli<\/strong> <br>Wir fahren mit dem Schlauchboot an die Schleuse Benedensas zum Hafen de Vliet, in der Hoffnung ein Eis zu bekommen. Leider gibt es absolut keine Restauration dort. Gegen\u00fcber vom Hafen gibt es aber einen sch\u00f6nen gro\u00dfen Anleger im Rund, wo man nur nicht \u00fcbernachten darf. Sehr schade. Sieht auch noch ziemlich neu aus.<br>Wir liegen hier sehr gut, aber es ist schon m\u00e4chtig viel Betrieb. Eigentlich zum erstenmal, seid wir unterwegs sind. Es st\u00f6rt aber auch absolut nicht. Gestern und bis heute Nachmittag hatten wir um die 27 Grad und Sonne. Dann kommen bis in den Abend hinein immer wieder Regenschauer.<\/p>\n\n\n","protected":false},"excerpt":{"rendered":"<p>Tag 23, Samstag 08 Juli Steenbergen, Jachthaven &#8211; Steenbergse Vliet, Anleger 8,7 km \u2013 1,1 Std. FahrzeitWir wollen, da Sonne angesagt ist, \u00fcbers Wochenende die sich im Wasserweg der Steenbergse Vliet befindlichen Stege nutzten. Zwischen Steenbergen und De Heen gibt es 4 Anleger, die auf der Hinfahrt alle frei waren. Jetzt ist es etwas schwieriger &hellip; <\/p>\n<p class=\"link-more\"><a href=\"https:\/\/mybonnechance.de\/?page_id=7344\" class=\"more-link\"><span class=\"screen-reader-text\">\u201e2023-14 Steenbergsche Vliet\u201c<\/span> weiterlesen<\/a><\/p>\n","protected":false},"author":1,"featured_media":0,"parent":0,"menu_order":0,"comment_status":"closed","ping_status":"closed","template":"","meta":{"ngg_post_thumbnail":0,"footnotes":""},"class_list":["post-7344","page","type-page","status-publish","hentry"],"_links":{"self":[{"href":"https:\/\/mybonnechance.de\/index.php?rest_route=\/wp\/v2\/pages\/7344","targetHints":{"allow":["GET"]}}],"collection":[{"href":"https:\/\/mybonnechance.de\/index.php?rest_route=\/wp\/v2\/pages"}],"about":[{"href":"https:\/\/mybonnechance.de\/index.php?rest_route=\/wp\/v2\/types\/page"}],"author":[{"embeddable":true,"href":"https:\/\/mybonnechance.de\/index.php?rest_route=\/wp\/v2\/users\/1"}],"replies":[{"embeddable":true,"href":"https:\/\/mybonnechance.de\/index.php?rest_route=%2Fwp%2Fv2%2Fcomments&post=7344"}],"version-history":[{"count":7,"href":"https:\/\/mybonnechance.de\/index.php?rest_route=\/wp\/v2\/pages\/7344\/revisions"}],"predecessor-version":[{"id":7530,"href":"https:\/\/mybonnechance.de\/index.php?rest_route=\/wp\/v2\/pages\/7344\/revisions\/7530"}],"wp:attachment":[{"href":"https:\/\/mybonnechance.de\/index.php?rest_route=%2Fwp%2Fv2%2Fmedia&parent=7344"}],"curies":[{"name":"wp","href":"https:\/\/api.w.org\/{rel}","templated":true}]}}