{"id":7540,"date":"2023-08-11T14:20:59","date_gmt":"2023-08-11T14:20:59","guid":{"rendered":"https:\/\/mybonnechance.de\/?page_id=7540"},"modified":"2023-08-13T09:05:15","modified_gmt":"2023-08-13T09:05:15","slug":"2023-22-zierikzee","status":"publish","type":"page","link":"https:\/\/mybonnechance.de\/?page_id=7540","title":{"rendered":"2023-22 Zierikzee"},"content":{"rendered":"\n<p><strong>Tag 50, Freitag 05 August<\/strong>     <strong>Verse Meer, Insel Schutteplaat<\/strong> <strong>&#8211; Zieriksee, Gemeindhaven<\/strong><br><em>39,1 km \u2013 1 Schleuse \u2013 3,8 Std. Fahrzeit<\/em><br>Heute Morgen erster Blick aus dem Fenster: Windstill juchu. Komme aus dem Bad: Platzregen vom Allerfeinsten, der aber zu Gl\u00fcck nur \u00bd Std. dauert. Starten um 08:20 und wir begegnen unterwegs bis zur Zandkreekschluis kaum jemanden. Auf dem Weg dorthin kommen wir noch an sehr vielen Inseln vorbei, die ebenfalls alle Liegepl\u00e4tze haben. Dann ein kleiner Schreck: Stephan kommt durch die Sonne einmal kurz vom Tonnenstrich ab, wirklich nur etwas, und schon laufen wir auf. Zum Gl\u00fcck ist es nur Sand mit ein paar kleinen Kieselsteinen und wir k\u00f6nnen uns mit ganz vorsichtigem R\u00fcckw\u00e4rtsgang wieder selbst befreien. Das braucht kein Mensch.<br>In der Zandkreeksluis sieht es dann schon voller aus und 6 Segler gehen vor uns ins P\u00e4ckchen. Kaum sind wir auf der Osterschelde fliegen die Gl\u00e4ser durch den Schrank. Als h\u00e4tte jemand den F\u00f6n angemacht bekommen wir Windst\u00e4rke 6 Bf und Wellen von 60 cm. Wir werden ca. 20 \u2013 30 min. so richtig durchgesch\u00fcttelt.<\/p>\n\n\n<div class=\"wp-block-image is-style-rounded\">\n<figure class=\"aligncenter size-large is-resized\"><img loading=\"lazy\" decoding=\"async\" src=\"https:\/\/mybonnechance.de\/wp-content\/uploads\/2023\/08\/20230804_110313-4-498x1024.jpg\" alt=\"\" class=\"wp-image-7564\" width=\"241\" height=\"495\" srcset=\"https:\/\/mybonnechance.de\/wp-content\/uploads\/2023\/08\/20230804_110313-4-498x1024.jpg 498w, https:\/\/mybonnechance.de\/wp-content\/uploads\/2023\/08\/20230804_110313-4-146x300.jpg 146w, https:\/\/mybonnechance.de\/wp-content\/uploads\/2023\/08\/20230804_110313-4-768x1580.jpg 768w, https:\/\/mybonnechance.de\/wp-content\/uploads\/2023\/08\/20230804_110313-4-747x1536.jpg 747w, https:\/\/mybonnechance.de\/wp-content\/uploads\/2023\/08\/20230804_110313-4-996x2048.jpg 996w, https:\/\/mybonnechance.de\/wp-content\/uploads\/2023\/08\/20230804_110313-4-scaled.jpg 1244w\" sizes=\"auto, (max-width: 241px) 100vw, 241px\" \/><\/figure><\/div>\n\n\n<p>In Zieriksee haben wir Gl\u00fcck. Wir kommen kurz nach 12 Uhr an und bekommen einen sch\u00f6nen Platz an der Mauer. Das Wetter hat sich beruhigt, aber nach Sonnenschein gibt es sofort wieder Schauer. Danach bleibt es aber endlich trocken und wir machen einen Stadtbummel. Zieriksee ist wirklich ein sch\u00f6nes St\u00e4dtchen mit sehr viel schmucken G\u00e4sschen und H\u00e4user. Im Zentrum befindet sich auch ein gro\u00dfer AH.<\/p>\n\n\n\n<div class=\"wp-block-columns is-layout-flex wp-container-core-columns-is-layout-9d6595d7 wp-block-columns-is-layout-flex\">\n<div class=\"wp-block-column is-layout-flow wp-block-column-is-layout-flow\">\n<figure class=\"wp-block-image size-large is-style-default\"><img loading=\"lazy\" decoding=\"async\" width=\"768\" height=\"1024\" src=\"https:\/\/mybonnechance.de\/wp-content\/uploads\/2023\/08\/Zuidhavenpoort-1-768x1024.jpg\" alt=\"\" class=\"wp-image-7570\" srcset=\"https:\/\/mybonnechance.de\/wp-content\/uploads\/2023\/08\/Zuidhavenpoort-1-768x1024.jpg 768w, https:\/\/mybonnechance.de\/wp-content\/uploads\/2023\/08\/Zuidhavenpoort-1-225x300.jpg 225w, https:\/\/mybonnechance.de\/wp-content\/uploads\/2023\/08\/Zuidhavenpoort-1-1152x1536.jpg 1152w, https:\/\/mybonnechance.de\/wp-content\/uploads\/2023\/08\/Zuidhavenpoort-1-1536x2048.jpg 1536w, https:\/\/mybonnechance.de\/wp-content\/uploads\/2023\/08\/Zuidhavenpoort-1-scaled.jpg 1920w\" sizes=\"auto, (max-width: 767px) 89vw, (max-width: 1000px) 54vw, (max-width: 1071px) 543px, 580px\" \/><\/figure>\n\n\n\n<p><strong>Zuidhavenpoort<\/strong><\/p>\n<\/div>\n\n\n\n<div class=\"wp-block-column is-layout-flow wp-block-column-is-layout-flow\">\n<figure class=\"wp-block-image size-large is-style-default\"><img loading=\"lazy\" decoding=\"async\" width=\"498\" height=\"1024\" src=\"https:\/\/mybonnechance.de\/wp-content\/uploads\/2023\/08\/Zuidhavenpoort-2-498x1024.jpg\" alt=\"\" class=\"wp-image-7571\" srcset=\"https:\/\/mybonnechance.de\/wp-content\/uploads\/2023\/08\/Zuidhavenpoort-2-498x1024.jpg 498w, https:\/\/mybonnechance.de\/wp-content\/uploads\/2023\/08\/Zuidhavenpoort-2-146x300.jpg 146w, https:\/\/mybonnechance.de\/wp-content\/uploads\/2023\/08\/Zuidhavenpoort-2-768x1580.jpg 768w, https:\/\/mybonnechance.de\/wp-content\/uploads\/2023\/08\/Zuidhavenpoort-2-747x1536.jpg 747w, https:\/\/mybonnechance.de\/wp-content\/uploads\/2023\/08\/Zuidhavenpoort-2-996x2048.jpg 996w, https:\/\/mybonnechance.de\/wp-content\/uploads\/2023\/08\/Zuidhavenpoort-2-scaled.jpg 1244w\" sizes=\"auto, (max-width: 498px) 100vw, 498px\" \/><\/figure>\n<\/div>\n\n\n\n<div class=\"wp-block-column is-layout-flow wp-block-column-is-layout-flow\">\n<figure class=\"wp-block-image size-large is-style-default\"><img loading=\"lazy\" decoding=\"async\" width=\"498\" height=\"1024\" src=\"https:\/\/mybonnechance.de\/wp-content\/uploads\/2023\/08\/Zuidhavenpoort-4-498x1024.jpg\" alt=\"\" class=\"wp-image-7572\" srcset=\"https:\/\/mybonnechance.de\/wp-content\/uploads\/2023\/08\/Zuidhavenpoort-4-498x1024.jpg 498w, https:\/\/mybonnechance.de\/wp-content\/uploads\/2023\/08\/Zuidhavenpoort-4-146x300.jpg 146w, https:\/\/mybonnechance.de\/wp-content\/uploads\/2023\/08\/Zuidhavenpoort-4-768x1580.jpg 768w, https:\/\/mybonnechance.de\/wp-content\/uploads\/2023\/08\/Zuidhavenpoort-4-747x1536.jpg 747w, https:\/\/mybonnechance.de\/wp-content\/uploads\/2023\/08\/Zuidhavenpoort-4-996x2048.jpg 996w, https:\/\/mybonnechance.de\/wp-content\/uploads\/2023\/08\/Zuidhavenpoort-4-scaled.jpg 1244w\" sizes=\"auto, (max-width: 498px) 100vw, 498px\" \/><\/figure>\n<\/div>\n<\/div>\n\n\n\n<figure class=\"wp-block-gallery has-nested-images columns-default is-cropped wp-block-gallery-1 is-layout-flex wp-block-gallery-is-layout-flex\">\n<figure class=\"wp-block-image size-large is-style-default\"><img loading=\"lazy\" decoding=\"async\" width=\"1024\" height=\"498\" data-id=\"7575\" src=\"https:\/\/mybonnechance.de\/wp-content\/uploads\/2023\/08\/Zieriksee-1-1024x498.jpg\" alt=\"\" class=\"wp-image-7575\" srcset=\"https:\/\/mybonnechance.de\/wp-content\/uploads\/2023\/08\/Zieriksee-1-1024x498.jpg 1024w, https:\/\/mybonnechance.de\/wp-content\/uploads\/2023\/08\/Zieriksee-1-300x146.jpg 300w, https:\/\/mybonnechance.de\/wp-content\/uploads\/2023\/08\/Zieriksee-1-768x373.jpg 768w, https:\/\/mybonnechance.de\/wp-content\/uploads\/2023\/08\/Zieriksee-1-1536x747.jpg 1536w, https:\/\/mybonnechance.de\/wp-content\/uploads\/2023\/08\/Zieriksee-1-2048x996.jpg 2048w\" sizes=\"auto, (max-width: 767px) 89vw, (max-width: 1000px) 54vw, (max-width: 1071px) 543px, 580px\" \/><\/figure>\n\n\n\n<figure class=\"wp-block-image size-large is-style-default\"><img loading=\"lazy\" decoding=\"async\" width=\"1024\" height=\"498\" data-id=\"7574\" src=\"https:\/\/mybonnechance.de\/wp-content\/uploads\/2023\/08\/Zieriksee-1a-1024x498.jpg\" alt=\"\" class=\"wp-image-7574\" srcset=\"https:\/\/mybonnechance.de\/wp-content\/uploads\/2023\/08\/Zieriksee-1a-1024x498.jpg 1024w, https:\/\/mybonnechance.de\/wp-content\/uploads\/2023\/08\/Zieriksee-1a-300x146.jpg 300w, https:\/\/mybonnechance.de\/wp-content\/uploads\/2023\/08\/Zieriksee-1a-768x373.jpg 768w, https:\/\/mybonnechance.de\/wp-content\/uploads\/2023\/08\/Zieriksee-1a-1536x747.jpg 1536w, https:\/\/mybonnechance.de\/wp-content\/uploads\/2023\/08\/Zieriksee-1a-2048x996.jpg 2048w\" sizes=\"auto, (max-width: 767px) 89vw, (max-width: 1000px) 54vw, (max-width: 1071px) 543px, 580px\" \/><\/figure>\n\n\n\n<figure class=\"wp-block-image size-large is-style-default\"><img loading=\"lazy\" decoding=\"async\" width=\"1024\" height=\"498\" data-id=\"7573\" src=\"https:\/\/mybonnechance.de\/wp-content\/uploads\/2023\/08\/Zieriksee-2-1024x498.jpg\" alt=\"\" class=\"wp-image-7573\" srcset=\"https:\/\/mybonnechance.de\/wp-content\/uploads\/2023\/08\/Zieriksee-2-1024x498.jpg 1024w, https:\/\/mybonnechance.de\/wp-content\/uploads\/2023\/08\/Zieriksee-2-300x146.jpg 300w, https:\/\/mybonnechance.de\/wp-content\/uploads\/2023\/08\/Zieriksee-2-768x373.jpg 768w, https:\/\/mybonnechance.de\/wp-content\/uploads\/2023\/08\/Zieriksee-2-1536x747.jpg 1536w, https:\/\/mybonnechance.de\/wp-content\/uploads\/2023\/08\/Zieriksee-2-2048x996.jpg 2048w\" sizes=\"auto, (max-width: 767px) 89vw, (max-width: 1000px) 54vw, (max-width: 1071px) 543px, 580px\" \/><\/figure>\n<\/figure>\n\n\n\n<div class=\"wp-block-columns is-layout-flex wp-container-core-columns-is-layout-9d6595d7 wp-block-columns-is-layout-flex\">\n<div class=\"wp-block-column is-layout-flow wp-block-column-is-layout-flow\">\n<figure class=\"wp-block-image size-large is-style-default\"><img loading=\"lazy\" decoding=\"async\" width=\"498\" height=\"1024\" src=\"https:\/\/mybonnechance.de\/wp-content\/uploads\/2023\/08\/Dicke-Turm-1-498x1024.jpg\" alt=\"\" class=\"wp-image-7579\" srcset=\"https:\/\/mybonnechance.de\/wp-content\/uploads\/2023\/08\/Dicke-Turm-1-498x1024.jpg 498w, https:\/\/mybonnechance.de\/wp-content\/uploads\/2023\/08\/Dicke-Turm-1-146x300.jpg 146w, https:\/\/mybonnechance.de\/wp-content\/uploads\/2023\/08\/Dicke-Turm-1-768x1580.jpg 768w, https:\/\/mybonnechance.de\/wp-content\/uploads\/2023\/08\/Dicke-Turm-1-747x1536.jpg 747w, https:\/\/mybonnechance.de\/wp-content\/uploads\/2023\/08\/Dicke-Turm-1-996x2048.jpg 996w, https:\/\/mybonnechance.de\/wp-content\/uploads\/2023\/08\/Dicke-Turm-1-scaled.jpg 1244w\" sizes=\"auto, (max-width: 498px) 100vw, 498px\" \/><\/figure>\n<\/div>\n\n\n\n<div class=\"wp-block-column is-layout-flow wp-block-column-is-layout-flow\">\n<figure class=\"wp-block-image size-large is-style-default\"><img loading=\"lazy\" decoding=\"async\" width=\"576\" height=\"1024\" src=\"https:\/\/mybonnechance.de\/wp-content\/uploads\/2023\/08\/Dicke-Turm-1a-576x1024.jpg\" alt=\"\" class=\"wp-image-7582\" srcset=\"https:\/\/mybonnechance.de\/wp-content\/uploads\/2023\/08\/Dicke-Turm-1a-576x1024.jpg 576w, https:\/\/mybonnechance.de\/wp-content\/uploads\/2023\/08\/Dicke-Turm-1a-169x300.jpg 169w, https:\/\/mybonnechance.de\/wp-content\/uploads\/2023\/08\/Dicke-Turm-1a-768x1366.jpg 768w, https:\/\/mybonnechance.de\/wp-content\/uploads\/2023\/08\/Dicke-Turm-1a-864x1536.jpg 864w, https:\/\/mybonnechance.de\/wp-content\/uploads\/2023\/08\/Dicke-Turm-1a-1152x2048.jpg 1152w, https:\/\/mybonnechance.de\/wp-content\/uploads\/2023\/08\/Dicke-Turm-1a-scaled.jpg 1440w\" sizes=\"auto, (max-width: 576px) 100vw, 576px\" \/><\/figure>\n<\/div>\n\n\n\n<div class=\"wp-block-column is-layout-flow wp-block-column-is-layout-flow\">\n<figure class=\"wp-block-image size-large is-style-default\"><img loading=\"lazy\" decoding=\"async\" width=\"498\" height=\"1024\" src=\"https:\/\/mybonnechance.de\/wp-content\/uploads\/2023\/08\/Turm-vom-Stadthuis-1-498x1024.jpg\" alt=\"\" class=\"wp-image-7581\" srcset=\"https:\/\/mybonnechance.de\/wp-content\/uploads\/2023\/08\/Turm-vom-Stadthuis-1-498x1024.jpg 498w, https:\/\/mybonnechance.de\/wp-content\/uploads\/2023\/08\/Turm-vom-Stadthuis-1-146x300.jpg 146w, https:\/\/mybonnechance.de\/wp-content\/uploads\/2023\/08\/Turm-vom-Stadthuis-1-768x1580.jpg 768w, https:\/\/mybonnechance.de\/wp-content\/uploads\/2023\/08\/Turm-vom-Stadthuis-1-747x1536.jpg 747w, https:\/\/mybonnechance.de\/wp-content\/uploads\/2023\/08\/Turm-vom-Stadthuis-1-996x2048.jpg 996w, https:\/\/mybonnechance.de\/wp-content\/uploads\/2023\/08\/Turm-vom-Stadthuis-1-scaled.jpg 1244w\" sizes=\"auto, (max-width: 498px) 100vw, 498px\" \/><\/figure>\n<\/div>\n<\/div>\n\n\n\n<p><strong>Tag 51 &#8211; Tag 53, Samstag 06 August &#8211; Montag 08 August<\/strong><br>Das Wetter bleibt leider weiterhin schlecht und mit sehr viel Regen. Am Samstag gibt es in Zieriksee von Mittags bis Abends ein Jazzfestival. Super tolle Dixielandbands, aber leider sind wir, obwohl es in einer \u00fcberdachten Halle stattfindet, nach 1 Std. v\u00f6llig durchgefroren.<br>Der Plan vielleicht am Abend nochmal vorbeizuschauen scheitert wegen zu starkem Regen. Das ist wirklich sehr schade.<\/p>\n\n\n<div class=\"wp-block-image is-style-default\">\n<figure class=\"aligncenter size-large is-resized\"><img loading=\"lazy\" decoding=\"async\" src=\"https:\/\/mybonnechance.de\/wp-content\/uploads\/2023\/08\/Jazz-Festival-3-498x1024.jpg\" alt=\"\" class=\"wp-image-7585\" width=\"249\" height=\"512\" srcset=\"https:\/\/mybonnechance.de\/wp-content\/uploads\/2023\/08\/Jazz-Festival-3-498x1024.jpg 498w, https:\/\/mybonnechance.de\/wp-content\/uploads\/2023\/08\/Jazz-Festival-3-146x300.jpg 146w, https:\/\/mybonnechance.de\/wp-content\/uploads\/2023\/08\/Jazz-Festival-3-768x1580.jpg 768w, https:\/\/mybonnechance.de\/wp-content\/uploads\/2023\/08\/Jazz-Festival-3-747x1536.jpg 747w, https:\/\/mybonnechance.de\/wp-content\/uploads\/2023\/08\/Jazz-Festival-3-996x2048.jpg 996w, https:\/\/mybonnechance.de\/wp-content\/uploads\/2023\/08\/Jazz-Festival-3-scaled.jpg 1244w\" sizes=\"auto, (max-width: 249px) 100vw, 249px\" \/><\/figure><\/div>\n\n\n<p>Montag ist es immer noch sehr windig, so da\u00df wir beschlie\u00dfen noch einen Tag dranzuh\u00e4ngen. Das f\u00e4llt in Zieriksee nicht schwer. Allerdings liegen jetzt wieder 3 Schiffe neben uns, und wir wollen morgen um 08 Uhr starten. <\/p>\n\n\n","protected":false},"excerpt":{"rendered":"<p>Tag 50, Freitag 05 August Verse Meer, Insel Schutteplaat &#8211; Zieriksee, Gemeindhaven39,1 km \u2013 1 Schleuse \u2013 3,8 Std. FahrzeitHeute Morgen erster Blick aus dem Fenster: Windstill juchu. Komme aus dem Bad: Platzregen vom Allerfeinsten, der aber zu Gl\u00fcck nur \u00bd Std. dauert. Starten um 08:20 und wir begegnen unterwegs bis zur Zandkreekschluis kaum jemanden. &hellip; <\/p>\n<p class=\"link-more\"><a href=\"https:\/\/mybonnechance.de\/?page_id=7540\" class=\"more-link\"><span class=\"screen-reader-text\">\u201e2023-22 Zierikzee\u201c<\/span> weiterlesen<\/a><\/p>\n","protected":false},"author":1,"featured_media":0,"parent":0,"menu_order":0,"comment_status":"closed","ping_status":"closed","template":"","meta":{"ngg_post_thumbnail":0,"footnotes":""},"class_list":["post-7540","page","type-page","status-publish","hentry"],"_links":{"self":[{"href":"https:\/\/mybonnechance.de\/index.php?rest_route=\/wp\/v2\/pages\/7540","targetHints":{"allow":["GET"]}}],"collection":[{"href":"https:\/\/mybonnechance.de\/index.php?rest_route=\/wp\/v2\/pages"}],"about":[{"href":"https:\/\/mybonnechance.de\/index.php?rest_route=\/wp\/v2\/types\/page"}],"author":[{"embeddable":true,"href":"https:\/\/mybonnechance.de\/index.php?rest_route=\/wp\/v2\/users\/1"}],"replies":[{"embeddable":true,"href":"https:\/\/mybonnechance.de\/index.php?rest_route=%2Fwp%2Fv2%2Fcomments&post=7540"}],"version-history":[{"count":9,"href":"https:\/\/mybonnechance.de\/index.php?rest_route=\/wp\/v2\/pages\/7540\/revisions"}],"predecessor-version":[{"id":7593,"href":"https:\/\/mybonnechance.de\/index.php?rest_route=\/wp\/v2\/pages\/7540\/revisions\/7593"}],"wp:attachment":[{"href":"https:\/\/mybonnechance.de\/index.php?rest_route=%2Fwp%2Fv2%2Fmedia&parent=7540"}],"curies":[{"name":"wp","href":"https:\/\/api.w.org\/{rel}","templated":true}]}}