{"id":7542,"date":"2023-08-11T14:25:04","date_gmt":"2023-08-11T14:25:04","guid":{"rendered":"https:\/\/mybonnechance.de\/?page_id=7542"},"modified":"2023-08-13T09:44:03","modified_gmt":"2023-08-13T09:44:03","slug":"2023-23-sint-annaland-stavenisse","status":"publish","type":"page","link":"https:\/\/mybonnechance.de\/?page_id=7542","title":{"rendered":"2023-23 Sint-Annaland (Stavenisse)"},"content":{"rendered":"\n<p><strong>Tag 54, Dienstag 08 August<\/strong>    <strong> Zieriksee, Gemeindhaven<\/strong> <strong>&#8211; Sint Annaland, WSV<\/strong><br><em>22,3 km \u2013 2,2 Std. Fahrzeit<\/em> <br>Morgens klappt es tats\u00e4chlih mit den anderen Schiffen. Sie sehen teilweise zwar noch etwas m\u00fcde aus &#8211; aber wir k\u00f6nnen um 08:10 starten.<\/p>\n\n\n\n<figure class=\"wp-block-gallery has-nested-images columns-default is-cropped wp-block-gallery-1 is-layout-flex wp-block-gallery-is-layout-flex\">\n<figure class=\"wp-block-image size-large is-style-default\"><img loading=\"lazy\" decoding=\"async\" width=\"498\" height=\"1024\" data-id=\"7599\" src=\"https:\/\/mybonnechance.de\/wp-content\/uploads\/2023\/08\/20230808_080524-1-498x1024.jpg\" alt=\"\" class=\"wp-image-7599\" srcset=\"https:\/\/mybonnechance.de\/wp-content\/uploads\/2023\/08\/20230808_080524-1-498x1024.jpg 498w, https:\/\/mybonnechance.de\/wp-content\/uploads\/2023\/08\/20230808_080524-1-146x300.jpg 146w, https:\/\/mybonnechance.de\/wp-content\/uploads\/2023\/08\/20230808_080524-1-768x1580.jpg 768w, https:\/\/mybonnechance.de\/wp-content\/uploads\/2023\/08\/20230808_080524-1-747x1536.jpg 747w, https:\/\/mybonnechance.de\/wp-content\/uploads\/2023\/08\/20230808_080524-1-996x2048.jpg 996w, https:\/\/mybonnechance.de\/wp-content\/uploads\/2023\/08\/20230808_080524-1-scaled.jpg 1244w\" sizes=\"auto, (max-width: 498px) 100vw, 498px\" \/><\/figure>\n\n\n\n<figure class=\"wp-block-image size-large is-style-default\"><img loading=\"lazy\" decoding=\"async\" width=\"498\" height=\"1024\" data-id=\"7600\" src=\"https:\/\/mybonnechance.de\/wp-content\/uploads\/2023\/08\/20230808_080553-1-498x1024.jpg\" alt=\"\" class=\"wp-image-7600\" srcset=\"https:\/\/mybonnechance.de\/wp-content\/uploads\/2023\/08\/20230808_080553-1-498x1024.jpg 498w, https:\/\/mybonnechance.de\/wp-content\/uploads\/2023\/08\/20230808_080553-1-146x300.jpg 146w, https:\/\/mybonnechance.de\/wp-content\/uploads\/2023\/08\/20230808_080553-1-768x1580.jpg 768w, https:\/\/mybonnechance.de\/wp-content\/uploads\/2023\/08\/20230808_080553-1-747x1536.jpg 747w, https:\/\/mybonnechance.de\/wp-content\/uploads\/2023\/08\/20230808_080553-1-996x2048.jpg 996w, https:\/\/mybonnechance.de\/wp-content\/uploads\/2023\/08\/20230808_080553-1-scaled.jpg 1244w\" sizes=\"auto, (max-width: 498px) 100vw, 498px\" \/><figcaption class=\"wp-element-caption\"><strong>Der Weckruf hat geklappt<\/strong><\/figcaption><\/figure>\n<\/figure>\n\n\n\n<p>Diesmal ist es ein sehr viel angenehmeres Fahren auf der Oosterschelde. Wie vorausgesagt stehen heute Wind, Welle und Wetter sehr gut f\u00fcr unser Ziel <strong>Sint Annaland<\/strong>. Der Hafen ist modern und verf\u00fcgt auch \u00fcber einen gut sortierten Schiffsaustatter.<\/p>\n\n\n\n<figure class=\"wp-block-image size-large is-style-default\"><img loading=\"lazy\" decoding=\"async\" width=\"1024\" height=\"498\" src=\"https:\/\/mybonnechance.de\/wp-content\/uploads\/2023\/08\/Hafen-1-1024x498.jpg\" alt=\"\" class=\"wp-image-7606\" srcset=\"https:\/\/mybonnechance.de\/wp-content\/uploads\/2023\/08\/Hafen-1-1024x498.jpg 1024w, https:\/\/mybonnechance.de\/wp-content\/uploads\/2023\/08\/Hafen-1-300x146.jpg 300w, https:\/\/mybonnechance.de\/wp-content\/uploads\/2023\/08\/Hafen-1-768x373.jpg 768w, https:\/\/mybonnechance.de\/wp-content\/uploads\/2023\/08\/Hafen-1-1536x747.jpg 1536w, https:\/\/mybonnechance.de\/wp-content\/uploads\/2023\/08\/Hafen-1-2048x996.jpg 2048w\" sizes=\"auto, (max-width: 767px) 89vw, (max-width: 1000px) 54vw, (max-width: 1071px) 543px, 580px\" \/><\/figure>\n\n\n\n<p>Ansonsten bietet Sint Annaland nicht viel. Es gibt Jumbo, ein Gesch\u00e4ft welches allerdings ein breit gef\u00e4chertes Sortiment anbietet (z.B. Souvenirs, Haushaltsger\u00e4te Spiele), ein Drogeriegesch\u00e4ft und ein Metzger. Das was dieses Fleckchen reizvoll macht: es gibt einen kleinen Sandstrand und vor dem Hafen liegen mehrere Ankerbojen. Nat\u00fcrlich f\u00fcr uns nicht so von Interesse, da wir wieder Starkregen haben.<\/p>\n\n\n\n<figure class=\"wp-block-image size-large is-style-default\"><img loading=\"lazy\" decoding=\"async\" width=\"1024\" height=\"498\" src=\"https:\/\/mybonnechance.de\/wp-content\/uploads\/2023\/08\/Hafen-6b-1-1024x498.jpg\" alt=\"\" class=\"wp-image-7604\" srcset=\"https:\/\/mybonnechance.de\/wp-content\/uploads\/2023\/08\/Hafen-6b-1-1024x498.jpg 1024w, https:\/\/mybonnechance.de\/wp-content\/uploads\/2023\/08\/Hafen-6b-1-300x146.jpg 300w, https:\/\/mybonnechance.de\/wp-content\/uploads\/2023\/08\/Hafen-6b-1-768x373.jpg 768w, https:\/\/mybonnechance.de\/wp-content\/uploads\/2023\/08\/Hafen-6b-1-1536x747.jpg 1536w, https:\/\/mybonnechance.de\/wp-content\/uploads\/2023\/08\/Hafen-6b-1-2048x996.jpg 2048w\" sizes=\"auto, (max-width: 767px) 89vw, (max-width: 1000px) 54vw, (max-width: 1071px) 543px, 580px\" \/><\/figure>\n\n\n\n<figure class=\"wp-block-gallery has-nested-images columns-default is-cropped wp-block-gallery-2 is-layout-flex wp-block-gallery-is-layout-flex\">\n<figure class=\"wp-block-image size-large is-style-default\"><img loading=\"lazy\" decoding=\"async\" width=\"498\" height=\"1024\" data-id=\"7616\" src=\"https:\/\/mybonnechance.de\/wp-content\/uploads\/2023\/08\/S.-Annaland-1-498x1024.jpg\" alt=\"\" class=\"wp-image-7616\" srcset=\"https:\/\/mybonnechance.de\/wp-content\/uploads\/2023\/08\/S.-Annaland-1-498x1024.jpg 498w, https:\/\/mybonnechance.de\/wp-content\/uploads\/2023\/08\/S.-Annaland-1-146x300.jpg 146w, https:\/\/mybonnechance.de\/wp-content\/uploads\/2023\/08\/S.-Annaland-1-768x1580.jpg 768w, https:\/\/mybonnechance.de\/wp-content\/uploads\/2023\/08\/S.-Annaland-1-747x1536.jpg 747w, https:\/\/mybonnechance.de\/wp-content\/uploads\/2023\/08\/S.-Annaland-1-996x2048.jpg 996w, https:\/\/mybonnechance.de\/wp-content\/uploads\/2023\/08\/S.-Annaland-1-scaled.jpg 1244w\" sizes=\"auto, (max-width: 498px) 100vw, 498px\" \/><figcaption class=\"wp-element-caption\"><strong>Mehr bietet S. Annaland nicht<\/strong><\/figcaption><\/figure>\n\n\n\n<figure class=\"wp-block-image size-large is-style-default\"><img loading=\"lazy\" decoding=\"async\" width=\"531\" height=\"1024\" data-id=\"7615\" src=\"https:\/\/mybonnechance.de\/wp-content\/uploads\/2023\/08\/S.Annaland-2-531x1024.jpg\" alt=\"\" class=\"wp-image-7615\" srcset=\"https:\/\/mybonnechance.de\/wp-content\/uploads\/2023\/08\/S.Annaland-2-531x1024.jpg 531w, https:\/\/mybonnechance.de\/wp-content\/uploads\/2023\/08\/S.Annaland-2-156x300.jpg 156w, https:\/\/mybonnechance.de\/wp-content\/uploads\/2023\/08\/S.Annaland-2-768x1480.jpg 768w, https:\/\/mybonnechance.de\/wp-content\/uploads\/2023\/08\/S.Annaland-2-797x1536.jpg 797w, https:\/\/mybonnechance.de\/wp-content\/uploads\/2023\/08\/S.Annaland-2-1062x2048.jpg 1062w, https:\/\/mybonnechance.de\/wp-content\/uploads\/2023\/08\/S.Annaland-2-scaled.jpg 1328w\" sizes=\"auto, (max-width: 531px) 100vw, 531px\" \/><\/figure>\n<\/figure>\n\n\n\n<p><strong>Tag 55,   Mittwoch    09. August<\/strong><br>Trotz des bew\u00f6lkten und windigen Wetters schwingen wir uns wieder aufs Rad und erkunden die westliche Seite von Tholen. \u00dcber <strong>Sint Martinsdijk<\/strong> geht es nach Stavenisse. Beide Orte haben keinen eigentlichen Ort, <strong>Stavenisse<\/strong> hat einen sehr h\u00fcbsch gelegenen Hafen. F\u00fcr uns allerdings eher ung\u00fcnstig, da es nur<strong> einen<\/strong> Seitensteg gibt, der auch nicht sehr lang ist.<\/p>\n\n\n\n<figure class=\"wp-block-image size-large is-resized is-style-default\"><img loading=\"lazy\" decoding=\"async\" src=\"https:\/\/mybonnechance.de\/wp-content\/uploads\/2023\/08\/Stavenisse-1-1024x498.jpg\" alt=\"\" class=\"wp-image-7607\" width=\"674\" height=\"327\" srcset=\"https:\/\/mybonnechance.de\/wp-content\/uploads\/2023\/08\/Stavenisse-1-1024x498.jpg 1024w, https:\/\/mybonnechance.de\/wp-content\/uploads\/2023\/08\/Stavenisse-1-300x146.jpg 300w, https:\/\/mybonnechance.de\/wp-content\/uploads\/2023\/08\/Stavenisse-1-768x373.jpg 768w, https:\/\/mybonnechance.de\/wp-content\/uploads\/2023\/08\/Stavenisse-1-1536x747.jpg 1536w, https:\/\/mybonnechance.de\/wp-content\/uploads\/2023\/08\/Stavenisse-1-2048x996.jpg 2048w\" sizes=\"auto, (max-width: 674px) 100vw, 674px\" \/><figcaption class=\"wp-element-caption\"><strong>Stavenisse<\/strong><\/figcaption><\/figure>\n\n\n\n<p>Am Nachmittag kommt endlich mal die Sonne heraus und wir unternehmen einen Schlauchbootausflug. Dabei sehen wir Schiffe, die wohl bei Flut auf einer Sandbank geankert haben und jetzt bei Ebbe trocken gefallen sind. Ich denke, da\u00df sie das wohl einkalkuliert haben oder ?? Wir schauen uns auch den Sandstrand an, aber es istmir  immer noch zu windig zum schwimmen.<\/p>\n\n\n\n<div class=\"wp-block-columns is-layout-flex wp-container-core-columns-is-layout-9d6595d7 wp-block-columns-is-layout-flex\">\n<div class=\"wp-block-column is-layout-flow wp-block-column-is-layout-flow\" style=\"flex-basis:25%\">\n<figure class=\"wp-block-image size-large is-style-default\"><img loading=\"lazy\" decoding=\"async\" width=\"498\" height=\"1024\" src=\"https:\/\/mybonnechance.de\/wp-content\/uploads\/2023\/08\/Hafen-11-498x1024.jpg\" alt=\"\" class=\"wp-image-7610\" srcset=\"https:\/\/mybonnechance.de\/wp-content\/uploads\/2023\/08\/Hafen-11-498x1024.jpg 498w, https:\/\/mybonnechance.de\/wp-content\/uploads\/2023\/08\/Hafen-11-146x300.jpg 146w, https:\/\/mybonnechance.de\/wp-content\/uploads\/2023\/08\/Hafen-11-768x1580.jpg 768w, https:\/\/mybonnechance.de\/wp-content\/uploads\/2023\/08\/Hafen-11-747x1536.jpg 747w, https:\/\/mybonnechance.de\/wp-content\/uploads\/2023\/08\/Hafen-11-996x2048.jpg 996w, https:\/\/mybonnechance.de\/wp-content\/uploads\/2023\/08\/Hafen-11-scaled.jpg 1244w\" sizes=\"auto, (max-width: 498px) 100vw, 498px\" \/><\/figure>\n<\/div>\n\n\n\n<div class=\"wp-block-column is-layout-flow wp-block-column-is-layout-flow\" style=\"flex-basis:50%\">\n<figure class=\"wp-block-image size-large is-style-default\"><img loading=\"lazy\" decoding=\"async\" width=\"1024\" height=\"498\" src=\"https:\/\/mybonnechance.de\/wp-content\/uploads\/2023\/08\/Hafen-4a-1-1024x498.jpg\" alt=\"\" class=\"wp-image-7611\" srcset=\"https:\/\/mybonnechance.de\/wp-content\/uploads\/2023\/08\/Hafen-4a-1-1024x498.jpg 1024w, https:\/\/mybonnechance.de\/wp-content\/uploads\/2023\/08\/Hafen-4a-1-300x146.jpg 300w, https:\/\/mybonnechance.de\/wp-content\/uploads\/2023\/08\/Hafen-4a-1-768x373.jpg 768w, https:\/\/mybonnechance.de\/wp-content\/uploads\/2023\/08\/Hafen-4a-1-1536x747.jpg 1536w, https:\/\/mybonnechance.de\/wp-content\/uploads\/2023\/08\/Hafen-4a-1-2048x996.jpg 2048w\" sizes=\"auto, (max-width: 767px) 89vw, (max-width: 1000px) 54vw, (max-width: 1071px) 543px, 580px\" \/><\/figure>\n<\/div>\n\n\n\n<div class=\"wp-block-column is-layout-flow wp-block-column-is-layout-flow\" style=\"flex-basis:25%\">\n<figure class=\"wp-block-image size-large is-style-default\"><img loading=\"lazy\" decoding=\"async\" width=\"498\" height=\"1024\" src=\"https:\/\/mybonnechance.de\/wp-content\/uploads\/2023\/08\/Hafen-10-498x1024.jpg\" alt=\"\" class=\"wp-image-7612\" srcset=\"https:\/\/mybonnechance.de\/wp-content\/uploads\/2023\/08\/Hafen-10-498x1024.jpg 498w, https:\/\/mybonnechance.de\/wp-content\/uploads\/2023\/08\/Hafen-10-146x300.jpg 146w, https:\/\/mybonnechance.de\/wp-content\/uploads\/2023\/08\/Hafen-10-768x1580.jpg 768w, https:\/\/mybonnechance.de\/wp-content\/uploads\/2023\/08\/Hafen-10-747x1536.jpg 747w, https:\/\/mybonnechance.de\/wp-content\/uploads\/2023\/08\/Hafen-10-996x2048.jpg 996w, https:\/\/mybonnechance.de\/wp-content\/uploads\/2023\/08\/Hafen-10-scaled.jpg 1244w\" sizes=\"auto, (max-width: 498px) 100vw, 498px\" \/><\/figure>\n<\/div>\n<\/div>\n\n\n","protected":false},"excerpt":{"rendered":"<p>Tag 54, Dienstag 08 August Zieriksee, Gemeindhaven &#8211; Sint Annaland, WSV22,3 km \u2013 2,2 Std. Fahrzeit Morgens klappt es tats\u00e4chlih mit den anderen Schiffen. Sie sehen teilweise zwar noch etwas m\u00fcde aus &#8211; aber wir k\u00f6nnen um 08:10 starten. Diesmal ist es ein sehr viel angenehmeres Fahren auf der Oosterschelde. Wie vorausgesagt stehen heute Wind, &hellip; <\/p>\n<p class=\"link-more\"><a href=\"https:\/\/mybonnechance.de\/?page_id=7542\" class=\"more-link\"><span class=\"screen-reader-text\">\u201e2023-23 Sint-Annaland (Stavenisse)\u201c<\/span> weiterlesen<\/a><\/p>\n","protected":false},"author":1,"featured_media":0,"parent":0,"menu_order":0,"comment_status":"closed","ping_status":"closed","template":"","meta":{"ngg_post_thumbnail":0,"footnotes":""},"class_list":["post-7542","page","type-page","status-publish","hentry"],"_links":{"self":[{"href":"https:\/\/mybonnechance.de\/index.php?rest_route=\/wp\/v2\/pages\/7542","targetHints":{"allow":["GET"]}}],"collection":[{"href":"https:\/\/mybonnechance.de\/index.php?rest_route=\/wp\/v2\/pages"}],"about":[{"href":"https:\/\/mybonnechance.de\/index.php?rest_route=\/wp\/v2\/types\/page"}],"author":[{"embeddable":true,"href":"https:\/\/mybonnechance.de\/index.php?rest_route=\/wp\/v2\/users\/1"}],"replies":[{"embeddable":true,"href":"https:\/\/mybonnechance.de\/index.php?rest_route=%2Fwp%2Fv2%2Fcomments&post=7542"}],"version-history":[{"count":8,"href":"https:\/\/mybonnechance.de\/index.php?rest_route=\/wp\/v2\/pages\/7542\/revisions"}],"predecessor-version":[{"id":7617,"href":"https:\/\/mybonnechance.de\/index.php?rest_route=\/wp\/v2\/pages\/7542\/revisions\/7617"}],"wp:attachment":[{"href":"https:\/\/mybonnechance.de\/index.php?rest_route=%2Fwp%2Fv2%2Fmedia&parent=7542"}],"curies":[{"name":"wp","href":"https:\/\/api.w.org\/{rel}","templated":true}]}}