{"id":7655,"date":"2023-08-28T12:34:08","date_gmt":"2023-08-28T12:34:08","guid":{"rendered":"https:\/\/mybonnechance.de\/?page_id=7655"},"modified":"2023-09-09T13:16:24","modified_gmt":"2023-09-09T13:16:24","slug":"2023-28-rotterdam","status":"publish","type":"page","link":"https:\/\/mybonnechance.de\/?page_id=7655","title":{"rendered":"2023-28 Rotterdam"},"content":{"rendered":"\n<p><strong>Tag 71, Freitag 25 August<\/strong> <strong> Anleger Brielse Meer<\/strong> <strong>&#8211; Rotterdam, City Marina<\/strong><br><em>31 km \u2013 1 Schleuse <\/em>\u2013 <em>1 bewegl. Br\u00fccke<\/em> &#8211; <em>3,83 Std. Fahrzeit<\/em><br>Wir fahren bereits kurz nach acht Uhr morgens los und es herrscht eine wunderbare Stille auf dem Wasser. Die Sonne l\u00e4\u00dft sich schon blicken und es wird eine gem\u00fctliche Fahrt bis wir zur Oude Maas und Nieuwe Maas gelangen. Der Schiffsverkehr von Rotterdam ist mehr als zu sp\u00fcren und zwischendurch kommt der Gedanke auf, ich h\u00e4tte besser die Gl\u00e4ser und Deko weggestellt. Eigentlich sind es die schnellen Wassertaxis die uns noch  mehr um schaukeln bringen als die Frachter. Aber es geht alles gut, nix zerdeppert.  <br>Wir entscheiden uns gegen den Delftshaven im alten Hafenviertel von Rotterdam, da wir dann durch die Parkschleusen und durch weitere Br\u00fccken fahren m\u00fcssten und das Ganze auch wieder zur\u00fcck.&nbsp; Deshalb laufen wir die City Marina im Entreport von Kop van Zuid an. Wir m\u00fcssen kurz vor der Binnenhavenbrug, die uns in den Hafen f\u00fchrt, warten. ALle Br\u00fccken werden zentral geschaltet und vor unserer kleinen Hafenbr\u00fccke muss erst noch die Konigenbrug f\u00fcr eine Arbeitsplattform ge\u00f6ffnet werden.<\/p>\n\n\n\n<div class=\"wp-block-columns is-layout-flex wp-container-core-columns-is-layout-9d6595d7 wp-block-columns-is-layout-flex\">\n<div class=\"wp-block-column is-layout-flow wp-block-column-is-layout-flow\" style=\"flex-basis:33.33%\">\n<figure class=\"wp-block-image size-large is-style-default\"><img loading=\"lazy\" decoding=\"async\" width=\"498\" height=\"1024\" src=\"https:\/\/mybonnechance.de\/wp-content\/uploads\/2023\/08\/Koniginnenbrug-2-498x1024.jpg\" alt=\"\" class=\"wp-image-7728\" srcset=\"https:\/\/mybonnechance.de\/wp-content\/uploads\/2023\/08\/Koniginnenbrug-2-498x1024.jpg 498w, https:\/\/mybonnechance.de\/wp-content\/uploads\/2023\/08\/Koniginnenbrug-2-146x300.jpg 146w, https:\/\/mybonnechance.de\/wp-content\/uploads\/2023\/08\/Koniginnenbrug-2-768x1580.jpg 768w, https:\/\/mybonnechance.de\/wp-content\/uploads\/2023\/08\/Koniginnenbrug-2-747x1536.jpg 747w, https:\/\/mybonnechance.de\/wp-content\/uploads\/2023\/08\/Koniginnenbrug-2-996x2048.jpg 996w, https:\/\/mybonnechance.de\/wp-content\/uploads\/2023\/08\/Koniginnenbrug-2-scaled.jpg 1244w\" sizes=\"auto, (max-width: 498px) 100vw, 498px\" \/><figcaption class=\"wp-element-caption\"><strong>Konigenbrug<\/strong><\/figcaption><\/figure>\n<\/div>\n\n\n\n<div class=\"wp-block-column is-layout-flow wp-block-column-is-layout-flow\" style=\"flex-basis:66.66%\">\n<figure class=\"wp-block-image size-large is-style-default\"><img loading=\"lazy\" decoding=\"async\" width=\"1024\" height=\"498\" src=\"https:\/\/mybonnechance.de\/wp-content\/uploads\/2023\/08\/Koningshaven-brug-2a-1024x498.jpg\" alt=\"\" class=\"wp-image-7729\" srcset=\"https:\/\/mybonnechance.de\/wp-content\/uploads\/2023\/08\/Koningshaven-brug-2a-1024x498.jpg 1024w, https:\/\/mybonnechance.de\/wp-content\/uploads\/2023\/08\/Koningshaven-brug-2a-300x146.jpg 300w, https:\/\/mybonnechance.de\/wp-content\/uploads\/2023\/08\/Koningshaven-brug-2a-768x373.jpg 768w, https:\/\/mybonnechance.de\/wp-content\/uploads\/2023\/08\/Koningshaven-brug-2a-1536x747.jpg 1536w, https:\/\/mybonnechance.de\/wp-content\/uploads\/2023\/08\/Koningshaven-brug-2a-2048x996.jpg 2048w\" sizes=\"auto, (max-width: 767px) 89vw, (max-width: 1000px) 54vw, (max-width: 1071px) 543px, 580px\" \/><\/figure>\n\n\n\n<p><\/p>\n\n\n\n<p><strong>Und durch diese Hohe Br\u00fccke paste das Segelschiff von Herrn Bezos nicht durch \ud83d\ude42<\/strong><\/p>\n<\/div>\n<\/div>\n\n\n\n<p>Die Marina ist umgeben von Hochh\u00e4usern auf der einen Seite und von einer Restaurantkade andererseits. Wir k\u00f6nnen dort anlegen, leider ist nur das Wlan nicht so berauschend und stabil. Wir wechseln deshalb auf das Wlan vom Restaurant. Am Abend genehmigen wir uns einen Cocktail dort, wobei der wohl mehr aus Saft als aus Alkohol besteht.<\/p>\n\n\n\n<p><strong>Tag 72 &#8211; 74, Samstag 26 August<\/strong> <strong>&#8211; Montag 28 August<\/strong><br>Samstagmorgen erstmal einkaufen bei <strong>Jumbo<\/strong>, der sich direkt hinter dem Geb\u00e4ude vom Entrepot befindet. Das Wetter ist besser als erwartet, zwar bew\u00f6lkt aber die Sonne kommt immer wieder durch und die Temperatur ist angenehm. Also auf in die City, zu Fu\u00df. Es sind  ca. 20 &#8211; 25 min. zu laufen, entweder \u00fcber die Erasmusbrugeinerseits oder Wilhelmbrug andererseits. F\u00fcr die Richtung Kubush\u00e4user ist letztere Br\u00fccke besser, f\u00fcr die Shoppingmeile die Erasmusbrug. Immer wieder beeindrucken sind die <strong>Kubush\u00e4user <\/strong>und die <strong>Markthal<\/strong>. <\/p>\n\n\n\n<div class=\"wp-block-columns is-layout-flex wp-container-core-columns-is-layout-9d6595d7 wp-block-columns-is-layout-flex\">\n<div class=\"wp-block-column is-layout-flow wp-block-column-is-layout-flow\">\n<figure class=\"wp-block-image size-large is-resized is-style-default\"><img loading=\"lazy\" decoding=\"async\" src=\"https:\/\/mybonnechance.de\/wp-content\/uploads\/2023\/09\/Markthal-1-498x1024.jpg\" alt=\"\" class=\"wp-image-7756\" style=\"width:203px;height:418px\" width=\"203\" height=\"418\" srcset=\"https:\/\/mybonnechance.de\/wp-content\/uploads\/2023\/09\/Markthal-1-498x1024.jpg 498w, https:\/\/mybonnechance.de\/wp-content\/uploads\/2023\/09\/Markthal-1-146x300.jpg 146w, https:\/\/mybonnechance.de\/wp-content\/uploads\/2023\/09\/Markthal-1-768x1580.jpg 768w, https:\/\/mybonnechance.de\/wp-content\/uploads\/2023\/09\/Markthal-1-747x1536.jpg 747w, https:\/\/mybonnechance.de\/wp-content\/uploads\/2023\/09\/Markthal-1-996x2048.jpg 996w, https:\/\/mybonnechance.de\/wp-content\/uploads\/2023\/09\/Markthal-1-scaled.jpg 1244w\" sizes=\"auto, (max-width: 203px) 100vw, 203px\" \/><figcaption class=\"wp-element-caption\"><strong>Die Markthal<\/strong><\/figcaption><\/figure>\n<\/div>\n\n\n\n<div class=\"wp-block-column is-layout-flow wp-block-column-is-layout-flow\">\n<figure class=\"wp-block-image size-large is-style-default\"><img loading=\"lazy\" decoding=\"async\" width=\"498\" height=\"1024\" src=\"https:\/\/mybonnechance.de\/wp-content\/uploads\/2023\/09\/Markthal-1a-1-498x1024.jpg\" alt=\"\" class=\"wp-image-7757\" srcset=\"https:\/\/mybonnechance.de\/wp-content\/uploads\/2023\/09\/Markthal-1a-1-498x1024.jpg 498w, https:\/\/mybonnechance.de\/wp-content\/uploads\/2023\/09\/Markthal-1a-1-146x300.jpg 146w, https:\/\/mybonnechance.de\/wp-content\/uploads\/2023\/09\/Markthal-1a-1-768x1580.jpg 768w, https:\/\/mybonnechance.de\/wp-content\/uploads\/2023\/09\/Markthal-1a-1-747x1536.jpg 747w, https:\/\/mybonnechance.de\/wp-content\/uploads\/2023\/09\/Markthal-1a-1-996x2048.jpg 996w, https:\/\/mybonnechance.de\/wp-content\/uploads\/2023\/09\/Markthal-1a-1-scaled.jpg 1244w\" sizes=\"auto, (max-width: 498px) 100vw, 498px\" \/><\/figure>\n<\/div>\n\n\n\n<div class=\"wp-block-column is-layout-flow wp-block-column-is-layout-flow\">\n<figure class=\"wp-block-image size-large is-style-default\"><img loading=\"lazy\" decoding=\"async\" width=\"498\" height=\"1024\" src=\"https:\/\/mybonnechance.de\/wp-content\/uploads\/2023\/09\/Markthal-4-1-498x1024.jpg\" alt=\"\" class=\"wp-image-7758\" srcset=\"https:\/\/mybonnechance.de\/wp-content\/uploads\/2023\/09\/Markthal-4-1-498x1024.jpg 498w, https:\/\/mybonnechance.de\/wp-content\/uploads\/2023\/09\/Markthal-4-1-146x300.jpg 146w, https:\/\/mybonnechance.de\/wp-content\/uploads\/2023\/09\/Markthal-4-1-768x1580.jpg 768w, https:\/\/mybonnechance.de\/wp-content\/uploads\/2023\/09\/Markthal-4-1-747x1536.jpg 747w, https:\/\/mybonnechance.de\/wp-content\/uploads\/2023\/09\/Markthal-4-1-996x2048.jpg 996w, https:\/\/mybonnechance.de\/wp-content\/uploads\/2023\/09\/Markthal-4-1-scaled.jpg 1244w\" sizes=\"auto, (max-width: 498px) 100vw, 498px\" \/><\/figure>\n<\/div>\n<\/div>\n\n\n\n<figure class=\"wp-block-gallery has-nested-images columns-default is-cropped wp-block-gallery-1 is-layout-flex wp-block-gallery-is-layout-flex\">\n<figure class=\"wp-block-image size-large is-style-default\"><img loading=\"lazy\" decoding=\"async\" width=\"1024\" height=\"498\" data-id=\"7759\" src=\"https:\/\/mybonnechance.de\/wp-content\/uploads\/2023\/09\/20210903_103253-1024x498.jpg\" alt=\"\" class=\"wp-image-7759\" srcset=\"https:\/\/mybonnechance.de\/wp-content\/uploads\/2023\/09\/20210903_103253-1024x498.jpg 1024w, https:\/\/mybonnechance.de\/wp-content\/uploads\/2023\/09\/20210903_103253-300x146.jpg 300w, https:\/\/mybonnechance.de\/wp-content\/uploads\/2023\/09\/20210903_103253-768x373.jpg 768w, https:\/\/mybonnechance.de\/wp-content\/uploads\/2023\/09\/20210903_103253-1536x747.jpg 1536w, https:\/\/mybonnechance.de\/wp-content\/uploads\/2023\/09\/20210903_103253-2048x996.jpg 2048w\" sizes=\"auto, (max-width: 767px) 89vw, (max-width: 1000px) 54vw, (max-width: 1071px) 543px, 580px\" \/><figcaption class=\"wp-element-caption\"><strong>Kubush\u00e4user<\/strong><\/figcaption><\/figure>\n\n\n\n<figure class=\"wp-block-image size-large is-style-default\"><img loading=\"lazy\" decoding=\"async\" width=\"1024\" height=\"498\" data-id=\"7760\" src=\"https:\/\/mybonnechance.de\/wp-content\/uploads\/2023\/09\/20210903_103510-1024x498.jpg\" alt=\"\" class=\"wp-image-7760\" srcset=\"https:\/\/mybonnechance.de\/wp-content\/uploads\/2023\/09\/20210903_103510-1024x498.jpg 1024w, https:\/\/mybonnechance.de\/wp-content\/uploads\/2023\/09\/20210903_103510-300x146.jpg 300w, https:\/\/mybonnechance.de\/wp-content\/uploads\/2023\/09\/20210903_103510-768x373.jpg 768w, https:\/\/mybonnechance.de\/wp-content\/uploads\/2023\/09\/20210903_103510-1536x747.jpg 1536w, https:\/\/mybonnechance.de\/wp-content\/uploads\/2023\/09\/20210903_103510-2048x996.jpg 2048w\" sizes=\"auto, (max-width: 767px) 89vw, (max-width: 1000px) 54vw, (max-width: 1071px) 543px, 580px\" \/><\/figure>\n<\/figure>\n\n\n\n<p>Rotterdam gef\u00e4llt mit fast besser als Amsterdam, kann aber daran liegen, da\u00df hier keine Canabiswolke \u00fcber der Stadt schwebt \ud83d\ude09 Die Stadt erkundet man sehr gut zu Fu\u00df, wobei es nat\u00fcrlich auch gute Metroverbindungen zu den etwas entfernteren Sehensw\u00fcrdigkeiten gibt &#8211; oder man nimmt das Rad. Sehr sch\u00f6n ist auch der Delftshaven, den wir diesmal nicht besuchen. Das Wetter ist zwar sch\u00f6n, aber eben doch zu unbest\u00e4ndig f\u00fcrs Fahrrad. Es kommen immer wieder kleine Regenschauer. <br>Abends gehen wir in ein <strong>Restaurant an der Hafenkade, im &#8222;OKay&#8220;<\/strong> essen. Ist zu empfehlen, ich habe selten so gute Pommes gegessen.<\/p>\n\n\n\n<figure class=\"wp-block-gallery has-nested-images columns-default is-cropped wp-block-gallery-2 is-layout-flex wp-block-gallery-is-layout-flex\">\n<figure class=\"wp-block-image size-large is-style-default\"><img loading=\"lazy\" decoding=\"async\" width=\"498\" height=\"1024\" data-id=\"7765\" src=\"https:\/\/mybonnechance.de\/wp-content\/uploads\/2023\/09\/Hafen-3-1-498x1024.jpg\" alt=\"\" class=\"wp-image-7765\" srcset=\"https:\/\/mybonnechance.de\/wp-content\/uploads\/2023\/09\/Hafen-3-1-498x1024.jpg 498w, https:\/\/mybonnechance.de\/wp-content\/uploads\/2023\/09\/Hafen-3-1-146x300.jpg 146w, https:\/\/mybonnechance.de\/wp-content\/uploads\/2023\/09\/Hafen-3-1-768x1580.jpg 768w, https:\/\/mybonnechance.de\/wp-content\/uploads\/2023\/09\/Hafen-3-1-747x1536.jpg 747w, https:\/\/mybonnechance.de\/wp-content\/uploads\/2023\/09\/Hafen-3-1-996x2048.jpg 996w, https:\/\/mybonnechance.de\/wp-content\/uploads\/2023\/09\/Hafen-3-1-scaled.jpg 1244w\" sizes=\"auto, (max-width: 498px) 100vw, 498px\" \/><\/figure>\n\n\n\n<figure class=\"wp-block-image size-large is-style-default\"><img loading=\"lazy\" decoding=\"async\" width=\"498\" height=\"1024\" data-id=\"7766\" src=\"https:\/\/mybonnechance.de\/wp-content\/uploads\/2023\/09\/Hafen-4-498x1024.jpg\" alt=\"\" class=\"wp-image-7766\" srcset=\"https:\/\/mybonnechance.de\/wp-content\/uploads\/2023\/09\/Hafen-4-498x1024.jpg 498w, https:\/\/mybonnechance.de\/wp-content\/uploads\/2023\/09\/Hafen-4-146x300.jpg 146w, https:\/\/mybonnechance.de\/wp-content\/uploads\/2023\/09\/Hafen-4-768x1580.jpg 768w, https:\/\/mybonnechance.de\/wp-content\/uploads\/2023\/09\/Hafen-4-747x1536.jpg 747w, https:\/\/mybonnechance.de\/wp-content\/uploads\/2023\/09\/Hafen-4-996x2048.jpg 996w, https:\/\/mybonnechance.de\/wp-content\/uploads\/2023\/09\/Hafen-4-scaled.jpg 1244w\" sizes=\"auto, (max-width: 498px) 100vw, 498px\" \/><\/figure>\n\n\n\n<figure class=\"wp-block-image size-large is-style-default\"><img loading=\"lazy\" decoding=\"async\" width=\"498\" height=\"1024\" data-id=\"7767\" src=\"https:\/\/mybonnechance.de\/wp-content\/uploads\/2023\/09\/Hafen-4a-498x1024.jpg\" alt=\"\" class=\"wp-image-7767\" srcset=\"https:\/\/mybonnechance.de\/wp-content\/uploads\/2023\/09\/Hafen-4a-498x1024.jpg 498w, https:\/\/mybonnechance.de\/wp-content\/uploads\/2023\/09\/Hafen-4a-146x300.jpg 146w, https:\/\/mybonnechance.de\/wp-content\/uploads\/2023\/09\/Hafen-4a-768x1580.jpg 768w, https:\/\/mybonnechance.de\/wp-content\/uploads\/2023\/09\/Hafen-4a-747x1536.jpg 747w, https:\/\/mybonnechance.de\/wp-content\/uploads\/2023\/09\/Hafen-4a-996x2048.jpg 996w, https:\/\/mybonnechance.de\/wp-content\/uploads\/2023\/09\/Hafen-4a-scaled.jpg 1244w\" sizes=\"auto, (max-width: 498px) 100vw, 498px\" \/><\/figure>\n<\/figure>\n\n\n\n<p>Sonntag ist es ausgesprochen tr\u00fcbe und regnerisch. Zum Trost genehmigen wir uns einen Afternoon Tea im<strong> Hotel New York.<\/strong><\/p>\n\n\n\n<figure class=\"wp-block-gallery has-nested-images columns-default is-cropped wp-block-gallery-3 is-layout-flex wp-block-gallery-is-layout-flex\">\n<figure class=\"wp-block-image size-large is-style-default\"><img loading=\"lazy\" decoding=\"async\" width=\"1024\" height=\"689\" data-id=\"7747\" src=\"https:\/\/mybonnechance.de\/wp-content\/uploads\/2023\/09\/Hotel-NY-0-1024x689.jpg\" alt=\"\" class=\"wp-image-7747\" srcset=\"https:\/\/mybonnechance.de\/wp-content\/uploads\/2023\/09\/Hotel-NY-0-1024x689.jpg 1024w, https:\/\/mybonnechance.de\/wp-content\/uploads\/2023\/09\/Hotel-NY-0-300x202.jpg 300w, https:\/\/mybonnechance.de\/wp-content\/uploads\/2023\/09\/Hotel-NY-0-768x516.jpg 768w, https:\/\/mybonnechance.de\/wp-content\/uploads\/2023\/09\/Hotel-NY-0-1536x1033.jpg 1536w, https:\/\/mybonnechance.de\/wp-content\/uploads\/2023\/09\/Hotel-NY-0-2048x1377.jpg 2048w\" sizes=\"auto, (max-width: 767px) 89vw, (max-width: 1000px) 54vw, (max-width: 1071px) 543px, 580px\" \/><\/figure>\n\n\n\n<figure class=\"wp-block-image size-large is-style-default\"><img loading=\"lazy\" decoding=\"async\" width=\"1024\" height=\"498\" data-id=\"7748\" src=\"https:\/\/mybonnechance.de\/wp-content\/uploads\/2023\/09\/Hotel-NY-1-1-1024x498.jpg\" alt=\"\" class=\"wp-image-7748\" srcset=\"https:\/\/mybonnechance.de\/wp-content\/uploads\/2023\/09\/Hotel-NY-1-1-1024x498.jpg 1024w, https:\/\/mybonnechance.de\/wp-content\/uploads\/2023\/09\/Hotel-NY-1-1-300x146.jpg 300w, https:\/\/mybonnechance.de\/wp-content\/uploads\/2023\/09\/Hotel-NY-1-1-768x373.jpg 768w, https:\/\/mybonnechance.de\/wp-content\/uploads\/2023\/09\/Hotel-NY-1-1-1536x747.jpg 1536w, https:\/\/mybonnechance.de\/wp-content\/uploads\/2023\/09\/Hotel-NY-1-1-2048x996.jpg 2048w\" sizes=\"auto, (max-width: 767px) 89vw, (max-width: 1000px) 54vw, (max-width: 1071px) 543px, 580px\" \/><\/figure>\n<\/figure>\n\n\n\n<div class=\"wp-block-columns is-layout-flex wp-container-core-columns-is-layout-9d6595d7 wp-block-columns-is-layout-flex\">\n<div class=\"wp-block-column is-layout-flow wp-block-column-is-layout-flow\">\n<figure class=\"wp-block-image size-large is-style-default\"><img loading=\"lazy\" decoding=\"async\" width=\"498\" height=\"1024\" src=\"https:\/\/mybonnechance.de\/wp-content\/uploads\/2023\/09\/Hotel-NY-4-498x1024.jpg\" alt=\"\" class=\"wp-image-7749\" srcset=\"https:\/\/mybonnechance.de\/wp-content\/uploads\/2023\/09\/Hotel-NY-4-498x1024.jpg 498w, https:\/\/mybonnechance.de\/wp-content\/uploads\/2023\/09\/Hotel-NY-4-146x300.jpg 146w, https:\/\/mybonnechance.de\/wp-content\/uploads\/2023\/09\/Hotel-NY-4-768x1580.jpg 768w, https:\/\/mybonnechance.de\/wp-content\/uploads\/2023\/09\/Hotel-NY-4-747x1536.jpg 747w, https:\/\/mybonnechance.de\/wp-content\/uploads\/2023\/09\/Hotel-NY-4-996x2048.jpg 996w, https:\/\/mybonnechance.de\/wp-content\/uploads\/2023\/09\/Hotel-NY-4-scaled.jpg 1244w\" sizes=\"auto, (max-width: 498px) 100vw, 498px\" \/><\/figure>\n<\/div>\n\n\n\n<div class=\"wp-block-column is-layout-flow wp-block-column-is-layout-flow\">\n<figure class=\"wp-block-image size-large is-style-default\"><img loading=\"lazy\" decoding=\"async\" width=\"498\" height=\"1024\" src=\"https:\/\/mybonnechance.de\/wp-content\/uploads\/2023\/09\/Hotel-NY-5-498x1024.jpg\" alt=\"\" class=\"wp-image-7750\" srcset=\"https:\/\/mybonnechance.de\/wp-content\/uploads\/2023\/09\/Hotel-NY-5-498x1024.jpg 498w, https:\/\/mybonnechance.de\/wp-content\/uploads\/2023\/09\/Hotel-NY-5-146x300.jpg 146w, https:\/\/mybonnechance.de\/wp-content\/uploads\/2023\/09\/Hotel-NY-5-768x1580.jpg 768w, https:\/\/mybonnechance.de\/wp-content\/uploads\/2023\/09\/Hotel-NY-5-747x1536.jpg 747w, https:\/\/mybonnechance.de\/wp-content\/uploads\/2023\/09\/Hotel-NY-5-996x2048.jpg 996w, https:\/\/mybonnechance.de\/wp-content\/uploads\/2023\/09\/Hotel-NY-5-scaled.jpg 1244w\" sizes=\"auto, (max-width: 498px) 100vw, 498px\" \/><\/figure>\n<\/div>\n\n\n\n<div class=\"wp-block-column is-layout-flow wp-block-column-is-layout-flow\">\n<figure class=\"wp-block-image size-large is-style-default\"><img loading=\"lazy\" decoding=\"async\" width=\"498\" height=\"1024\" src=\"https:\/\/mybonnechance.de\/wp-content\/uploads\/2023\/09\/Hotel-NY-5a-498x1024.jpg\" alt=\"\" class=\"wp-image-7751\" srcset=\"https:\/\/mybonnechance.de\/wp-content\/uploads\/2023\/09\/Hotel-NY-5a-498x1024.jpg 498w, https:\/\/mybonnechance.de\/wp-content\/uploads\/2023\/09\/Hotel-NY-5a-146x300.jpg 146w, https:\/\/mybonnechance.de\/wp-content\/uploads\/2023\/09\/Hotel-NY-5a-768x1580.jpg 768w, https:\/\/mybonnechance.de\/wp-content\/uploads\/2023\/09\/Hotel-NY-5a-747x1536.jpg 747w, https:\/\/mybonnechance.de\/wp-content\/uploads\/2023\/09\/Hotel-NY-5a-996x2048.jpg 996w, https:\/\/mybonnechance.de\/wp-content\/uploads\/2023\/09\/Hotel-NY-5a-scaled.jpg 1244w\" sizes=\"auto, (max-width: 498px) 100vw, 498px\" \/><\/figure>\n<\/div>\n<\/div>\n\n\n\n<p>Auch der Montag beschert uns weiterhin unbest\u00e4ndiges Wetter, so da\u00df meine erhoffte Fahrradtour nach Schiedam nicht stattfindet.  Es sieht, trotz Sonne, auch immer wieder nach Regen aus. Also nochmal ab ins St\u00e4dtchen. Da ich gerne noch eine Stadtflagge von Rotterdam haben m\u00f6chte machen wir uns nochmal zu Fu\u00df in die Innenstadt auf. Der Hafenmeister schickt uns zum Fan Shop von Feynoord, aber da gibt es keine, genauso wenig wie im Tourismusb\u00fcro. Die haben aber den richtigen Tipp mit einem Souvenirshop unter der Erasmusbrug. Insgesamt sind wir dann 11 km gelaufen und danach bin ich geschafft. F\u00fc\u00dfe wieder ins Hafenbecken halten und ausruhen.<\/p>\n\n\n","protected":false},"excerpt":{"rendered":"<p>Tag 71, Freitag 25 August Anleger Brielse Meer &#8211; Rotterdam, City Marina31 km \u2013 1 Schleuse \u2013 1 bewegl. Br\u00fccke &#8211; 3,83 Std. FahrzeitWir fahren bereits kurz nach acht Uhr morgens los und es herrscht eine wunderbare Stille auf dem Wasser. Die Sonne l\u00e4\u00dft sich schon blicken und es wird eine gem\u00fctliche Fahrt bis wir &hellip; <\/p>\n<p class=\"link-more\"><a href=\"https:\/\/mybonnechance.de\/?page_id=7655\" class=\"more-link\"><span class=\"screen-reader-text\">\u201e2023-28 Rotterdam\u201c<\/span> weiterlesen<\/a><\/p>\n","protected":false},"author":1,"featured_media":0,"parent":0,"menu_order":0,"comment_status":"closed","ping_status":"closed","template":"","meta":{"ngg_post_thumbnail":0,"footnotes":""},"class_list":["post-7655","page","type-page","status-publish","hentry"],"_links":{"self":[{"href":"https:\/\/mybonnechance.de\/index.php?rest_route=\/wp\/v2\/pages\/7655","targetHints":{"allow":["GET"]}}],"collection":[{"href":"https:\/\/mybonnechance.de\/index.php?rest_route=\/wp\/v2\/pages"}],"about":[{"href":"https:\/\/mybonnechance.de\/index.php?rest_route=\/wp\/v2\/types\/page"}],"author":[{"embeddable":true,"href":"https:\/\/mybonnechance.de\/index.php?rest_route=\/wp\/v2\/users\/1"}],"replies":[{"embeddable":true,"href":"https:\/\/mybonnechance.de\/index.php?rest_route=%2Fwp%2Fv2%2Fcomments&post=7655"}],"version-history":[{"count":11,"href":"https:\/\/mybonnechance.de\/index.php?rest_route=\/wp\/v2\/pages\/7655\/revisions"}],"predecessor-version":[{"id":7770,"href":"https:\/\/mybonnechance.de\/index.php?rest_route=\/wp\/v2\/pages\/7655\/revisions\/7770"}],"wp:attachment":[{"href":"https:\/\/mybonnechance.de\/index.php?rest_route=%2Fwp%2Fv2%2Fmedia&parent=7655"}],"curies":[{"name":"wp","href":"https:\/\/api.w.org\/{rel}","templated":true}]}}