{"id":7883,"date":"2023-09-19T14:21:48","date_gmt":"2023-09-19T14:21:48","guid":{"rendered":"https:\/\/mybonnechance.de\/?page_id=7883"},"modified":"2023-09-19T15:12:49","modified_gmt":"2023-09-19T15:12:49","slug":"2023-32-hank-geertruidenberg","status":"publish","type":"page","link":"https:\/\/mybonnechance.de\/?page_id=7883","title":{"rendered":"2023-32 Hank (Geertruidenberg)"},"content":{"rendered":"\n<p><strong>Tag 85, Freitag 08 September<\/strong> <strong> Biesbosch, Aaklavai<\/strong> <strong>&#8211; Hank, Hafen Vissershang<\/strong><br>5<em> km <\/em>&#8211; 1 <em>Std. Fahrzeit<\/em><\/p>\n\n\n\n<p>Also mal eben noch zur Maas, bevor es zur\u00fcck in den Hafen geht. Wir bleiben noch bis Mittags im Biesbosch bevor wir uns Richtung Hafen aufmachen.  Es wird hier auch immer lauter und unruhiger \u2013 das WE wirft schon seine Schatten. Km und Fahrstrecke kommen dadurch zu Stande, da\u00df wir nach 4 Tagen im Biesbosch dringen abpumpen m\u00fcssen, bevor wir in den <strong>Hafen nach Vissershang <\/strong>einfahren.<br>Da hat sich nicht viel ge\u00e4ndert, au\u00dfer dass ich ihn vor 4 Jahren irgendwie gem\u00fctlicher in Erinnerung hatte. Das Hafenrestaurant hat, wie nat\u00fcrlich \u00fcberall, die Preise ebenfalss angezogen und so verzichten wir auf einen Besuch am Abend. Nachmittags essen wir dort ein Eis und bezahlen f\u00fcr 2 x 2 Kugeln Eis mit Sahne stolze 12,50. Es ist mittlerweile so eine Hitze, dass ich  nicht wei\u00df, wo ich mich lassen soll. Am Besten nat\u00fcrlich im Wasser, da ist aber der Hafen leidr so gar nicht geeignet &#8211; zu schmutzig. War vielleicht doch keine so gute Idee den Biesbosch zu verlassen.<\/p>\n\n\n\n<div class=\"wp-block-columns is-layout-flex wp-container-core-columns-is-layout-9d6595d7 wp-block-columns-is-layout-flex\">\n<div class=\"wp-block-column is-layout-flow wp-block-column-is-layout-flow\">\n<figure class=\"wp-block-image size-large is-style-default\"><img loading=\"lazy\" decoding=\"async\" width=\"498\" height=\"1024\" src=\"https:\/\/mybonnechance.de\/wp-content\/uploads\/2023\/09\/Hafen-3-2-498x1024.jpg\" alt=\"\" class=\"wp-image-7904\" srcset=\"https:\/\/mybonnechance.de\/wp-content\/uploads\/2023\/09\/Hafen-3-2-498x1024.jpg 498w, https:\/\/mybonnechance.de\/wp-content\/uploads\/2023\/09\/Hafen-3-2-146x300.jpg 146w, https:\/\/mybonnechance.de\/wp-content\/uploads\/2023\/09\/Hafen-3-2-768x1580.jpg 768w, https:\/\/mybonnechance.de\/wp-content\/uploads\/2023\/09\/Hafen-3-2-747x1536.jpg 747w, https:\/\/mybonnechance.de\/wp-content\/uploads\/2023\/09\/Hafen-3-2-996x2048.jpg 996w, https:\/\/mybonnechance.de\/wp-content\/uploads\/2023\/09\/Hafen-3-2-scaled.jpg 1244w\" sizes=\"auto, (max-width: 498px) 100vw, 498px\" \/><\/figure>\n<\/div>\n\n\n\n<div class=\"wp-block-column is-layout-flow wp-block-column-is-layout-flow\">\n<figure class=\"wp-block-image size-large is-style-default\"><img loading=\"lazy\" decoding=\"async\" width=\"498\" height=\"1024\" src=\"https:\/\/mybonnechance.de\/wp-content\/uploads\/2023\/09\/Hafen-5-498x1024.jpg\" alt=\"\" class=\"wp-image-7905\" srcset=\"https:\/\/mybonnechance.de\/wp-content\/uploads\/2023\/09\/Hafen-5-498x1024.jpg 498w, https:\/\/mybonnechance.de\/wp-content\/uploads\/2023\/09\/Hafen-5-146x300.jpg 146w, https:\/\/mybonnechance.de\/wp-content\/uploads\/2023\/09\/Hafen-5-768x1580.jpg 768w, https:\/\/mybonnechance.de\/wp-content\/uploads\/2023\/09\/Hafen-5-747x1536.jpg 747w, https:\/\/mybonnechance.de\/wp-content\/uploads\/2023\/09\/Hafen-5-996x2048.jpg 996w, https:\/\/mybonnechance.de\/wp-content\/uploads\/2023\/09\/Hafen-5-scaled.jpg 1244w\" sizes=\"auto, (max-width: 498px) 100vw, 498px\" \/><\/figure>\n<\/div>\n<\/div>\n\n\n\n<p><strong>Tag 86 , Samstag     09. September<\/strong><br>Heute fr\u00fch wabbern Nebelschwaden bis fast 10 Uhr. Dann<br>fahren wir nach Hank zum <strong>Jumbo <\/strong>einkaufen. Das geht ganz gut, der ist ca. 4,6 km entfernt. Beim Radfahren geht wenigstens ein bisschen Luft \u2013 an Bord steht sie wieder. Leider ist die M\u00fcckenplage hier genauso gro\u00df und so m\u00fcssen wir, gerade wenn es drau\u00dfen angenehmer wird, nach unten.<\/p>\n\n\n\n<p><strong>Tag 87,  Sonntag    10. September<\/strong><br>Wir radeln fr\u00fch um 09:30 Uhrlos  \u00fcber Geertuidenburg nach Drimmelen und Maden. Um die Zeit ist die Hitze noch ertr\u00e4glich.<strong> Drimmelen<\/strong> besteht haupts\u00e4chlich\u00a0aus Jacht- und Freizeitzentrum und Maden ist der Einkaufsteil von Drimmelen. Lohnt aber nicht. Gibt eine unattraktive Einkaufsstra\u00dfe.  Auf dem R\u00fcckweg muss man wieder \u00fcber Geertruidenburg und da verbringen wir dann einen sehr netten Nachmittag. Es findet gerade das allj\u00e4hrliche   Stra\u00dfentheater Fest \u201eRond de Berg\u201c statt. Unglaublich &#8211; die k\u00f6nnten alle im Cirque de Soleil auftreten. Viele K\u00fcnstler die gleichzeitig Singen, Instrumente spielen und Akrobatik miteinander verkn\u00fcpfen. Wir w\u00fcrden uns gerne das gesamte Programm angeschaut, aber die Hitze ist einfach m\u00f6rderisch. Ich habe den Eindruck die Hitze nimmt t\u00e4glich zu.<\/p>\n\n\n\n<div class=\"wp-block-columns is-layout-flex wp-container-core-columns-is-layout-9d6595d7 wp-block-columns-is-layout-flex\">\n<div class=\"wp-block-column is-layout-flow wp-block-column-is-layout-flow\">\n<figure class=\"wp-block-image size-large is-style-default\"><img loading=\"lazy\" decoding=\"async\" width=\"498\" height=\"1024\" src=\"https:\/\/mybonnechance.de\/wp-content\/uploads\/2023\/09\/Gertuidenberg-6b-498x1024.jpg\" alt=\"\" class=\"wp-image-7908\" srcset=\"https:\/\/mybonnechance.de\/wp-content\/uploads\/2023\/09\/Gertuidenberg-6b-498x1024.jpg 498w, https:\/\/mybonnechance.de\/wp-content\/uploads\/2023\/09\/Gertuidenberg-6b-146x300.jpg 146w, https:\/\/mybonnechance.de\/wp-content\/uploads\/2023\/09\/Gertuidenberg-6b-768x1580.jpg 768w, https:\/\/mybonnechance.de\/wp-content\/uploads\/2023\/09\/Gertuidenberg-6b-747x1536.jpg 747w, https:\/\/mybonnechance.de\/wp-content\/uploads\/2023\/09\/Gertuidenberg-6b-996x2048.jpg 996w, https:\/\/mybonnechance.de\/wp-content\/uploads\/2023\/09\/Gertuidenberg-6b-scaled.jpg 1244w\" sizes=\"auto, (max-width: 498px) 100vw, 498px\" \/><\/figure>\n<\/div>\n\n\n\n<div class=\"wp-block-column is-layout-flow wp-block-column-is-layout-flow\">\n<figure class=\"wp-block-image size-large is-style-default\"><img loading=\"lazy\" decoding=\"async\" width=\"498\" height=\"1024\" src=\"https:\/\/mybonnechance.de\/wp-content\/uploads\/2023\/09\/Gertuidenberg-1-498x1024.jpg\" alt=\"\" class=\"wp-image-7909\" srcset=\"https:\/\/mybonnechance.de\/wp-content\/uploads\/2023\/09\/Gertuidenberg-1-498x1024.jpg 498w, https:\/\/mybonnechance.de\/wp-content\/uploads\/2023\/09\/Gertuidenberg-1-146x300.jpg 146w, https:\/\/mybonnechance.de\/wp-content\/uploads\/2023\/09\/Gertuidenberg-1-768x1580.jpg 768w, https:\/\/mybonnechance.de\/wp-content\/uploads\/2023\/09\/Gertuidenberg-1-747x1536.jpg 747w, https:\/\/mybonnechance.de\/wp-content\/uploads\/2023\/09\/Gertuidenberg-1-996x2048.jpg 996w, https:\/\/mybonnechance.de\/wp-content\/uploads\/2023\/09\/Gertuidenberg-1-scaled.jpg 1244w\" sizes=\"auto, (max-width: 498px) 100vw, 498px\" \/><\/figure>\n<\/div>\n\n\n\n<div class=\"wp-block-column is-layout-flow wp-block-column-is-layout-flow\">\n<figure class=\"wp-block-image size-large is-style-default\"><img loading=\"lazy\" decoding=\"async\" width=\"498\" height=\"1024\" src=\"https:\/\/mybonnechance.de\/wp-content\/uploads\/2023\/09\/Gertuidenberg-7-498x1024.jpg\" alt=\"\" class=\"wp-image-7910\" srcset=\"https:\/\/mybonnechance.de\/wp-content\/uploads\/2023\/09\/Gertuidenberg-7-498x1024.jpg 498w, https:\/\/mybonnechance.de\/wp-content\/uploads\/2023\/09\/Gertuidenberg-7-146x300.jpg 146w, https:\/\/mybonnechance.de\/wp-content\/uploads\/2023\/09\/Gertuidenberg-7-768x1580.jpg 768w, https:\/\/mybonnechance.de\/wp-content\/uploads\/2023\/09\/Gertuidenberg-7-747x1536.jpg 747w, https:\/\/mybonnechance.de\/wp-content\/uploads\/2023\/09\/Gertuidenberg-7-996x2048.jpg 996w, https:\/\/mybonnechance.de\/wp-content\/uploads\/2023\/09\/Gertuidenberg-7-scaled.jpg 1244w\" sizes=\"auto, (max-width: 498px) 100vw, 498px\" \/><\/figure>\n<\/div>\n<\/div>\n\n\n\n<div class=\"wp-block-columns is-layout-flex wp-container-core-columns-is-layout-9d6595d7 wp-block-columns-is-layout-flex\">\n<div class=\"wp-block-column is-layout-flow wp-block-column-is-layout-flow\" style=\"flex-basis:25%\">\n<figure class=\"wp-block-image size-large is-style-default\"><img loading=\"lazy\" decoding=\"async\" width=\"498\" height=\"1024\" src=\"https:\/\/mybonnechance.de\/wp-content\/uploads\/2023\/09\/20230910_130615-498x1024.jpg\" alt=\"\" class=\"wp-image-7911\" srcset=\"https:\/\/mybonnechance.de\/wp-content\/uploads\/2023\/09\/20230910_130615-498x1024.jpg 498w, https:\/\/mybonnechance.de\/wp-content\/uploads\/2023\/09\/20230910_130615-146x300.jpg 146w, https:\/\/mybonnechance.de\/wp-content\/uploads\/2023\/09\/20230910_130615-768x1580.jpg 768w, https:\/\/mybonnechance.de\/wp-content\/uploads\/2023\/09\/20230910_130615-747x1536.jpg 747w, https:\/\/mybonnechance.de\/wp-content\/uploads\/2023\/09\/20230910_130615-996x2048.jpg 996w, https:\/\/mybonnechance.de\/wp-content\/uploads\/2023\/09\/20230910_130615-scaled.jpg 1244w\" sizes=\"auto, (max-width: 498px) 100vw, 498px\" \/><\/figure>\n\n\n\n<figure class=\"wp-block-image size-large is-style-default\"><img loading=\"lazy\" decoding=\"async\" width=\"498\" height=\"1024\" src=\"https:\/\/mybonnechance.de\/wp-content\/uploads\/2023\/09\/20230910_133103-1-498x1024.jpg\" alt=\"\" class=\"wp-image-7914\" srcset=\"https:\/\/mybonnechance.de\/wp-content\/uploads\/2023\/09\/20230910_133103-1-498x1024.jpg 498w, https:\/\/mybonnechance.de\/wp-content\/uploads\/2023\/09\/20230910_133103-1-146x300.jpg 146w, https:\/\/mybonnechance.de\/wp-content\/uploads\/2023\/09\/20230910_133103-1-768x1580.jpg 768w, https:\/\/mybonnechance.de\/wp-content\/uploads\/2023\/09\/20230910_133103-1-747x1536.jpg 747w, https:\/\/mybonnechance.de\/wp-content\/uploads\/2023\/09\/20230910_133103-1-996x2048.jpg 996w, https:\/\/mybonnechance.de\/wp-content\/uploads\/2023\/09\/20230910_133103-1-scaled.jpg 1244w\" sizes=\"auto, (max-width: 498px) 100vw, 498px\" \/><\/figure>\n\n\n\n<figure class=\"wp-block-image size-large is-style-default\"><img loading=\"lazy\" decoding=\"async\" width=\"498\" height=\"1024\" src=\"https:\/\/mybonnechance.de\/wp-content\/uploads\/2023\/09\/20230910_131209-498x1024.jpg\" alt=\"\" class=\"wp-image-7920\" srcset=\"https:\/\/mybonnechance.de\/wp-content\/uploads\/2023\/09\/20230910_131209-498x1024.jpg 498w, https:\/\/mybonnechance.de\/wp-content\/uploads\/2023\/09\/20230910_131209-146x300.jpg 146w, https:\/\/mybonnechance.de\/wp-content\/uploads\/2023\/09\/20230910_131209-768x1580.jpg 768w, https:\/\/mybonnechance.de\/wp-content\/uploads\/2023\/09\/20230910_131209-747x1536.jpg 747w, https:\/\/mybonnechance.de\/wp-content\/uploads\/2023\/09\/20230910_131209-996x2048.jpg 996w, https:\/\/mybonnechance.de\/wp-content\/uploads\/2023\/09\/20230910_131209-scaled.jpg 1244w\" sizes=\"auto, (max-width: 498px) 100vw, 498px\" \/><\/figure>\n<\/div>\n\n\n\n<div class=\"wp-block-column is-layout-flow wp-block-column-is-layout-flow\" style=\"flex-basis:50%\">\n<figure class=\"wp-block-image size-large is-style-default\"><img loading=\"lazy\" decoding=\"async\" width=\"1024\" height=\"498\" src=\"https:\/\/mybonnechance.de\/wp-content\/uploads\/2023\/09\/20230910_133134-1-1024x498.jpg\" alt=\"\" class=\"wp-image-7917\" srcset=\"https:\/\/mybonnechance.de\/wp-content\/uploads\/2023\/09\/20230910_133134-1-1024x498.jpg 1024w, https:\/\/mybonnechance.de\/wp-content\/uploads\/2023\/09\/20230910_133134-1-300x146.jpg 300w, https:\/\/mybonnechance.de\/wp-content\/uploads\/2023\/09\/20230910_133134-1-768x373.jpg 768w, https:\/\/mybonnechance.de\/wp-content\/uploads\/2023\/09\/20230910_133134-1-1536x747.jpg 1536w, https:\/\/mybonnechance.de\/wp-content\/uploads\/2023\/09\/20230910_133134-1-2048x996.jpg 2048w\" sizes=\"auto, (max-width: 767px) 89vw, (max-width: 1000px) 54vw, (max-width: 1071px) 543px, 580px\" \/><\/figure>\n\n\n\n<figure class=\"wp-block-image size-large is-style-default\"><img loading=\"lazy\" decoding=\"async\" width=\"498\" height=\"1024\" src=\"https:\/\/mybonnechance.de\/wp-content\/uploads\/2023\/09\/20230910_134423-498x1024.jpg\" alt=\"\" class=\"wp-image-7918\" srcset=\"https:\/\/mybonnechance.de\/wp-content\/uploads\/2023\/09\/20230910_134423-498x1024.jpg 498w, https:\/\/mybonnechance.de\/wp-content\/uploads\/2023\/09\/20230910_134423-146x300.jpg 146w, https:\/\/mybonnechance.de\/wp-content\/uploads\/2023\/09\/20230910_134423-768x1580.jpg 768w, https:\/\/mybonnechance.de\/wp-content\/uploads\/2023\/09\/20230910_134423-747x1536.jpg 747w, https:\/\/mybonnechance.de\/wp-content\/uploads\/2023\/09\/20230910_134423-996x2048.jpg 996w, https:\/\/mybonnechance.de\/wp-content\/uploads\/2023\/09\/20230910_134423-scaled.jpg 1244w\" sizes=\"auto, (max-width: 498px) 100vw, 498px\" \/><\/figure>\n<\/div>\n\n\n\n<div class=\"wp-block-column is-layout-flow wp-block-column-is-layout-flow\" style=\"flex-basis:25%\">\n<figure class=\"wp-block-image size-large is-style-default\"><img loading=\"lazy\" decoding=\"async\" width=\"498\" height=\"1024\" src=\"https:\/\/mybonnechance.de\/wp-content\/uploads\/2023\/09\/20230910_131626-498x1024.jpg\" alt=\"\" class=\"wp-image-7915\" srcset=\"https:\/\/mybonnechance.de\/wp-content\/uploads\/2023\/09\/20230910_131626-498x1024.jpg 498w, https:\/\/mybonnechance.de\/wp-content\/uploads\/2023\/09\/20230910_131626-146x300.jpg 146w, https:\/\/mybonnechance.de\/wp-content\/uploads\/2023\/09\/20230910_131626-768x1580.jpg 768w, https:\/\/mybonnechance.de\/wp-content\/uploads\/2023\/09\/20230910_131626-747x1536.jpg 747w, https:\/\/mybonnechance.de\/wp-content\/uploads\/2023\/09\/20230910_131626-996x2048.jpg 996w, https:\/\/mybonnechance.de\/wp-content\/uploads\/2023\/09\/20230910_131626-scaled.jpg 1244w\" sizes=\"auto, (max-width: 498px) 100vw, 498px\" \/><\/figure>\n\n\n\n<figure class=\"wp-block-image size-large is-style-default\"><img loading=\"lazy\" decoding=\"async\" width=\"498\" height=\"1024\" src=\"https:\/\/mybonnechance.de\/wp-content\/uploads\/2023\/09\/20230910_134447-498x1024.jpg\" alt=\"\" class=\"wp-image-7919\" srcset=\"https:\/\/mybonnechance.de\/wp-content\/uploads\/2023\/09\/20230910_134447-498x1024.jpg 498w, https:\/\/mybonnechance.de\/wp-content\/uploads\/2023\/09\/20230910_134447-146x300.jpg 146w, https:\/\/mybonnechance.de\/wp-content\/uploads\/2023\/09\/20230910_134447-768x1580.jpg 768w, https:\/\/mybonnechance.de\/wp-content\/uploads\/2023\/09\/20230910_134447-747x1536.jpg 747w, https:\/\/mybonnechance.de\/wp-content\/uploads\/2023\/09\/20230910_134447-996x2048.jpg 996w, https:\/\/mybonnechance.de\/wp-content\/uploads\/2023\/09\/20230910_134447-scaled.jpg 1244w\" sizes=\"auto, (max-width: 498px) 100vw, 498px\" \/><\/figure>\n\n\n\n<figure class=\"wp-block-image size-large is-style-default\"><img loading=\"lazy\" decoding=\"async\" width=\"498\" height=\"1024\" src=\"https:\/\/mybonnechance.de\/wp-content\/uploads\/2023\/09\/20230910_133627-1-498x1024.jpg\" alt=\"\" class=\"wp-image-7922\" srcset=\"https:\/\/mybonnechance.de\/wp-content\/uploads\/2023\/09\/20230910_133627-1-498x1024.jpg 498w, https:\/\/mybonnechance.de\/wp-content\/uploads\/2023\/09\/20230910_133627-1-146x300.jpg 146w, https:\/\/mybonnechance.de\/wp-content\/uploads\/2023\/09\/20230910_133627-1-768x1580.jpg 768w, https:\/\/mybonnechance.de\/wp-content\/uploads\/2023\/09\/20230910_133627-1-747x1536.jpg 747w, https:\/\/mybonnechance.de\/wp-content\/uploads\/2023\/09\/20230910_133627-1-996x2048.jpg 996w, https:\/\/mybonnechance.de\/wp-content\/uploads\/2023\/09\/20230910_133627-1-scaled.jpg 1244w\" sizes=\"auto, (max-width: 498px) 100vw, 498px\" \/><\/figure>\n<\/div>\n<\/div>\n\n\n","protected":false},"excerpt":{"rendered":"<p>Tag 85, Freitag 08 September Biesbosch, Aaklavai &#8211; Hank, Hafen Vissershang5 km &#8211; 1 Std. Fahrzeit Also mal eben noch zur Maas, bevor es zur\u00fcck in den Hafen geht. Wir bleiben noch bis Mittags im Biesbosch bevor wir uns Richtung Hafen aufmachen. Es wird hier auch immer lauter und unruhiger \u2013 das WE wirft schon &hellip; <\/p>\n<p class=\"link-more\"><a href=\"https:\/\/mybonnechance.de\/?page_id=7883\" class=\"more-link\"><span class=\"screen-reader-text\">\u201e2023-32 Hank (Geertruidenberg)\u201c<\/span> weiterlesen<\/a><\/p>\n","protected":false},"author":1,"featured_media":0,"parent":0,"menu_order":0,"comment_status":"closed","ping_status":"closed","template":"","meta":{"ngg_post_thumbnail":0,"footnotes":""},"class_list":["post-7883","page","type-page","status-publish","hentry"],"_links":{"self":[{"href":"https:\/\/mybonnechance.de\/index.php?rest_route=\/wp\/v2\/pages\/7883","targetHints":{"allow":["GET"]}}],"collection":[{"href":"https:\/\/mybonnechance.de\/index.php?rest_route=\/wp\/v2\/pages"}],"about":[{"href":"https:\/\/mybonnechance.de\/index.php?rest_route=\/wp\/v2\/types\/page"}],"author":[{"embeddable":true,"href":"https:\/\/mybonnechance.de\/index.php?rest_route=\/wp\/v2\/users\/1"}],"replies":[{"embeddable":true,"href":"https:\/\/mybonnechance.de\/index.php?rest_route=%2Fwp%2Fv2%2Fcomments&post=7883"}],"version-history":[{"count":4,"href":"https:\/\/mybonnechance.de\/index.php?rest_route=\/wp\/v2\/pages\/7883\/revisions"}],"predecessor-version":[{"id":7925,"href":"https:\/\/mybonnechance.de\/index.php?rest_route=\/wp\/v2\/pages\/7883\/revisions\/7925"}],"wp:attachment":[{"href":"https:\/\/mybonnechance.de\/index.php?rest_route=%2Fwp%2Fv2%2Fmedia&parent=7883"}],"curies":[{"name":"wp","href":"https:\/\/api.w.org\/{rel}","templated":true}]}}