{"id":7990,"date":"2023-09-21T08:06:33","date_gmt":"2023-09-21T08:06:33","guid":{"rendered":"https:\/\/mybonnechance.de\/?page_id=7990"},"modified":"2023-12-12T12:48:09","modified_gmt":"2023-12-12T12:48:09","slug":"2023-41-neer","status":"publish","type":"page","link":"https:\/\/mybonnechance.de\/?page_id=7990","title":{"rendered":"2023-41 Neer"},"content":{"rendered":"\n<p><strong>Tag 98, Donnerstag 21 September<\/strong>  <strong> <\/strong> <strong>Venlo, WSV de Maas<\/strong> <strong>&#8211; Neer, Hafen Hanssum<\/strong><br><em>25 km &#8211; 1 Schleuse &#8211; 2,8 Std. Fahrzeit<\/em><\/p>\n\n\n\n<p>Auf der Weiterfahrt Richtung Heimat kommen wir an den Wahrzeichen von Venlo vorbei, die einem entweder sagen:<strong> &#8222;Hallo &#8211; es geht Richtung Urlaub&#8220;<\/strong> oder <strong>&#8222;Willkommen zur\u00fcck&#8220;<\/strong> <\/p>\n\n\n\n<div class=\"wp-block-columns is-layout-flex wp-container-core-columns-is-layout-9d6595d7 wp-block-columns-is-layout-flex\">\n<div class=\"wp-block-column is-layout-flow wp-block-column-is-layout-flow\">\n<figure class=\"wp-block-image size-large is-style-default\"><img loading=\"lazy\" decoding=\"async\" width=\"1024\" height=\"498\" src=\"https:\/\/mybonnechance.de\/wp-content\/uploads\/2023\/12\/20230921_104731-1024x498.jpg\" alt=\"\" class=\"wp-image-8026\" srcset=\"https:\/\/mybonnechance.de\/wp-content\/uploads\/2023\/12\/20230921_104731-1024x498.jpg 1024w, https:\/\/mybonnechance.de\/wp-content\/uploads\/2023\/12\/20230921_104731-300x146.jpg 300w, https:\/\/mybonnechance.de\/wp-content\/uploads\/2023\/12\/20230921_104731-768x373.jpg 768w, https:\/\/mybonnechance.de\/wp-content\/uploads\/2023\/12\/20230921_104731-1536x747.jpg 1536w, https:\/\/mybonnechance.de\/wp-content\/uploads\/2023\/12\/20230921_104731-2048x996.jpg 2048w\" sizes=\"auto, (max-width: 767px) 89vw, (max-width: 1000px) 54vw, (max-width: 1071px) 543px, 580px\" \/><\/figure>\n<\/div>\n\n\n\n<div class=\"wp-block-column is-layout-flow wp-block-column-is-layout-flow\">\n<figure class=\"wp-block-image size-large is-style-default\"><img loading=\"lazy\" decoding=\"async\" width=\"1024\" height=\"498\" src=\"https:\/\/mybonnechance.de\/wp-content\/uploads\/2023\/12\/20230921_104901-1024x498.jpg\" alt=\"\" class=\"wp-image-8025\" srcset=\"https:\/\/mybonnechance.de\/wp-content\/uploads\/2023\/12\/20230921_104901-1024x498.jpg 1024w, https:\/\/mybonnechance.de\/wp-content\/uploads\/2023\/12\/20230921_104901-300x146.jpg 300w, https:\/\/mybonnechance.de\/wp-content\/uploads\/2023\/12\/20230921_104901-768x373.jpg 768w, https:\/\/mybonnechance.de\/wp-content\/uploads\/2023\/12\/20230921_104901-1536x747.jpg 1536w, https:\/\/mybonnechance.de\/wp-content\/uploads\/2023\/12\/20230921_104901-2048x996.jpg 2048w\" sizes=\"auto, (max-width: 767px) 89vw, (max-width: 1000px) 54vw, (max-width: 1071px) 543px, 580px\" \/><\/figure>\n<\/div>\n<\/div>\n\n\n\n<p>Auch die K\u00fche bzw. Bullen haben heute Ihren Spa\u00df \ud83d\ude42<\/p>\n\n\n\n<figure class=\"wp-block-gallery has-nested-images columns-default is-cropped wp-block-gallery-1 is-layout-flex wp-block-gallery-is-layout-flex\">\n<figure class=\"wp-block-image size-large is-style-default\"><img loading=\"lazy\" decoding=\"async\" width=\"1024\" height=\"498\" data-id=\"8046\" src=\"https:\/\/mybonnechance.de\/wp-content\/uploads\/2023\/12\/20230921_110726-1024x498.jpg\" alt=\"\" class=\"wp-image-8046\" srcset=\"https:\/\/mybonnechance.de\/wp-content\/uploads\/2023\/12\/20230921_110726-1024x498.jpg 1024w, https:\/\/mybonnechance.de\/wp-content\/uploads\/2023\/12\/20230921_110726-300x146.jpg 300w, https:\/\/mybonnechance.de\/wp-content\/uploads\/2023\/12\/20230921_110726-768x373.jpg 768w, https:\/\/mybonnechance.de\/wp-content\/uploads\/2023\/12\/20230921_110726-1536x747.jpg 1536w, https:\/\/mybonnechance.de\/wp-content\/uploads\/2023\/12\/20230921_110726-2048x996.jpg 2048w\" sizes=\"auto, (max-width: 767px) 89vw, (max-width: 1000px) 54vw, (max-width: 1071px) 543px, 580px\" \/><\/figure>\n\n\n\n<figure class=\"wp-block-image size-large is-style-default\"><img loading=\"lazy\" decoding=\"async\" width=\"838\" height=\"1024\" data-id=\"8045\" src=\"https:\/\/mybonnechance.de\/wp-content\/uploads\/2023\/12\/20230921_110832-838x1024.jpg\" alt=\"\" class=\"wp-image-8045\" srcset=\"https:\/\/mybonnechance.de\/wp-content\/uploads\/2023\/12\/20230921_110832-838x1024.jpg 838w, https:\/\/mybonnechance.de\/wp-content\/uploads\/2023\/12\/20230921_110832-246x300.jpg 246w, https:\/\/mybonnechance.de\/wp-content\/uploads\/2023\/12\/20230921_110832-768x938.jpg 768w, https:\/\/mybonnechance.de\/wp-content\/uploads\/2023\/12\/20230921_110832.jpg 1109w\" sizes=\"auto, (max-width: 767px) 89vw, (max-width: 1000px) 54vw, (max-width: 1071px) 543px, 580px\" \/><\/figure>\n<\/figure>\n\n\n\n<p>Die Berufsschiffer liefern sich zeitweise mal wieder ein richtiges Elefantenrennen auf der Maas. In die Schleuse Belfeld k\u00f6nnen wir dann ohne gro\u00dfe Wartezeit einfahren. Das Wetter bleibt leider unbest\u00e4ndig mit viel Wind, aber wir schaffen es noch rechtzeitig bei trockenem Wetter bis nach Neer. 20 min. sp\u00e4ter gibt es einen heftigen Regenschauer. Wir verbringen einen netten Spielenachmittag auf der Aquila und am Abend wir bei uns gegessen. <\/p>\n\n\n\n<p><strong>Tag 99, Freitag 22. September<\/strong><br>Die Sonne scheint und so beschlie\u00dfen wir mit unseren Freunden die wohl letzte Fahrradtour in unserem Urlaub zu machen. <\/p>\n\n\n\n<figure class=\"wp-block-image size-large is-style-default\"><img loading=\"lazy\" decoding=\"async\" width=\"1024\" height=\"498\" src=\"https:\/\/mybonnechance.de\/wp-content\/uploads\/2023\/12\/20230922_113047-1024x498.jpg\" alt=\"\" class=\"wp-image-8049\" srcset=\"https:\/\/mybonnechance.de\/wp-content\/uploads\/2023\/12\/20230922_113047-1024x498.jpg 1024w, https:\/\/mybonnechance.de\/wp-content\/uploads\/2023\/12\/20230922_113047-300x146.jpg 300w, https:\/\/mybonnechance.de\/wp-content\/uploads\/2023\/12\/20230922_113047-768x373.jpg 768w, https:\/\/mybonnechance.de\/wp-content\/uploads\/2023\/12\/20230922_113047-1536x747.jpg 1536w, https:\/\/mybonnechance.de\/wp-content\/uploads\/2023\/12\/20230922_113047-2048x996.jpg 2048w\" sizes=\"auto, (max-width: 767px) 89vw, (max-width: 1000px) 54vw, (max-width: 1071px) 543px, 580px\" \/><\/figure>\n\n\n\n<p>Es geht erstmal mit der F\u00e4hre r\u00fcber auf die andere Seite und vorbei an dem Bauernhof mit meinen Lieblingstieren. Da sind wir schon letztes Jahr vorbeigeradelt. Diesmal habe ich aber mit meinen Photos nicht so viel Gl\u00fcck. Lama ist heute etwas Pressescheu \ud83d\ude09<\/p>\n\n\n\n<div class=\"wp-block-columns is-layout-flex wp-container-core-columns-is-layout-9d6595d7 wp-block-columns-is-layout-flex\">\n<div class=\"wp-block-column is-layout-flow wp-block-column-is-layout-flow\">\n<figure class=\"wp-block-image size-large is-style-default\"><img loading=\"lazy\" decoding=\"async\" width=\"498\" height=\"1024\" src=\"https:\/\/mybonnechance.de\/wp-content\/uploads\/2023\/12\/20230922_114132-498x1024.jpg\" alt=\"\" class=\"wp-image-8050\" srcset=\"https:\/\/mybonnechance.de\/wp-content\/uploads\/2023\/12\/20230922_114132-498x1024.jpg 498w, https:\/\/mybonnechance.de\/wp-content\/uploads\/2023\/12\/20230922_114132-146x300.jpg 146w, https:\/\/mybonnechance.de\/wp-content\/uploads\/2023\/12\/20230922_114132-768x1580.jpg 768w, https:\/\/mybonnechance.de\/wp-content\/uploads\/2023\/12\/20230922_114132-747x1536.jpg 747w, https:\/\/mybonnechance.de\/wp-content\/uploads\/2023\/12\/20230922_114132-996x2048.jpg 996w, https:\/\/mybonnechance.de\/wp-content\/uploads\/2023\/12\/20230922_114132-scaled.jpg 1244w\" sizes=\"auto, (max-width: 498px) 100vw, 498px\" \/><\/figure>\n<\/div>\n\n\n\n<div class=\"wp-block-column is-layout-flow wp-block-column-is-layout-flow\">\n<figure class=\"wp-block-image size-large is-style-default\"><img loading=\"lazy\" decoding=\"async\" width=\"498\" height=\"1024\" src=\"https:\/\/mybonnechance.de\/wp-content\/uploads\/2023\/12\/20230922_114753-498x1024.jpg\" alt=\"\" class=\"wp-image-8053\" srcset=\"https:\/\/mybonnechance.de\/wp-content\/uploads\/2023\/12\/20230922_114753-498x1024.jpg 498w, https:\/\/mybonnechance.de\/wp-content\/uploads\/2023\/12\/20230922_114753-146x300.jpg 146w, https:\/\/mybonnechance.de\/wp-content\/uploads\/2023\/12\/20230922_114753-768x1580.jpg 768w, https:\/\/mybonnechance.de\/wp-content\/uploads\/2023\/12\/20230922_114753-747x1536.jpg 747w, https:\/\/mybonnechance.de\/wp-content\/uploads\/2023\/12\/20230922_114753-996x2048.jpg 996w, https:\/\/mybonnechance.de\/wp-content\/uploads\/2023\/12\/20230922_114753-scaled.jpg 1244w\" sizes=\"auto, (max-width: 498px) 100vw, 498px\" \/><\/figure>\n<\/div>\n\n\n\n<div class=\"wp-block-column is-layout-flow wp-block-column-is-layout-flow\">\n<figure class=\"wp-block-image size-large is-style-default\"><img loading=\"lazy\" decoding=\"async\" width=\"498\" height=\"1024\" src=\"https:\/\/mybonnechance.de\/wp-content\/uploads\/2023\/12\/20230922_114818-498x1024.jpg\" alt=\"\" class=\"wp-image-8055\" srcset=\"https:\/\/mybonnechance.de\/wp-content\/uploads\/2023\/12\/20230922_114818-498x1024.jpg 498w, https:\/\/mybonnechance.de\/wp-content\/uploads\/2023\/12\/20230922_114818-146x300.jpg 146w, https:\/\/mybonnechance.de\/wp-content\/uploads\/2023\/12\/20230922_114818-768x1580.jpg 768w, https:\/\/mybonnechance.de\/wp-content\/uploads\/2023\/12\/20230922_114818-747x1536.jpg 747w, https:\/\/mybonnechance.de\/wp-content\/uploads\/2023\/12\/20230922_114818-996x2048.jpg 996w, https:\/\/mybonnechance.de\/wp-content\/uploads\/2023\/12\/20230922_114818-scaled.jpg 1244w\" sizes=\"auto, (max-width: 498px) 100vw, 498px\" \/><\/figure>\n<\/div>\n<\/div>\n\n\n\n<p>Weiter geht es zur Blaubeefarm. Man bekommt dort sehr leckeres Eis und Pfannekuchen und was man sonst noch alles so aus Blaubeeren zaubern kann. <\/p>\n\n\n\n<div class=\"wp-block-columns is-layout-flex wp-container-core-columns-is-layout-9d6595d7 wp-block-columns-is-layout-flex\">\n<div class=\"wp-block-column is-layout-flow wp-block-column-is-layout-flow\" style=\"flex-basis:25%\">\n<figure class=\"wp-block-image size-large is-style-default\"><img loading=\"lazy\" decoding=\"async\" width=\"498\" height=\"1024\" src=\"https:\/\/mybonnechance.de\/wp-content\/uploads\/2023\/12\/20230922_132754-498x1024.jpg\" alt=\"\" class=\"wp-image-8058\" srcset=\"https:\/\/mybonnechance.de\/wp-content\/uploads\/2023\/12\/20230922_132754-498x1024.jpg 498w, https:\/\/mybonnechance.de\/wp-content\/uploads\/2023\/12\/20230922_132754-146x300.jpg 146w, https:\/\/mybonnechance.de\/wp-content\/uploads\/2023\/12\/20230922_132754-768x1580.jpg 768w, https:\/\/mybonnechance.de\/wp-content\/uploads\/2023\/12\/20230922_132754-747x1536.jpg 747w, https:\/\/mybonnechance.de\/wp-content\/uploads\/2023\/12\/20230922_132754-996x2048.jpg 996w, https:\/\/mybonnechance.de\/wp-content\/uploads\/2023\/12\/20230922_132754-scaled.jpg 1244w\" sizes=\"auto, (max-width: 498px) 100vw, 498px\" \/><figcaption class=\"wp-element-caption\"><strong>Wegweiser zur Farm<\/strong><\/figcaption><\/figure>\n<\/div>\n\n\n\n<div class=\"wp-block-column is-layout-flow wp-block-column-is-layout-flow\" style=\"flex-basis:50%\">\n<figure class=\"wp-block-image size-large is-style-default\"><img loading=\"lazy\" decoding=\"async\" width=\"1024\" height=\"719\" src=\"https:\/\/mybonnechance.de\/wp-content\/uploads\/2023\/12\/20230922_201658-1024x719.jpg\" alt=\"\" class=\"wp-image-8060\" srcset=\"https:\/\/mybonnechance.de\/wp-content\/uploads\/2023\/12\/20230922_201658-1024x719.jpg 1024w, https:\/\/mybonnechance.de\/wp-content\/uploads\/2023\/12\/20230922_201658-300x211.jpg 300w, https:\/\/mybonnechance.de\/wp-content\/uploads\/2023\/12\/20230922_201658-768x540.jpg 768w, https:\/\/mybonnechance.de\/wp-content\/uploads\/2023\/12\/20230922_201658.jpg 1076w\" sizes=\"auto, (max-width: 767px) 89vw, (max-width: 1000px) 54vw, (max-width: 1071px) 543px, 580px\" \/><\/figure>\n\n\n\n<figure class=\"wp-block-image size-large is-style-default\"><img loading=\"lazy\" decoding=\"async\" width=\"1024\" height=\"499\" src=\"https:\/\/mybonnechance.de\/wp-content\/uploads\/2023\/12\/IMG-20230922-WA0019-1024x499.jpg\" alt=\"\" class=\"wp-image-8066\" srcset=\"https:\/\/mybonnechance.de\/wp-content\/uploads\/2023\/12\/IMG-20230922-WA0019-1024x499.jpg 1024w, https:\/\/mybonnechance.de\/wp-content\/uploads\/2023\/12\/IMG-20230922-WA0019-300x146.jpg 300w, https:\/\/mybonnechance.de\/wp-content\/uploads\/2023\/12\/IMG-20230922-WA0019-768x374.jpg 768w, https:\/\/mybonnechance.de\/wp-content\/uploads\/2023\/12\/IMG-20230922-WA0019-1536x749.jpg 1536w, https:\/\/mybonnechance.de\/wp-content\/uploads\/2023\/12\/IMG-20230922-WA0019.jpg 2048w\" sizes=\"auto, (max-width: 767px) 89vw, (max-width: 1000px) 54vw, (max-width: 1071px) 543px, 580px\" \/><\/figure>\n<\/div>\n\n\n\n<div class=\"wp-block-column is-layout-flow wp-block-column-is-layout-flow\" style=\"flex-basis:25%\">\n<figure class=\"wp-block-image size-large is-style-default\"><img loading=\"lazy\" decoding=\"async\" width=\"498\" height=\"1024\" src=\"https:\/\/mybonnechance.de\/wp-content\/uploads\/2023\/12\/20230922_130753-498x1024.jpg\" alt=\"\" class=\"wp-image-8063\" srcset=\"https:\/\/mybonnechance.de\/wp-content\/uploads\/2023\/12\/20230922_130753-498x1024.jpg 498w, https:\/\/mybonnechance.de\/wp-content\/uploads\/2023\/12\/20230922_130753-146x300.jpg 146w, https:\/\/mybonnechance.de\/wp-content\/uploads\/2023\/12\/20230922_130753-768x1580.jpg 768w, https:\/\/mybonnechance.de\/wp-content\/uploads\/2023\/12\/20230922_130753-747x1536.jpg 747w, https:\/\/mybonnechance.de\/wp-content\/uploads\/2023\/12\/20230922_130753-996x2048.jpg 996w, https:\/\/mybonnechance.de\/wp-content\/uploads\/2023\/12\/20230922_130753-scaled.jpg 1244w\" sizes=\"auto, (max-width: 498px) 100vw, 498px\" \/><\/figure>\n<\/div>\n<\/div>\n\n\n\n<p>Zur\u00fcck im Hafen erwartet uns eine weitere sch\u00f6ne \u00dcberraschung. Detlef  und Anita aus unserem Heimathafen kommen uns ebenfalls besuchen. Dar\u00fcber haben wir uns wirklich sehr gefreut. <\/p>\n\n\n\n<figure class=\"wp-block-image size-large is-style-default\"><img loading=\"lazy\" decoding=\"async\" width=\"1024\" height=\"771\" src=\"https:\/\/mybonnechance.de\/wp-content\/uploads\/2023\/12\/IMG-20230922-WA0012-1-1024x771.jpg\" alt=\"\" class=\"wp-image-8074\" srcset=\"https:\/\/mybonnechance.de\/wp-content\/uploads\/2023\/12\/IMG-20230922-WA0012-1-1024x771.jpg 1024w, https:\/\/mybonnechance.de\/wp-content\/uploads\/2023\/12\/IMG-20230922-WA0012-1-300x226.jpg 300w, https:\/\/mybonnechance.de\/wp-content\/uploads\/2023\/12\/IMG-20230922-WA0012-1-768x578.jpg 768w, https:\/\/mybonnechance.de\/wp-content\/uploads\/2023\/12\/IMG-20230922-WA0012-1-1536x1157.jpg 1536w, https:\/\/mybonnechance.de\/wp-content\/uploads\/2023\/12\/IMG-20230922-WA0012-1.jpg 2040w\" sizes=\"auto, (max-width: 767px) 89vw, (max-width: 1000px) 54vw, (max-width: 1071px) 543px, 580px\" \/><\/figure>\n\n\n\n<p>Am Abend wird gegrillt, obwohl das Wetter wieder regnerisch ist.  Wir weichen auf die Casa Seconda aus, wo wir einen tollen Abend verbringen. <\/p>\n\n\n\n<figure class=\"wp-block-gallery has-nested-images columns-default is-cropped wp-block-gallery-2 is-layout-flex wp-block-gallery-is-layout-flex\">\n<figure class=\"wp-block-image size-large is-style-default\"><img loading=\"lazy\" decoding=\"async\" width=\"576\" height=\"1024\" data-id=\"8077\" src=\"https:\/\/mybonnechance.de\/wp-content\/uploads\/2023\/12\/IMG-20230922-WA0018-1-576x1024.jpg\" alt=\"\" class=\"wp-image-8077\" srcset=\"https:\/\/mybonnechance.de\/wp-content\/uploads\/2023\/12\/IMG-20230922-WA0018-1-576x1024.jpg 576w, https:\/\/mybonnechance.de\/wp-content\/uploads\/2023\/12\/IMG-20230922-WA0018-1-169x300.jpg 169w, https:\/\/mybonnechance.de\/wp-content\/uploads\/2023\/12\/IMG-20230922-WA0018-1-768x1365.jpg 768w, https:\/\/mybonnechance.de\/wp-content\/uploads\/2023\/12\/IMG-20230922-WA0018-1-864x1536.jpg 864w, https:\/\/mybonnechance.de\/wp-content\/uploads\/2023\/12\/IMG-20230922-WA0018-1.jpg 1134w\" sizes=\"auto, (max-width: 576px) 100vw, 576px\" \/><figcaption class=\"wp-element-caption\"><strong>Die M\u00e4nner k\u00f6nnen zumindest unterm Regenschutz grillen.<\/strong><\/figcaption><\/figure>\n\n\n\n<figure class=\"wp-block-image size-large is-style-default\"><img loading=\"lazy\" decoding=\"async\" width=\"498\" height=\"1024\" data-id=\"8078\" src=\"https:\/\/mybonnechance.de\/wp-content\/uploads\/2023\/12\/20230922_175019-1-498x1024.jpg\" alt=\"\" class=\"wp-image-8078\" srcset=\"https:\/\/mybonnechance.de\/wp-content\/uploads\/2023\/12\/20230922_175019-1-498x1024.jpg 498w, https:\/\/mybonnechance.de\/wp-content\/uploads\/2023\/12\/20230922_175019-1-146x300.jpg 146w, https:\/\/mybonnechance.de\/wp-content\/uploads\/2023\/12\/20230922_175019-1-768x1580.jpg 768w, https:\/\/mybonnechance.de\/wp-content\/uploads\/2023\/12\/20230922_175019-1-747x1536.jpg 747w, https:\/\/mybonnechance.de\/wp-content\/uploads\/2023\/12\/20230922_175019-1-996x2048.jpg 996w, https:\/\/mybonnechance.de\/wp-content\/uploads\/2023\/12\/20230922_175019-1-scaled.jpg 1244w\" sizes=\"auto, (max-width: 498px) 100vw, 498px\" \/><figcaption class=\"wp-element-caption\"><strong>Es geht uns hervorragend<\/strong><\/figcaption><\/figure>\n<\/figure>\n\n\n\n<p><\/p>\n\n\n","protected":false},"excerpt":{"rendered":"<p>Tag 98, Donnerstag 21 September Venlo, WSV de Maas &#8211; Neer, Hafen Hanssum25 km &#8211; 1 Schleuse &#8211; 2,8 Std. Fahrzeit Auf der Weiterfahrt Richtung Heimat kommen wir an den Wahrzeichen von Venlo vorbei, die einem entweder sagen: &#8222;Hallo &#8211; es geht Richtung Urlaub&#8220; oder &#8222;Willkommen zur\u00fcck&#8220; Auch die K\u00fche bzw. Bullen haben heute Ihren &hellip; <\/p>\n<p class=\"link-more\"><a href=\"https:\/\/mybonnechance.de\/?page_id=7990\" class=\"more-link\"><span class=\"screen-reader-text\">\u201e2023-41 Neer\u201c<\/span> weiterlesen<\/a><\/p>\n","protected":false},"author":1,"featured_media":0,"parent":0,"menu_order":0,"comment_status":"closed","ping_status":"closed","template":"","meta":{"ngg_post_thumbnail":0,"footnotes":""},"class_list":["post-7990","page","type-page","status-publish","hentry"],"_links":{"self":[{"href":"https:\/\/mybonnechance.de\/index.php?rest_route=\/wp\/v2\/pages\/7990","targetHints":{"allow":["GET"]}}],"collection":[{"href":"https:\/\/mybonnechance.de\/index.php?rest_route=\/wp\/v2\/pages"}],"about":[{"href":"https:\/\/mybonnechance.de\/index.php?rest_route=\/wp\/v2\/types\/page"}],"author":[{"embeddable":true,"href":"https:\/\/mybonnechance.de\/index.php?rest_route=\/wp\/v2\/users\/1"}],"replies":[{"embeddable":true,"href":"https:\/\/mybonnechance.de\/index.php?rest_route=%2Fwp%2Fv2%2Fcomments&post=7990"}],"version-history":[{"count":16,"href":"https:\/\/mybonnechance.de\/index.php?rest_route=\/wp\/v2\/pages\/7990\/revisions"}],"predecessor-version":[{"id":8082,"href":"https:\/\/mybonnechance.de\/index.php?rest_route=\/wp\/v2\/pages\/7990\/revisions\/8082"}],"wp:attachment":[{"href":"https:\/\/mybonnechance.de\/index.php?rest_route=%2Fwp%2Fv2%2Fmedia&parent=7990"}],"curies":[{"name":"wp","href":"https:\/\/api.w.org\/{rel}","templated":true}]}}