{"id":8168,"date":"2024-06-15T12:42:49","date_gmt":"2024-06-15T12:42:49","guid":{"rendered":"https:\/\/mybonnechance.de\/?page_id=8168"},"modified":"2024-06-15T20:09:45","modified_gmt":"2024-06-15T20:09:45","slug":"2024-07-datteln","status":"publish","type":"page","link":"https:\/\/mybonnechance.de\/?page_id=8168","title":{"rendered":"2024-07 Datteln"},"content":{"rendered":"\n<p><strong>Tag 7, Sonntag 12.Mai<\/strong> <strong> <\/strong> <strong> Flaesheim, Marina Flaesheim &#8211; Datteln,MYCKD<\/strong><br>26,5 km \u2013 2 Schleusen &#8211; 3,7 Std. Fahrzeit<br>Heute Morgen wachen wir erst um kurz vor neun auf. Am Anfang der Woche war es noch sieben Uhr. So langsam kommt man ins Urlaubsfeeling &#x1f609;. Stellt sich im Nachhinein als gar nicht so schlimm heraus, denn unterwegs k\u00f6nnen wir mit 2 Frachtern in alle beiden Schleusen sofort einfahren und haben diesmal keine Wartezeit. Unterwegs \u201e\u00fcberfahren\u201c wir den Flu\u00df Lippe. Wir fahren echt dar\u00fcber, man kann die Lippe unter uns sehen.<br>Am Mittag erreichen wir vermeintlich Datteln, jedenfalls hei\u00dft der Hafen so: Motoryachtclub Datteln. Aber Irrtum, die Stadt ist noch 2 Motorstunden von hier entfernt. Daf\u00fcr ist das mal wieder ein s\u00fc\u00dfer kleiner Hafen mit 2 Stegen und der Hafenmeister f\u00e4hrt auch hier mit einem elektrischen Rollstuhl. Ist aber sehr nett und man liegt hier herrlich ruhig. Also auf zum Sonnenbaden.<br>Abends er\u00f6ffnen wir die Grillsaison mit Hamburgern.<\/p>\n\n\n\n<figure class=\"wp-block-gallery has-nested-images columns-default is-cropped wp-block-gallery-1 is-layout-flex wp-block-gallery-is-layout-flex\">\n<figure class=\"wp-block-image size-large is-style-default\"><img loading=\"lazy\" decoding=\"async\" width=\"1024\" height=\"576\" data-id=\"8263\" src=\"https:\/\/mybonnechance.de\/wp-content\/uploads\/2024\/06\/20240512_194904-1024x576.jpg\" alt=\"\" class=\"wp-image-8263\" srcset=\"https:\/\/mybonnechance.de\/wp-content\/uploads\/2024\/06\/20240512_194904-1024x576.jpg 1024w, https:\/\/mybonnechance.de\/wp-content\/uploads\/2024\/06\/20240512_194904-300x169.jpg 300w, https:\/\/mybonnechance.de\/wp-content\/uploads\/2024\/06\/20240512_194904-768x432.jpg 768w, https:\/\/mybonnechance.de\/wp-content\/uploads\/2024\/06\/20240512_194904-1536x864.jpg 1536w, https:\/\/mybonnechance.de\/wp-content\/uploads\/2024\/06\/20240512_194904-2048x1152.jpg 2048w\" sizes=\"auto, (max-width: 767px) 89vw, (max-width: 1000px) 54vw, (max-width: 1071px) 543px, 580px\" \/><\/figure>\n\n\n\n<figure class=\"wp-block-image size-large is-style-default\"><img loading=\"lazy\" decoding=\"async\" width=\"1024\" height=\"576\" data-id=\"8262\" src=\"https:\/\/mybonnechance.de\/wp-content\/uploads\/2024\/06\/20240512_205955-1024x576.jpg\" alt=\"\" class=\"wp-image-8262\" srcset=\"https:\/\/mybonnechance.de\/wp-content\/uploads\/2024\/06\/20240512_205955-1024x576.jpg 1024w, https:\/\/mybonnechance.de\/wp-content\/uploads\/2024\/06\/20240512_205955-300x169.jpg 300w, https:\/\/mybonnechance.de\/wp-content\/uploads\/2024\/06\/20240512_205955-768x432.jpg 768w, https:\/\/mybonnechance.de\/wp-content\/uploads\/2024\/06\/20240512_205955-1536x864.jpg 1536w, https:\/\/mybonnechance.de\/wp-content\/uploads\/2024\/06\/20240512_205955-2048x1152.jpg 2048w\" sizes=\"auto, (max-width: 767px) 89vw, (max-width: 1000px) 54vw, (max-width: 1071px) 543px, 580px\" \/><\/figure>\n<\/figure>\n\n\n","protected":false},"excerpt":{"rendered":"<p>Tag 7, Sonntag 12.Mai Flaesheim, Marina Flaesheim &#8211; Datteln,MYCKD26,5 km \u2013 2 Schleusen &#8211; 3,7 Std. FahrzeitHeute Morgen wachen wir erst um kurz vor neun auf. Am Anfang der Woche war es noch sieben Uhr. So langsam kommt man ins Urlaubsfeeling &#x1f609;. Stellt sich im Nachhinein als gar nicht so schlimm heraus, denn unterwegs k\u00f6nnen &hellip; <\/p>\n<p class=\"link-more\"><a href=\"https:\/\/mybonnechance.de\/?page_id=8168\" class=\"more-link\"><span class=\"screen-reader-text\">\u201e2024-07 Datteln\u201c<\/span> weiterlesen<\/a><\/p>\n","protected":false},"author":1,"featured_media":0,"parent":0,"menu_order":0,"comment_status":"closed","ping_status":"closed","template":"","meta":{"ngg_post_thumbnail":0,"footnotes":""},"class_list":["post-8168","page","type-page","status-publish","hentry"],"_links":{"self":[{"href":"https:\/\/mybonnechance.de\/index.php?rest_route=\/wp\/v2\/pages\/8168","targetHints":{"allow":["GET"]}}],"collection":[{"href":"https:\/\/mybonnechance.de\/index.php?rest_route=\/wp\/v2\/pages"}],"about":[{"href":"https:\/\/mybonnechance.de\/index.php?rest_route=\/wp\/v2\/types\/page"}],"author":[{"embeddable":true,"href":"https:\/\/mybonnechance.de\/index.php?rest_route=\/wp\/v2\/users\/1"}],"replies":[{"embeddable":true,"href":"https:\/\/mybonnechance.de\/index.php?rest_route=%2Fwp%2Fv2%2Fcomments&post=8168"}],"version-history":[{"count":2,"href":"https:\/\/mybonnechance.de\/index.php?rest_route=\/wp\/v2\/pages\/8168\/revisions"}],"predecessor-version":[{"id":8264,"href":"https:\/\/mybonnechance.de\/index.php?rest_route=\/wp\/v2\/pages\/8168\/revisions\/8264"}],"wp:attachment":[{"href":"https:\/\/mybonnechance.de\/index.php?rest_route=%2Fwp%2Fv2%2Fmedia&parent=8168"}],"curies":[{"name":"wp","href":"https:\/\/api.w.org\/{rel}","templated":true}]}}