{"id":8209,"date":"2024-06-15T12:55:33","date_gmt":"2024-06-15T12:55:33","guid":{"rendered":"https:\/\/mybonnechance.de\/?page_id=8209"},"modified":"2024-08-19T10:03:51","modified_gmt":"2024-08-19T10:03:51","slug":"2024-24-tempelhof","status":"publish","type":"page","link":"https:\/\/mybonnechance.de\/?page_id=8209","title":{"rendered":"2024-24 Tempelhof"},"content":{"rendered":"\n<p><strong>Tag 39, Donnerstag 13. Juni<\/strong> <strong> <\/strong>  <strong>Teltow, Marina Teltow &#8211; Tempelhof, Marina Tempelhof<\/strong><br>12,3 km &#8211; 1,9 Std. Fahrzeit<br>W\u00e4hrend der gesamten Strecke waren wieder keine Anleger. Alle in den Apps verzeichnete Liegem\u00f6glichkeiten nur f\u00fcr Berufer. Dann kommen wir an der Marina Tempelhof vorbei mit einer riesigen Media Markt Werbung. Ich glaube wir dachten beide das beide: Neuer Drucker direkt vor der Hafent\u00fcr. Unserer druckt n\u00e4mlich seit geraumer Zeit nicht mehr. Also ist die Fahrt bereits nach 1 h beendet. Kurzer Hand reingefahren und Hafenmeister angerufen. Dem w\u00e4re eine Anmeldung lieber gewesen, aber wir sollten es mit unserer Gr\u00f6\u00dfe einfach mal in die zugewiesene Box probieren. Ist dann allerdings nicht einfach, weil der Steg recht kurz ist und wir auf einmal richtig viel Wind bekommen. Die ersten Versuchen scheitern, bis er sich bequemt zu kommen und zu helfen. Weist uns dann eine gesch\u00fctztere Box zu und das klappt dann auch. Danach ist er total freundlich und hilfsbereit. Die Hafengeb\u00fchr hat es allerdings auch in sich: 39.- mit Strom ( 3,. pro Meter)<br>Das Einkaufszentrum direkt am Hafen ist riesig und hat alles, was das Herz begehrt. Ein gro\u00dfer Edeka ist ebenfalls zu finden. <\/p>\n\n\n\n<p class=\"has-vivid-red-color has-text-color has-link-color wp-elements-ffb421fdc4eb9eb9e7621fc0e9d62743\"><strong><em>Hafengeb\u00fchr:  3.- p.M.  incl.  Wasser, 3.- Strom<\/em><\/strong>,<strong><em> zu schwaches Wlan, gegen\u00fcber gr. EZ mit EDEKA + Media Markt, jede Menge Restaurants um den Hafen, gute U-Bahn Verbindung<\/em><\/strong><\/p>\n\n\n\n<figure class=\"wp-block-gallery has-nested-images columns-default is-cropped wp-block-gallery-1 is-layout-flex wp-block-gallery-is-layout-flex\">\n<figure class=\"wp-block-image size-large is-style-default\"><img loading=\"lazy\" decoding=\"async\" width=\"1024\" height=\"576\" data-id=\"8685\" src=\"https:\/\/mybonnechance.de\/wp-content\/uploads\/2024\/06\/20240614_101301-1024x576.jpg\" alt=\"\" class=\"wp-image-8685\" srcset=\"https:\/\/mybonnechance.de\/wp-content\/uploads\/2024\/06\/20240614_101301-1024x576.jpg 1024w, https:\/\/mybonnechance.de\/wp-content\/uploads\/2024\/06\/20240614_101301-300x169.jpg 300w, https:\/\/mybonnechance.de\/wp-content\/uploads\/2024\/06\/20240614_101301-768x432.jpg 768w, https:\/\/mybonnechance.de\/wp-content\/uploads\/2024\/06\/20240614_101301-1536x864.jpg 1536w, https:\/\/mybonnechance.de\/wp-content\/uploads\/2024\/06\/20240614_101301-2048x1152.jpg 2048w\" sizes=\"auto, (max-width: 767px) 89vw, (max-width: 1000px) 54vw, (max-width: 1071px) 543px, 580px\" \/><\/figure>\n\n\n\n<figure class=\"wp-block-image size-large is-style-default\"><img loading=\"lazy\" decoding=\"async\" width=\"1024\" height=\"576\" data-id=\"8687\" src=\"https:\/\/mybonnechance.de\/wp-content\/uploads\/2024\/06\/20240613_173819-1024x576.jpg\" alt=\"\" class=\"wp-image-8687\" srcset=\"https:\/\/mybonnechance.de\/wp-content\/uploads\/2024\/06\/20240613_173819-1024x576.jpg 1024w, https:\/\/mybonnechance.de\/wp-content\/uploads\/2024\/06\/20240613_173819-300x169.jpg 300w, https:\/\/mybonnechance.de\/wp-content\/uploads\/2024\/06\/20240613_173819-768x432.jpg 768w, https:\/\/mybonnechance.de\/wp-content\/uploads\/2024\/06\/20240613_173819-1536x864.jpg 1536w, https:\/\/mybonnechance.de\/wp-content\/uploads\/2024\/06\/20240613_173819-2048x1152.jpg 2048w\" sizes=\"auto, (max-width: 767px) 89vw, (max-width: 1000px) 54vw, (max-width: 1071px) 543px, 580px\" \/><\/figure>\n<\/figure>\n\n\n\n<p>Leider ist unser Besuch im Media Markt erfolglos, kein passender Drucker vorhanden. Nach einem tr\u00fcben Vormittag l\u00e4\u00dft sich jetzt auch die Sonne mal wieder blicken und ich beschlie\u00dfe mit der U-Bahn (direkt um die Ecke) nach Kreuzberg zu fahren. Ist nicht weit und da war ich noch nie. Ich starte alleine, Stephan hat keine Lust. <br>Zuerst bis zum<strong> Luftbr\u00fcckendenkmal<\/strong> gefahren, dann weiter am alten <strong>Flughafen Tempelhof <\/strong>vorbei Richtung <strong>Bergmannstr. <\/strong><\/p>\n\n\n\n<figure class=\"wp-block-gallery has-nested-images columns-default is-cropped wp-block-gallery-2 is-layout-flex wp-block-gallery-is-layout-flex\">\n<figure class=\"wp-block-image size-large is-style-default\"><img loading=\"lazy\" decoding=\"async\" width=\"1024\" height=\"576\" data-id=\"8690\" src=\"https:\/\/mybonnechance.de\/wp-content\/uploads\/2024\/06\/20240613_152524-1-1024x576.jpg\" alt=\"\" class=\"wp-image-8690\" srcset=\"https:\/\/mybonnechance.de\/wp-content\/uploads\/2024\/06\/20240613_152524-1-1024x576.jpg 1024w, https:\/\/mybonnechance.de\/wp-content\/uploads\/2024\/06\/20240613_152524-1-300x169.jpg 300w, https:\/\/mybonnechance.de\/wp-content\/uploads\/2024\/06\/20240613_152524-1-768x432.jpg 768w, https:\/\/mybonnechance.de\/wp-content\/uploads\/2024\/06\/20240613_152524-1-1536x864.jpg 1536w, https:\/\/mybonnechance.de\/wp-content\/uploads\/2024\/06\/20240613_152524-1-2048x1152.jpg 2048w\" sizes=\"auto, (max-width: 767px) 89vw, (max-width: 1000px) 54vw, (max-width: 1071px) 543px, 580px\" \/><\/figure>\n\n\n\n<figure class=\"wp-block-image size-large is-style-default\"><img loading=\"lazy\" decoding=\"async\" width=\"1024\" height=\"576\" data-id=\"8689\" src=\"https:\/\/mybonnechance.de\/wp-content\/uploads\/2024\/06\/20240613_153147-1024x576.jpg\" alt=\"\" class=\"wp-image-8689\" srcset=\"https:\/\/mybonnechance.de\/wp-content\/uploads\/2024\/06\/20240613_153147-1024x576.jpg 1024w, https:\/\/mybonnechance.de\/wp-content\/uploads\/2024\/06\/20240613_153147-300x169.jpg 300w, https:\/\/mybonnechance.de\/wp-content\/uploads\/2024\/06\/20240613_153147-768x432.jpg 768w, https:\/\/mybonnechance.de\/wp-content\/uploads\/2024\/06\/20240613_153147-1536x864.jpg 1536w, https:\/\/mybonnechance.de\/wp-content\/uploads\/2024\/06\/20240613_153147-2048x1152.jpg 2048w\" sizes=\"auto, (max-width: 767px) 89vw, (max-width: 1000px) 54vw, (max-width: 1071px) 543px, 580px\" \/><\/figure>\n<\/figure>\n\n\n\n<p>Die f\u00fchrt geradewegs zur <strong>Marheineke Markthalle<\/strong>, die absolut gro\u00dfartig ist.  Wirklich tolle Sachen, die hier angeboten werden. Den kleinen Ausschnitt Kreuzberg, den ich hier vorgefunden habe, macht einen guten Eindruck und Lust, dort zu wohnen.<\/p>\n\n\n\n<div class=\"wp-block-columns is-layout-flex wp-container-core-columns-is-layout-9d6595d7 wp-block-columns-is-layout-flex\">\n<div class=\"wp-block-column is-layout-flow wp-block-column-is-layout-flow\" style=\"flex-basis:25%\">\n<figure class=\"wp-block-image size-large is-style-default\"><img loading=\"lazy\" decoding=\"async\" width=\"576\" height=\"1024\" src=\"https:\/\/mybonnechance.de\/wp-content\/uploads\/2024\/06\/20240613_154951-576x1024.jpg\" alt=\"\" class=\"wp-image-8691\" srcset=\"https:\/\/mybonnechance.de\/wp-content\/uploads\/2024\/06\/20240613_154951-576x1024.jpg 576w, https:\/\/mybonnechance.de\/wp-content\/uploads\/2024\/06\/20240613_154951-169x300.jpg 169w, https:\/\/mybonnechance.de\/wp-content\/uploads\/2024\/06\/20240613_154951-768x1365.jpg 768w, https:\/\/mybonnechance.de\/wp-content\/uploads\/2024\/06\/20240613_154951-864x1536.jpg 864w, https:\/\/mybonnechance.de\/wp-content\/uploads\/2024\/06\/20240613_154951-1152x2048.jpg 1152w, https:\/\/mybonnechance.de\/wp-content\/uploads\/2024\/06\/20240613_154951-scaled.jpg 1440w\" sizes=\"auto, (max-width: 576px) 100vw, 576px\" \/><\/figure>\n<\/div>\n\n\n\n<div class=\"wp-block-column is-layout-flow wp-block-column-is-layout-flow\" style=\"flex-basis:50%\">\n<figure class=\"wp-block-image size-large is-style-default\"><img loading=\"lazy\" decoding=\"async\" width=\"1024\" height=\"576\" src=\"https:\/\/mybonnechance.de\/wp-content\/uploads\/2024\/06\/20240613_163540-1024x576.jpg\" alt=\"\" class=\"wp-image-8692\" srcset=\"https:\/\/mybonnechance.de\/wp-content\/uploads\/2024\/06\/20240613_163540-1024x576.jpg 1024w, https:\/\/mybonnechance.de\/wp-content\/uploads\/2024\/06\/20240613_163540-300x169.jpg 300w, https:\/\/mybonnechance.de\/wp-content\/uploads\/2024\/06\/20240613_163540-768x432.jpg 768w, https:\/\/mybonnechance.de\/wp-content\/uploads\/2024\/06\/20240613_163540-1536x864.jpg 1536w, https:\/\/mybonnechance.de\/wp-content\/uploads\/2024\/06\/20240613_163540-2048x1152.jpg 2048w\" sizes=\"auto, (max-width: 767px) 89vw, (max-width: 1000px) 54vw, (max-width: 1071px) 543px, 580px\" \/><\/figure>\n<\/div>\n\n\n\n<div class=\"wp-block-column is-layout-flow wp-block-column-is-layout-flow\" style=\"flex-basis:25%\">\n<figure class=\"wp-block-image size-large is-style-default\"><img loading=\"lazy\" decoding=\"async\" width=\"576\" height=\"1024\" src=\"https:\/\/mybonnechance.de\/wp-content\/uploads\/2024\/06\/20240613_154349-576x1024.jpg\" alt=\"\" class=\"wp-image-8693\" srcset=\"https:\/\/mybonnechance.de\/wp-content\/uploads\/2024\/06\/20240613_154349-576x1024.jpg 576w, https:\/\/mybonnechance.de\/wp-content\/uploads\/2024\/06\/20240613_154349-169x300.jpg 169w, https:\/\/mybonnechance.de\/wp-content\/uploads\/2024\/06\/20240613_154349-768x1365.jpg 768w, https:\/\/mybonnechance.de\/wp-content\/uploads\/2024\/06\/20240613_154349-864x1536.jpg 864w, https:\/\/mybonnechance.de\/wp-content\/uploads\/2024\/06\/20240613_154349-1152x2048.jpg 1152w, https:\/\/mybonnechance.de\/wp-content\/uploads\/2024\/06\/20240613_154349-scaled.jpg 1440w\" sizes=\"auto, (max-width: 576px) 100vw, 576px\" \/><\/figure>\n<\/div>\n<\/div>\n\n\n\n<p>Dann habe ich mich von den Markthallen rechts orientiert und bin die Bergmannstr. weiter Richtung <strong>Viktoriapark<\/strong> gegangen. War auch recht h\u00fcbsch mit einem Wasserfall und Nationaldenkmal f\u00fcr die Befreiungskriege. <\/p>\n\n\n\n<figure class=\"wp-block-gallery has-nested-images columns-default is-cropped wp-block-gallery-3 is-layout-flex wp-block-gallery-is-layout-flex\">\n<figure class=\"wp-block-image size-large is-style-default\"><img loading=\"lazy\" decoding=\"async\" width=\"576\" height=\"1024\" data-id=\"8696\" src=\"https:\/\/mybonnechance.de\/wp-content\/uploads\/2024\/06\/20240613_164735-576x1024.jpg\" alt=\"\" class=\"wp-image-8696\" srcset=\"https:\/\/mybonnechance.de\/wp-content\/uploads\/2024\/06\/20240613_164735-576x1024.jpg 576w, https:\/\/mybonnechance.de\/wp-content\/uploads\/2024\/06\/20240613_164735-169x300.jpg 169w, https:\/\/mybonnechance.de\/wp-content\/uploads\/2024\/06\/20240613_164735-768x1365.jpg 768w, https:\/\/mybonnechance.de\/wp-content\/uploads\/2024\/06\/20240613_164735-864x1536.jpg 864w, https:\/\/mybonnechance.de\/wp-content\/uploads\/2024\/06\/20240613_164735-1152x2048.jpg 1152w, https:\/\/mybonnechance.de\/wp-content\/uploads\/2024\/06\/20240613_164735-scaled.jpg 1440w\" sizes=\"auto, (max-width: 576px) 100vw, 576px\" \/><\/figure>\n\n\n\n<figure class=\"wp-block-image size-large is-style-default\"><img loading=\"lazy\" decoding=\"async\" width=\"576\" height=\"1024\" data-id=\"8694\" src=\"https:\/\/mybonnechance.de\/wp-content\/uploads\/2024\/06\/20240613_170631-576x1024.jpg\" alt=\"\" class=\"wp-image-8694\" srcset=\"https:\/\/mybonnechance.de\/wp-content\/uploads\/2024\/06\/20240613_170631-576x1024.jpg 576w, https:\/\/mybonnechance.de\/wp-content\/uploads\/2024\/06\/20240613_170631-169x300.jpg 169w, https:\/\/mybonnechance.de\/wp-content\/uploads\/2024\/06\/20240613_170631-768x1365.jpg 768w, https:\/\/mybonnechance.de\/wp-content\/uploads\/2024\/06\/20240613_170631-864x1536.jpg 864w, https:\/\/mybonnechance.de\/wp-content\/uploads\/2024\/06\/20240613_170631-1152x2048.jpg 1152w, https:\/\/mybonnechance.de\/wp-content\/uploads\/2024\/06\/20240613_170631-scaled.jpg 1440w\" sizes=\"auto, (max-width: 576px) 100vw, 576px\" \/><\/figure>\n\n\n\n<figure class=\"wp-block-image size-large is-style-default\"><img loading=\"lazy\" decoding=\"async\" width=\"576\" height=\"1024\" data-id=\"8695\" src=\"https:\/\/mybonnechance.de\/wp-content\/uploads\/2024\/06\/20240613_170258-576x1024.jpg\" alt=\"\" class=\"wp-image-8695\" srcset=\"https:\/\/mybonnechance.de\/wp-content\/uploads\/2024\/06\/20240613_170258-576x1024.jpg 576w, https:\/\/mybonnechance.de\/wp-content\/uploads\/2024\/06\/20240613_170258-169x300.jpg 169w, https:\/\/mybonnechance.de\/wp-content\/uploads\/2024\/06\/20240613_170258-768x1365.jpg 768w, https:\/\/mybonnechance.de\/wp-content\/uploads\/2024\/06\/20240613_170258-864x1536.jpg 864w, https:\/\/mybonnechance.de\/wp-content\/uploads\/2024\/06\/20240613_170258-1152x2048.jpg 1152w, https:\/\/mybonnechance.de\/wp-content\/uploads\/2024\/06\/20240613_170258-scaled.jpg 1440w\" sizes=\"auto, (max-width: 576px) 100vw, 576px\" \/><\/figure>\n<\/figure>\n\n\n\n<p>Es war ein sch\u00f6ner und auch sehr langer Spaziergang ( 10 km), aber auch interesant.<\/p>\n\n\n","protected":false},"excerpt":{"rendered":"<p>Tag 39, Donnerstag 13. Juni Teltow, Marina Teltow &#8211; Tempelhof, Marina Tempelhof12,3 km &#8211; 1,9 Std. FahrzeitW\u00e4hrend der gesamten Strecke waren wieder keine Anleger. Alle in den Apps verzeichnete Liegem\u00f6glichkeiten nur f\u00fcr Berufer. Dann kommen wir an der Marina Tempelhof vorbei mit einer riesigen Media Markt Werbung. Ich glaube wir dachten beide das beide: Neuer &hellip; <\/p>\n<p class=\"link-more\"><a href=\"https:\/\/mybonnechance.de\/?page_id=8209\" class=\"more-link\"><span class=\"screen-reader-text\">\u201e2024-24 Tempelhof\u201c<\/span> weiterlesen<\/a><\/p>\n","protected":false},"author":1,"featured_media":0,"parent":0,"menu_order":0,"comment_status":"closed","ping_status":"closed","template":"","meta":{"ngg_post_thumbnail":0,"footnotes":""},"class_list":["post-8209","page","type-page","status-publish","hentry"],"_links":{"self":[{"href":"https:\/\/mybonnechance.de\/index.php?rest_route=\/wp\/v2\/pages\/8209","targetHints":{"allow":["GET"]}}],"collection":[{"href":"https:\/\/mybonnechance.de\/index.php?rest_route=\/wp\/v2\/pages"}],"about":[{"href":"https:\/\/mybonnechance.de\/index.php?rest_route=\/wp\/v2\/types\/page"}],"author":[{"embeddable":true,"href":"https:\/\/mybonnechance.de\/index.php?rest_route=\/wp\/v2\/users\/1"}],"replies":[{"embeddable":true,"href":"https:\/\/mybonnechance.de\/index.php?rest_route=%2Fwp%2Fv2%2Fcomments&post=8209"}],"version-history":[{"count":5,"href":"https:\/\/mybonnechance.de\/index.php?rest_route=\/wp\/v2\/pages\/8209\/revisions"}],"predecessor-version":[{"id":9492,"href":"https:\/\/mybonnechance.de\/index.php?rest_route=\/wp\/v2\/pages\/8209\/revisions\/9492"}],"wp:attachment":[{"href":"https:\/\/mybonnechance.de\/index.php?rest_route=%2Fwp%2Fv2%2Fmedia&parent=8209"}],"curies":[{"name":"wp","href":"https:\/\/api.w.org\/{rel}","templated":true}]}}