{"id":8708,"date":"2024-06-25T16:14:53","date_gmt":"2024-06-25T16:14:53","guid":{"rendered":"https:\/\/mybonnechance.de\/?page_id=8708"},"modified":"2024-06-30T12:17:36","modified_gmt":"2024-06-30T12:17:36","slug":"2024-26-wolziger-see","status":"publish","type":"page","link":"https:\/\/mybonnechance.de\/?page_id=8708","title":{"rendered":"2024-26 Wolziger See"},"content":{"rendered":"\n<p><strong>Tag 42, Sonntag 16. Juni<\/strong> <strong> Zeuthen, Bootshaus Roll<\/strong> <strong>&#8211; Wolziger See, Ankern<\/strong><br>29,9 km \u2013 1 Schleuse &#8211; 4,2 Std. Fahrzeit<br>Schreck in der Morgenstunde \u2013 wir bekommen kein Wasser in der Toilette angesaugt. Nachdem Stephan die Toilette aufgemacht hat, entpuppt sich ein Mini Aal als der Verursacher. <br>Weiter geht es bei strahlendem Sonnenschein, wir wissen nur noch nicht wo wir bleiben werden. Planlos zu fahren ist ja so gar nichts f\u00fcr Stephan \ud83d\ude09<br>Wir sind durch die <strong>Schleuse Neue M\u00fchle<\/strong>, Achtung starke Str\u00f6mung. Aber war ein netter Schleusenmeister, der uns gewarnt hat. Die Strecke ist wieder sehr sch\u00f6n und wir kommen. nat\u00fcrlich, wieder an eine Menge toller Gundst\u00fccke und H\u00e4user vorbei.<\/p>\n\n\n\n<figure class=\"wp-block-gallery has-nested-images columns-default is-cropped wp-block-gallery-1 is-layout-flex wp-block-gallery-is-layout-flex\">\n<figure class=\"wp-block-image size-large is-style-default\"><img loading=\"lazy\" decoding=\"async\" width=\"1024\" height=\"576\" data-id=\"8739\" src=\"https:\/\/mybonnechance.de\/wp-content\/uploads\/2024\/06\/20240616_115830-1024x576.jpg\" alt=\"\" class=\"wp-image-8739\" srcset=\"https:\/\/mybonnechance.de\/wp-content\/uploads\/2024\/06\/20240616_115830-1024x576.jpg 1024w, https:\/\/mybonnechance.de\/wp-content\/uploads\/2024\/06\/20240616_115830-300x169.jpg 300w, https:\/\/mybonnechance.de\/wp-content\/uploads\/2024\/06\/20240616_115830-768x432.jpg 768w, https:\/\/mybonnechance.de\/wp-content\/uploads\/2024\/06\/20240616_115830-1536x864.jpg 1536w, https:\/\/mybonnechance.de\/wp-content\/uploads\/2024\/06\/20240616_115830-2048x1152.jpg 2048w\" sizes=\"auto, (max-width: 767px) 89vw, (max-width: 1000px) 54vw, (max-width: 1071px) 543px, 580px\" \/><\/figure>\n\n\n\n<figure class=\"wp-block-image size-large is-style-default\"><img loading=\"lazy\" decoding=\"async\" width=\"1024\" height=\"576\" data-id=\"8737\" src=\"https:\/\/mybonnechance.de\/wp-content\/uploads\/2024\/06\/20240616_113407-1024x576.jpg\" alt=\"\" class=\"wp-image-8737\" srcset=\"https:\/\/mybonnechance.de\/wp-content\/uploads\/2024\/06\/20240616_113407-1024x576.jpg 1024w, https:\/\/mybonnechance.de\/wp-content\/uploads\/2024\/06\/20240616_113407-300x169.jpg 300w, https:\/\/mybonnechance.de\/wp-content\/uploads\/2024\/06\/20240616_113407-768x432.jpg 768w, https:\/\/mybonnechance.de\/wp-content\/uploads\/2024\/06\/20240616_113407-1536x864.jpg 1536w, https:\/\/mybonnechance.de\/wp-content\/uploads\/2024\/06\/20240616_113407-2048x1152.jpg 2048w\" sizes=\"auto, (max-width: 767px) 89vw, (max-width: 1000px) 54vw, (max-width: 1071px) 543px, 580px\" \/><\/figure>\n\n\n\n<figure class=\"wp-block-image size-large is-style-default\"><img loading=\"lazy\" decoding=\"async\" width=\"1024\" height=\"576\" data-id=\"8738\" src=\"https:\/\/mybonnechance.de\/wp-content\/uploads\/2024\/06\/20240616_121242-1024x576.jpg\" alt=\"\" class=\"wp-image-8738\" srcset=\"https:\/\/mybonnechance.de\/wp-content\/uploads\/2024\/06\/20240616_121242-1024x576.jpg 1024w, https:\/\/mybonnechance.de\/wp-content\/uploads\/2024\/06\/20240616_121242-300x169.jpg 300w, https:\/\/mybonnechance.de\/wp-content\/uploads\/2024\/06\/20240616_121242-768x432.jpg 768w, https:\/\/mybonnechance.de\/wp-content\/uploads\/2024\/06\/20240616_121242-1536x864.jpg 1536w, https:\/\/mybonnechance.de\/wp-content\/uploads\/2024\/06\/20240616_121242-2048x1152.jpg 2048w\" sizes=\"auto, (max-width: 767px) 89vw, (max-width: 1000px) 54vw, (max-width: 1071px) 543px, 580px\" \/><\/figure>\n<\/figure>\n\n\n\n<figure class=\"wp-block-gallery has-nested-images columns-default is-cropped wp-block-gallery-2 is-layout-flex wp-block-gallery-is-layout-flex\">\n<figure class=\"wp-block-image size-large is-style-default\"><img loading=\"lazy\" decoding=\"async\" width=\"1024\" height=\"576\" data-id=\"8741\" src=\"https:\/\/mybonnechance.de\/wp-content\/uploads\/2024\/06\/20240616_132105-1024x576.jpg\" alt=\"\" class=\"wp-image-8741\" srcset=\"https:\/\/mybonnechance.de\/wp-content\/uploads\/2024\/06\/20240616_132105-1024x576.jpg 1024w, https:\/\/mybonnechance.de\/wp-content\/uploads\/2024\/06\/20240616_132105-300x169.jpg 300w, https:\/\/mybonnechance.de\/wp-content\/uploads\/2024\/06\/20240616_132105-768x432.jpg 768w, https:\/\/mybonnechance.de\/wp-content\/uploads\/2024\/06\/20240616_132105-1536x864.jpg 1536w, https:\/\/mybonnechance.de\/wp-content\/uploads\/2024\/06\/20240616_132105-2048x1152.jpg 2048w\" sizes=\"auto, (max-width: 767px) 89vw, (max-width: 1000px) 54vw, (max-width: 1071px) 543px, 580px\" \/><\/figure>\n\n\n\n<figure class=\"wp-block-image size-large is-style-default\"><img loading=\"lazy\" decoding=\"async\" width=\"1024\" height=\"576\" data-id=\"8740\" src=\"https:\/\/mybonnechance.de\/wp-content\/uploads\/2024\/06\/20240616_132121-1024x576.jpg\" alt=\"\" class=\"wp-image-8740\" srcset=\"https:\/\/mybonnechance.de\/wp-content\/uploads\/2024\/06\/20240616_132121-1024x576.jpg 1024w, https:\/\/mybonnechance.de\/wp-content\/uploads\/2024\/06\/20240616_132121-300x169.jpg 300w, https:\/\/mybonnechance.de\/wp-content\/uploads\/2024\/06\/20240616_132121-768x432.jpg 768w, https:\/\/mybonnechance.de\/wp-content\/uploads\/2024\/06\/20240616_132121-1536x864.jpg 1536w, https:\/\/mybonnechance.de\/wp-content\/uploads\/2024\/06\/20240616_132121-2048x1152.jpg 2048w\" sizes=\"auto, (max-width: 767px) 89vw, (max-width: 1000px) 54vw, (max-width: 1071px) 543px, 580px\" \/><\/figure>\n<\/figure>\n\n\n\n<p>Es bleibt das vertraute Bild: alle in der Karte verzeichneten Liegepl\u00e4tze sind privat oder zu klein, am Kr\u00fcppelsee das gleiche Bild. An der <strong>BunBo Anlage Zerndorf<\/strong> w\u00e4re vielleicht was gegangen \u2013 aber heute ist wahrscheinlich gro\u00dfer Wechsel der BunBos angesagt. K\u00f6nnte zu unruhig werden.<\/p>\n\n\n\n<figure class=\"wp-block-gallery has-nested-images columns-default is-cropped wp-block-gallery-3 is-layout-flex wp-block-gallery-is-layout-flex\">\n<figure class=\"wp-block-image size-large is-style-default\"><img loading=\"lazy\" decoding=\"async\" width=\"1024\" height=\"576\" data-id=\"8753\" src=\"https:\/\/mybonnechance.de\/wp-content\/uploads\/2024\/06\/20240627_114315-1024x576.jpg\" alt=\"\" class=\"wp-image-8753\" srcset=\"https:\/\/mybonnechance.de\/wp-content\/uploads\/2024\/06\/20240627_114315-1024x576.jpg 1024w, https:\/\/mybonnechance.de\/wp-content\/uploads\/2024\/06\/20240627_114315-300x169.jpg 300w, https:\/\/mybonnechance.de\/wp-content\/uploads\/2024\/06\/20240627_114315-768x432.jpg 768w, https:\/\/mybonnechance.de\/wp-content\/uploads\/2024\/06\/20240627_114315-1536x864.jpg 1536w, https:\/\/mybonnechance.de\/wp-content\/uploads\/2024\/06\/20240627_114315-2048x1152.jpg 2048w\" sizes=\"auto, (max-width: 767px) 89vw, (max-width: 1000px) 54vw, (max-width: 1071px) 543px, 580px\" \/><\/figure>\n\n\n\n<figure class=\"wp-block-image size-large is-style-default\"><img loading=\"lazy\" decoding=\"async\" width=\"1024\" height=\"576\" data-id=\"8754\" src=\"https:\/\/mybonnechance.de\/wp-content\/uploads\/2024\/06\/20240627_114337-1024x576.jpg\" alt=\"\" class=\"wp-image-8754\" srcset=\"https:\/\/mybonnechance.de\/wp-content\/uploads\/2024\/06\/20240627_114337-1024x576.jpg 1024w, https:\/\/mybonnechance.de\/wp-content\/uploads\/2024\/06\/20240627_114337-300x169.jpg 300w, https:\/\/mybonnechance.de\/wp-content\/uploads\/2024\/06\/20240627_114337-768x432.jpg 768w, https:\/\/mybonnechance.de\/wp-content\/uploads\/2024\/06\/20240627_114337-1536x864.jpg 1536w, https:\/\/mybonnechance.de\/wp-content\/uploads\/2024\/06\/20240627_114337-2048x1152.jpg 2048w\" sizes=\"auto, (max-width: 767px) 89vw, (max-width: 1000px) 54vw, (max-width: 1071px) 543px, 580px\" \/><\/figure>\n<\/figure>\n\n\n\n<p>Deshalb versuchen wir es noch mit einem Abstecher nach <strong>Prieros<\/strong>, da soll es auch mehrere Liegepl\u00e4tze geben. Stimmt \u2013 aber alle besetzt. Kein Wunder, strahlender Sonnenschein und Sonntag. Es handelt es dabei sich um eine Aneinanderreihung von Boxen, wobei aber auch nur ca. 3-4 gro\u00df genug f\u00fcr uns w\u00e4ren. Also zur\u00fcck. Dann versuchen wir im <strong>Langen See<\/strong> zu ankern, leider erfolglos \u2013 sobald man aus der Fahrrinne raus ist wird es zu flach. Sp\u00e4ter erfahren wir, wir h\u00e4tten weiter durchgemusst &#8211; da geht es. Im <strong>Wolziger See<\/strong> haben wir dann endlich Erfolg mit dem Ankern. Es ist ein sch\u00f6ner Tag zum Sonnenbaden, das Wasser ist mir allerdings noch zu kalt.<\/p>\n\n\n\n<figure class=\"wp-block-gallery has-nested-images columns-default is-cropped wp-block-gallery-4 is-layout-flex wp-block-gallery-is-layout-flex\">\n<figure class=\"wp-block-image size-large is-style-default\"><img loading=\"lazy\" decoding=\"async\" width=\"1024\" height=\"576\" data-id=\"8747\" src=\"https:\/\/mybonnechance.de\/wp-content\/uploads\/2024\/06\/20240616_175329-1024x576.jpg\" alt=\"\" class=\"wp-image-8747\" srcset=\"https:\/\/mybonnechance.de\/wp-content\/uploads\/2024\/06\/20240616_175329-1024x576.jpg 1024w, https:\/\/mybonnechance.de\/wp-content\/uploads\/2024\/06\/20240616_175329-300x169.jpg 300w, https:\/\/mybonnechance.de\/wp-content\/uploads\/2024\/06\/20240616_175329-768x432.jpg 768w, https:\/\/mybonnechance.de\/wp-content\/uploads\/2024\/06\/20240616_175329-1536x864.jpg 1536w, https:\/\/mybonnechance.de\/wp-content\/uploads\/2024\/06\/20240616_175329-2048x1152.jpg 2048w\" sizes=\"auto, (max-width: 767px) 89vw, (max-width: 1000px) 54vw, (max-width: 1071px) 543px, 580px\" \/><\/figure>\n\n\n\n<figure class=\"wp-block-image size-large is-style-default\"><img loading=\"lazy\" decoding=\"async\" width=\"1024\" height=\"576\" data-id=\"8743\" src=\"https:\/\/mybonnechance.de\/wp-content\/uploads\/2024\/06\/20240616_184532-1024x576.jpg\" alt=\"\" class=\"wp-image-8743\" srcset=\"https:\/\/mybonnechance.de\/wp-content\/uploads\/2024\/06\/20240616_184532-1024x576.jpg 1024w, https:\/\/mybonnechance.de\/wp-content\/uploads\/2024\/06\/20240616_184532-300x169.jpg 300w, https:\/\/mybonnechance.de\/wp-content\/uploads\/2024\/06\/20240616_184532-768x432.jpg 768w, https:\/\/mybonnechance.de\/wp-content\/uploads\/2024\/06\/20240616_184532-1536x864.jpg 1536w, https:\/\/mybonnechance.de\/wp-content\/uploads\/2024\/06\/20240616_184532-2048x1152.jpg 2048w\" sizes=\"auto, (max-width: 767px) 89vw, (max-width: 1000px) 54vw, (max-width: 1071px) 543px, 580px\" \/><\/figure>\n\n\n\n<figure class=\"wp-block-image size-large is-style-default\"><img loading=\"lazy\" decoding=\"async\" width=\"1024\" height=\"576\" data-id=\"8744\" src=\"https:\/\/mybonnechance.de\/wp-content\/uploads\/2024\/06\/20240618_090632-1024x576.jpg\" alt=\"\" class=\"wp-image-8744\" srcset=\"https:\/\/mybonnechance.de\/wp-content\/uploads\/2024\/06\/20240618_090632-1024x576.jpg 1024w, https:\/\/mybonnechance.de\/wp-content\/uploads\/2024\/06\/20240618_090632-300x169.jpg 300w, https:\/\/mybonnechance.de\/wp-content\/uploads\/2024\/06\/20240618_090632-768x432.jpg 768w, https:\/\/mybonnechance.de\/wp-content\/uploads\/2024\/06\/20240618_090632-1536x864.jpg 1536w, https:\/\/mybonnechance.de\/wp-content\/uploads\/2024\/06\/20240618_090632-2048x1152.jpg 2048w\" sizes=\"auto, (max-width: 767px) 89vw, (max-width: 1000px) 54vw, (max-width: 1071px) 543px, 580px\" \/><\/figure>\n<\/figure>\n\n\n\n<figure class=\"wp-block-gallery has-nested-images columns-default is-cropped wp-block-gallery-5 is-layout-flex wp-block-gallery-is-layout-flex\">\n<figure class=\"wp-block-image size-large is-style-default\"><img loading=\"lazy\" decoding=\"async\" width=\"1024\" height=\"576\" data-id=\"8749\" src=\"https:\/\/mybonnechance.de\/wp-content\/uploads\/2024\/06\/20240617_212720-1024x576.jpg\" alt=\"\" class=\"wp-image-8749\" srcset=\"https:\/\/mybonnechance.de\/wp-content\/uploads\/2024\/06\/20240617_212720-1024x576.jpg 1024w, https:\/\/mybonnechance.de\/wp-content\/uploads\/2024\/06\/20240617_212720-300x169.jpg 300w, https:\/\/mybonnechance.de\/wp-content\/uploads\/2024\/06\/20240617_212720-768x432.jpg 768w, https:\/\/mybonnechance.de\/wp-content\/uploads\/2024\/06\/20240617_212720-1536x864.jpg 1536w, https:\/\/mybonnechance.de\/wp-content\/uploads\/2024\/06\/20240617_212720-2048x1152.jpg 2048w\" sizes=\"auto, (max-width: 767px) 89vw, (max-width: 1000px) 54vw, (max-width: 1071px) 543px, 580px\" \/><\/figure>\n\n\n\n<figure class=\"wp-block-image size-large is-style-default\"><img loading=\"lazy\" decoding=\"async\" width=\"1024\" height=\"576\" data-id=\"8748\" src=\"https:\/\/mybonnechance.de\/wp-content\/uploads\/2024\/06\/20240617_212729-1024x576.jpg\" alt=\"\" class=\"wp-image-8748\" srcset=\"https:\/\/mybonnechance.de\/wp-content\/uploads\/2024\/06\/20240617_212729-1024x576.jpg 1024w, https:\/\/mybonnechance.de\/wp-content\/uploads\/2024\/06\/20240617_212729-300x169.jpg 300w, https:\/\/mybonnechance.de\/wp-content\/uploads\/2024\/06\/20240617_212729-768x432.jpg 768w, https:\/\/mybonnechance.de\/wp-content\/uploads\/2024\/06\/20240617_212729-1536x864.jpg 1536w, https:\/\/mybonnechance.de\/wp-content\/uploads\/2024\/06\/20240617_212729-2048x1152.jpg 2048w\" sizes=\"auto, (max-width: 767px) 89vw, (max-width: 1000px) 54vw, (max-width: 1071px) 543px, 580px\" \/><\/figure>\n<\/figure>\n\n\n\n<p><strong>Tag 43, Montag 17. Juni<\/strong> <br>Herrlich geschlafen bis 9 Uhr und wir beschlie\u00dfen noch einen Tag zu ankern. Es ist alles so friedlich und ruhig hier und wir sind weiterhin relativ allein. Es kommen auch keine Partyboote oder Raser auf dem Wasser hierhin. Das Wetter ist zwar bew\u00f6lkter und windiger geworden, aber es bleibt sch\u00f6n warm.<\/p>\n\n\n","protected":false},"excerpt":{"rendered":"<p>Tag 42, Sonntag 16. Juni Zeuthen, Bootshaus Roll &#8211; Wolziger See, Ankern29,9 km \u2013 1 Schleuse &#8211; 4,2 Std. FahrzeitSchreck in der Morgenstunde \u2013 wir bekommen kein Wasser in der Toilette angesaugt. Nachdem Stephan die Toilette aufgemacht hat, entpuppt sich ein Mini Aal als der Verursacher. Weiter geht es bei strahlendem Sonnenschein, wir wissen nur &hellip; <\/p>\n<p class=\"link-more\"><a href=\"https:\/\/mybonnechance.de\/?page_id=8708\" class=\"more-link\"><span class=\"screen-reader-text\">\u201e2024-26 Wolziger See\u201c<\/span> weiterlesen<\/a><\/p>\n","protected":false},"author":1,"featured_media":0,"parent":0,"menu_order":0,"comment_status":"closed","ping_status":"closed","template":"","meta":{"ngg_post_thumbnail":0,"footnotes":""},"class_list":["post-8708","page","type-page","status-publish","hentry"],"_links":{"self":[{"href":"https:\/\/mybonnechance.de\/index.php?rest_route=\/wp\/v2\/pages\/8708","targetHints":{"allow":["GET"]}}],"collection":[{"href":"https:\/\/mybonnechance.de\/index.php?rest_route=\/wp\/v2\/pages"}],"about":[{"href":"https:\/\/mybonnechance.de\/index.php?rest_route=\/wp\/v2\/types\/page"}],"author":[{"embeddable":true,"href":"https:\/\/mybonnechance.de\/index.php?rest_route=\/wp\/v2\/users\/1"}],"replies":[{"embeddable":true,"href":"https:\/\/mybonnechance.de\/index.php?rest_route=%2Fwp%2Fv2%2Fcomments&post=8708"}],"version-history":[{"count":5,"href":"https:\/\/mybonnechance.de\/index.php?rest_route=\/wp\/v2\/pages\/8708\/revisions"}],"predecessor-version":[{"id":8755,"href":"https:\/\/mybonnechance.de\/index.php?rest_route=\/wp\/v2\/pages\/8708\/revisions\/8755"}],"wp:attachment":[{"href":"https:\/\/mybonnechance.de\/index.php?rest_route=%2Fwp%2Fv2%2Fmedia&parent=8708"}],"curies":[{"name":"wp","href":"https:\/\/api.w.org\/{rel}","templated":true}]}}