{"id":9112,"date":"2024-07-26T13:42:21","date_gmt":"2024-07-26T13:42:21","guid":{"rendered":"https:\/\/mybonnechance.de\/?page_id=9112"},"modified":"2024-08-18T13:52:43","modified_gmt":"2024-08-18T13:52:43","slug":"2024-43-oderberg","status":"publish","type":"page","link":"https:\/\/mybonnechance.de\/?page_id=9112","title":{"rendered":"2024-42 Oderberg"},"content":{"rendered":"\n<p><strong>Tag 78, Dienstag 23.Juli   Marienwerder, Marina Marienwerder<\/strong> <strong>&#8211; Oderberg, Marina Oderberg<\/strong><br>32,1 km &#8211; 1 Hebewerk &#8211; 4,25 Std. Fahrzeit<br>Nach dem gestrigen Regenschauer hat es sich heute Morgen abgek\u00fchlt, aber es ist trotz bew\u00f6lktem Wetter noch angenehm warm. Das \u00e4ndert sich allerdings im Laufe unserer Fahrt. Es wird windiger und es f\u00e4ngt leicht zu regnen an. Zum Gl\u00fcck erst nach dem <strong>Schiffshebewerk Niederfinow<\/strong>, denn daf\u00fcr haben wir Verdeck und Ger\u00e4tetr\u00e4ger gelegt. Immer wieder imposant, auch wenn es nur das alte Hebewerk war. An dem Neuen wird gerade gearbeitet.<\/p>\n\n\n\n<figure class=\"wp-block-image size-large\"><img loading=\"lazy\" decoding=\"async\" width=\"1024\" height=\"576\" src=\"https:\/\/mybonnechance.de\/wp-content\/uploads\/2024\/08\/20240722_111807-1024x576.jpg\" alt=\"\" class=\"wp-image-9207\" srcset=\"https:\/\/mybonnechance.de\/wp-content\/uploads\/2024\/08\/20240722_111807-1024x576.jpg 1024w, https:\/\/mybonnechance.de\/wp-content\/uploads\/2024\/08\/20240722_111807-300x169.jpg 300w, https:\/\/mybonnechance.de\/wp-content\/uploads\/2024\/08\/20240722_111807-768x432.jpg 768w, https:\/\/mybonnechance.de\/wp-content\/uploads\/2024\/08\/20240722_111807-1536x864.jpg 1536w, https:\/\/mybonnechance.de\/wp-content\/uploads\/2024\/08\/20240722_111807-2048x1152.jpg 2048w\" sizes=\"auto, (max-width: 767px) 89vw, (max-width: 1000px) 54vw, (max-width: 1071px) 543px, 580px\" \/><\/figure>\n\n\n\n<figure class=\"wp-block-gallery has-nested-images columns-default is-cropped wp-block-gallery-1 is-layout-flex wp-block-gallery-is-layout-flex\">\n<figure class=\"wp-block-image size-large\"><img loading=\"lazy\" decoding=\"async\" width=\"576\" height=\"1024\" data-id=\"9208\" src=\"https:\/\/mybonnechance.de\/wp-content\/uploads\/2024\/08\/20240722_115838-576x1024.jpg\" alt=\"\" class=\"wp-image-9208\" srcset=\"https:\/\/mybonnechance.de\/wp-content\/uploads\/2024\/08\/20240722_115838-576x1024.jpg 576w, https:\/\/mybonnechance.de\/wp-content\/uploads\/2024\/08\/20240722_115838-169x300.jpg 169w, https:\/\/mybonnechance.de\/wp-content\/uploads\/2024\/08\/20240722_115838-768x1365.jpg 768w, https:\/\/mybonnechance.de\/wp-content\/uploads\/2024\/08\/20240722_115838-864x1536.jpg 864w, https:\/\/mybonnechance.de\/wp-content\/uploads\/2024\/08\/20240722_115838-1152x2048.jpg 1152w, https:\/\/mybonnechance.de\/wp-content\/uploads\/2024\/08\/20240722_115838-scaled.jpg 1440w\" sizes=\"auto, (max-width: 576px) 100vw, 576px\" \/><\/figure>\n\n\n\n<figure class=\"wp-block-image size-large\"><img loading=\"lazy\" decoding=\"async\" width=\"576\" height=\"1024\" data-id=\"9209\" src=\"https:\/\/mybonnechance.de\/wp-content\/uploads\/2024\/08\/20240722_120022-576x1024.jpg\" alt=\"\" class=\"wp-image-9209\" srcset=\"https:\/\/mybonnechance.de\/wp-content\/uploads\/2024\/08\/20240722_120022-576x1024.jpg 576w, https:\/\/mybonnechance.de\/wp-content\/uploads\/2024\/08\/20240722_120022-169x300.jpg 169w, https:\/\/mybonnechance.de\/wp-content\/uploads\/2024\/08\/20240722_120022-768x1365.jpg 768w, https:\/\/mybonnechance.de\/wp-content\/uploads\/2024\/08\/20240722_120022-864x1536.jpg 864w, https:\/\/mybonnechance.de\/wp-content\/uploads\/2024\/08\/20240722_120022-1152x2048.jpg 1152w, https:\/\/mybonnechance.de\/wp-content\/uploads\/2024\/08\/20240722_120022-scaled.jpg 1440w\" sizes=\"auto, (max-width: 576px) 100vw, 576px\" \/><\/figure>\n<\/figure>\n\n\n\n<p>Da wir eigentlich gut in der Zeit liegen haben wir uns \u00fcberlegt, bis nach Schwedt weiterzufahren. Dummerweise erreichen wir im B\u00fcro niemanden \u2013 Urlaub. Also bleiben wir in <strong>Oderberg<\/strong>. <\/p>\n\n\n\n<p class=\"has-vivid-red-color has-text-color has-link-color wp-elements-7d44aba98538553935e10992da485382\"><strong><em>Hafengeb\u00fchr:  2.- p. M + 2.- p.P + 3.- Strom, 2 .- p. 100 l Wasser , kein Wlan, Hafenrestaurant<\/em><\/strong><\/p>\n\n\n\n<p>Hafen und Hafenmeister sind nett und es gibt auch wieder ein kleines Restaurant, welches der Hafenmeister betreibt. Wir verbringen dort einen netten Abend mit Sandra und Jan, die schon mit uns in Marienwerder gelegen haben. Der Hafenmeister raubt uns die Hoffnung morgen schnell mit der Oderstr\u00f6mung bis nach Stettin zu kommen. Es herrscht nur eine Wassertiefe bis ca. 1,20. Stephan hatte schon den halben Tag nach den Wassertiefen gesucht. Wir haben aber immer nur Pegelst\u00e4nder gefunden. Wir werden morgen nach Gartz und dann noch bis Stettin mit den beiden zusammenfahren. Strom und Wasser gegen Aufpreis, aber ein Wlan.<\/p>\n\n\n\n<figure class=\"wp-block-gallery has-nested-images columns-default is-cropped wp-block-gallery-2 is-layout-flex wp-block-gallery-is-layout-flex\">\n<figure class=\"wp-block-image size-large\"><img loading=\"lazy\" decoding=\"async\" width=\"1024\" height=\"576\" data-id=\"9210\" src=\"https:\/\/mybonnechance.de\/wp-content\/uploads\/2024\/08\/20240722_180533-1024x576.jpg\" alt=\"\" class=\"wp-image-9210\" srcset=\"https:\/\/mybonnechance.de\/wp-content\/uploads\/2024\/08\/20240722_180533-1024x576.jpg 1024w, https:\/\/mybonnechance.de\/wp-content\/uploads\/2024\/08\/20240722_180533-300x169.jpg 300w, https:\/\/mybonnechance.de\/wp-content\/uploads\/2024\/08\/20240722_180533-768x432.jpg 768w, https:\/\/mybonnechance.de\/wp-content\/uploads\/2024\/08\/20240722_180533-1536x864.jpg 1536w, https:\/\/mybonnechance.de\/wp-content\/uploads\/2024\/08\/20240722_180533-2048x1152.jpg 2048w\" sizes=\"auto, (max-width: 767px) 89vw, (max-width: 1000px) 54vw, (max-width: 1071px) 543px, 580px\" \/><\/figure>\n\n\n\n<figure class=\"wp-block-image size-large\"><img loading=\"lazy\" decoding=\"async\" width=\"1024\" height=\"576\" data-id=\"9211\" src=\"https:\/\/mybonnechance.de\/wp-content\/uploads\/2024\/08\/20240722_194644-1024x576.jpg\" alt=\"\" class=\"wp-image-9211\" srcset=\"https:\/\/mybonnechance.de\/wp-content\/uploads\/2024\/08\/20240722_194644-1024x576.jpg 1024w, https:\/\/mybonnechance.de\/wp-content\/uploads\/2024\/08\/20240722_194644-300x169.jpg 300w, https:\/\/mybonnechance.de\/wp-content\/uploads\/2024\/08\/20240722_194644-768x432.jpg 768w, https:\/\/mybonnechance.de\/wp-content\/uploads\/2024\/08\/20240722_194644-1536x864.jpg 1536w, https:\/\/mybonnechance.de\/wp-content\/uploads\/2024\/08\/20240722_194644-2048x1152.jpg 2048w\" sizes=\"auto, (max-width: 767px) 89vw, (max-width: 1000px) 54vw, (max-width: 1071px) 543px, 580px\" \/><\/figure>\n<\/figure>\n\n\n","protected":false},"excerpt":{"rendered":"<p>Tag 78, Dienstag 23.Juli Marienwerder, Marina Marienwerder &#8211; Oderberg, Marina Oderberg32,1 km &#8211; 1 Hebewerk &#8211; 4,25 Std. FahrzeitNach dem gestrigen Regenschauer hat es sich heute Morgen abgek\u00fchlt, aber es ist trotz bew\u00f6lktem Wetter noch angenehm warm. Das \u00e4ndert sich allerdings im Laufe unserer Fahrt. Es wird windiger und es f\u00e4ngt leicht zu regnen an. &hellip; <\/p>\n<p class=\"link-more\"><a href=\"https:\/\/mybonnechance.de\/?page_id=9112\" class=\"more-link\"><span class=\"screen-reader-text\">\u201e2024-42 Oderberg\u201c<\/span> weiterlesen<\/a><\/p>\n","protected":false},"author":2,"featured_media":0,"parent":0,"menu_order":0,"comment_status":"closed","ping_status":"closed","template":"","meta":{"ngg_post_thumbnail":0,"footnotes":""},"class_list":["post-9112","page","type-page","status-publish","hentry"],"_links":{"self":[{"href":"https:\/\/mybonnechance.de\/index.php?rest_route=\/wp\/v2\/pages\/9112","targetHints":{"allow":["GET"]}}],"collection":[{"href":"https:\/\/mybonnechance.de\/index.php?rest_route=\/wp\/v2\/pages"}],"about":[{"href":"https:\/\/mybonnechance.de\/index.php?rest_route=\/wp\/v2\/types\/page"}],"author":[{"embeddable":true,"href":"https:\/\/mybonnechance.de\/index.php?rest_route=\/wp\/v2\/users\/2"}],"replies":[{"embeddable":true,"href":"https:\/\/mybonnechance.de\/index.php?rest_route=%2Fwp%2Fv2%2Fcomments&post=9112"}],"version-history":[{"count":6,"href":"https:\/\/mybonnechance.de\/index.php?rest_route=\/wp\/v2\/pages\/9112\/revisions"}],"predecessor-version":[{"id":9446,"href":"https:\/\/mybonnechance.de\/index.php?rest_route=\/wp\/v2\/pages\/9112\/revisions\/9446"}],"wp:attachment":[{"href":"https:\/\/mybonnechance.de\/index.php?rest_route=%2Fwp%2Fv2%2Fmedia&parent=9112"}],"curies":[{"name":"wp","href":"https:\/\/api.w.org\/{rel}","templated":true}]}}