{"id":9543,"date":"2024-08-28T10:40:23","date_gmt":"2024-08-28T10:40:23","guid":{"rendered":"https:\/\/mybonnechance.de\/?page_id=9543"},"modified":"2024-09-04T08:09:46","modified_gmt":"2024-09-04T08:09:46","slug":"2024-64-brandenburg","status":"publish","type":"page","link":"https:\/\/mybonnechance.de\/?page_id=9543","title":{"rendered":"2024-64 Brandenburg"},"content":{"rendered":"\n<p><strong>Tag 115,  Mittwoch  28. August            <\/strong> <strong> Ketzin, Stadthafen Havelpromenade<\/strong> &#8211; <strong>Brandenburg, Stadtanleger Salzhofufer<\/strong><br>22,8 km &#8211; 1 Schleuse &#8211; 2,9 Std. Fahrzeit<br>Kurz nach Ketzin kommen wir an so vielen<strong> Ankerm\u00f6glichkeiten<\/strong> vorbei, die wir aber aufgrund der schlechten Wasserqualit\u00e4t nicht mehr nutzen k\u00f6nnen \u2013 Schade. Ich muss immer wieder daran denken, wie es war, als wir die Fahrt hierhin gemacht haben. Mit jeder Station und \u00d6rtchen kamen wir unserem Ziel, Berliner Gew\u00e4sser, n\u00e4her. Und jetzt bringt mich jede Station wieder n\u00e4her an zu Hause. Ich habe gerade ein lachendes und ein weinendes Auge .  Vielleicht liegt es auch an dem wundersch\u00f6nen Wetter, so da\u00df ich das Urlaubsfeeling einfach noch weiter genie\u00dfen m\u00f6chte.<\/p>\n\n\n\n<p>Alles wissenswerte zu Brandenburg habe ich ja schon auf der Hinfahrt beschrieben.<\/p>\n\n\n\n<p class=\"has-vivid-red-color has-text-color has-link-color wp-elements-372807b1b8cdecfa65a783b059e982c1\"><strong><em>Hafengeb\u00fchren am Salzhofufer:  1,80 p.M, kein Strom, Wasser + Wlan , beim Slawendorf ist Wasser und Strom ( M\u00fcnzen)vorhanden &#8211; kostet das gleiche.  Gro\u00dfer Stadtkern mit Einkaufsm\u00f6glichkeiten und Restaurant.<\/em><\/strong><\/p>\n\n\n","protected":false},"excerpt":{"rendered":"<p>Tag 115, Mittwoch 28. August Ketzin, Stadthafen Havelpromenade &#8211; Brandenburg, Stadtanleger Salzhofufer22,8 km &#8211; 1 Schleuse &#8211; 2,9 Std. FahrzeitKurz nach Ketzin kommen wir an so vielen Ankerm\u00f6glichkeiten vorbei, die wir aber aufgrund der schlechten Wasserqualit\u00e4t nicht mehr nutzen k\u00f6nnen \u2013 Schade. Ich muss immer wieder daran denken, wie es war, als wir die Fahrt &hellip; <\/p>\n<p class=\"link-more\"><a href=\"https:\/\/mybonnechance.de\/?page_id=9543\" class=\"more-link\"><span class=\"screen-reader-text\">\u201e2024-64 Brandenburg\u201c<\/span> weiterlesen<\/a><\/p>\n","protected":false},"author":1,"featured_media":0,"parent":0,"menu_order":0,"comment_status":"closed","ping_status":"closed","template":"","meta":{"ngg_post_thumbnail":0,"footnotes":""},"class_list":["post-9543","page","type-page","status-publish","hentry"],"_links":{"self":[{"href":"https:\/\/mybonnechance.de\/index.php?rest_route=\/wp\/v2\/pages\/9543","targetHints":{"allow":["GET"]}}],"collection":[{"href":"https:\/\/mybonnechance.de\/index.php?rest_route=\/wp\/v2\/pages"}],"about":[{"href":"https:\/\/mybonnechance.de\/index.php?rest_route=\/wp\/v2\/types\/page"}],"author":[{"embeddable":true,"href":"https:\/\/mybonnechance.de\/index.php?rest_route=\/wp\/v2\/users\/1"}],"replies":[{"embeddable":true,"href":"https:\/\/mybonnechance.de\/index.php?rest_route=%2Fwp%2Fv2%2Fcomments&post=9543"}],"version-history":[{"count":5,"href":"https:\/\/mybonnechance.de\/index.php?rest_route=\/wp\/v2\/pages\/9543\/revisions"}],"predecessor-version":[{"id":9621,"href":"https:\/\/mybonnechance.de\/index.php?rest_route=\/wp\/v2\/pages\/9543\/revisions\/9621"}],"wp:attachment":[{"href":"https:\/\/mybonnechance.de\/index.php?rest_route=%2Fwp%2Fv2%2Fmedia&parent=9543"}],"curies":[{"name":"wp","href":"https:\/\/api.w.org\/{rel}","templated":true}]}}