{"id":9631,"date":"2024-09-12T12:05:05","date_gmt":"2024-09-12T12:05:05","guid":{"rendered":"https:\/\/mybonnechance.de\/?page_id=9631"},"modified":"2024-09-12T15:45:50","modified_gmt":"2024-09-12T15:45:50","slug":"2024-65-liegeplatz-burg","status":"publish","type":"page","link":"https:\/\/mybonnechance.de\/?page_id=9631","title":{"rendered":"2024-65   Burg"},"content":{"rendered":"\n<p class=\"has-black-color has-text-color has-link-color wp-elements-f0b4f8a9006c8ddf09ab4e50665024df\"><strong>Tag 116, Donnerstag 29. August            <\/strong> <strong> Ketzin, Anleger &#8211; Burg, Anleger<\/strong><br>58,3 km &#8211; 1 Schleuse &#8211; 8,2 Std. Fahrzeit  (incl. 1 h Pause)<br>Unser heutiges Ziel ist Genthin, da waren wir auch noch nicht. Habe vorsichtshalber im Hafen Genthin reserviert, da es dort nur einen Liegeplatz gibt. Dann kommen wir bereits um elf Uhr dort an, es ist im \u00fcbrigen furchtbar hei\u00df, und entdecken, dass es genau vor dem Hafen einen kostenlosen Anleger f\u00fcr 3-4 Schiffe gibt, der auch noch frei ist. Wir machen also dort fest, entschuldigen uns beim Hafenmeister f\u00fcr die Unanehmlichkeiten der Reservierung.  Wir stellen das Reservier Schild aber netterweise um. Dann sitzen wir bei 30 Grad an Bord und stellen fest, wenn wir hierbleiben fehlt uns ein Tag um rechtzeitig am Liegeplatz R\u00fchen zu sein, um uns dort mit Freunden zu treffen.  Also Leinen los und weiter und ehrlich: weiterfahren ist bedeutend besser als liegen zu bleiben. Die Hitze ist heute unertr\u00e4glich. Das Barometer klettert bis auf 34 Grad. Zum erstenmal seit 116 Tagen setzte ich\u00a0 mich w\u00e4hrend der Fahrt auf&#8217;s Vordeck um Luft zu bekommen. Der Anleger Burg, den wir ja schon von der Hinfahrt kennen, ist zum Gl\u00fcck frei. Die Fahrt fand ich jetzt nicht stressig, die Strecke war wieder sch\u00f6n, alles so bewaldet und es ist kaum Verkehr.<\/p>\n\n\n\n<figure class=\"wp-block-gallery has-nested-images columns-default is-cropped wp-block-gallery-1 is-layout-flex wp-block-gallery-is-layout-flex\">\n<figure class=\"wp-block-image size-large\"><img loading=\"lazy\" decoding=\"async\" width=\"576\" height=\"1024\" data-id=\"9662\" src=\"https:\/\/mybonnechance.de\/wp-content\/uploads\/2024\/09\/20240829_111302-576x1024.jpg\" alt=\"\" class=\"wp-image-9662\" srcset=\"https:\/\/mybonnechance.de\/wp-content\/uploads\/2024\/09\/20240829_111302-576x1024.jpg 576w, https:\/\/mybonnechance.de\/wp-content\/uploads\/2024\/09\/20240829_111302-169x300.jpg 169w, https:\/\/mybonnechance.de\/wp-content\/uploads\/2024\/09\/20240829_111302-768x1365.jpg 768w, https:\/\/mybonnechance.de\/wp-content\/uploads\/2024\/09\/20240829_111302-864x1536.jpg 864w, https:\/\/mybonnechance.de\/wp-content\/uploads\/2024\/09\/20240829_111302-1152x2048.jpg 1152w, https:\/\/mybonnechance.de\/wp-content\/uploads\/2024\/09\/20240829_111302-scaled.jpg 1440w\" sizes=\"auto, (max-width: 576px) 100vw, 576px\" \/><\/figure>\n\n\n\n<figure class=\"wp-block-image size-large\"><img loading=\"lazy\" decoding=\"async\" width=\"576\" height=\"1024\" data-id=\"9663\" src=\"https:\/\/mybonnechance.de\/wp-content\/uploads\/2024\/09\/20240829_111309-576x1024.jpg\" alt=\"\" class=\"wp-image-9663\" srcset=\"https:\/\/mybonnechance.de\/wp-content\/uploads\/2024\/09\/20240829_111309-576x1024.jpg 576w, https:\/\/mybonnechance.de\/wp-content\/uploads\/2024\/09\/20240829_111309-169x300.jpg 169w, https:\/\/mybonnechance.de\/wp-content\/uploads\/2024\/09\/20240829_111309-768x1365.jpg 768w, https:\/\/mybonnechance.de\/wp-content\/uploads\/2024\/09\/20240829_111309-864x1536.jpg 864w, https:\/\/mybonnechance.de\/wp-content\/uploads\/2024\/09\/20240829_111309-1152x2048.jpg 1152w, https:\/\/mybonnechance.de\/wp-content\/uploads\/2024\/09\/20240829_111309-scaled.jpg 1440w\" sizes=\"auto, (max-width: 576px) 100vw, 576px\" \/><\/figure>\n\n\n\n<figure class=\"wp-block-image size-large\"><img loading=\"lazy\" decoding=\"async\" width=\"576\" height=\"1024\" data-id=\"9660\" src=\"https:\/\/mybonnechance.de\/wp-content\/uploads\/2024\/09\/20240829_145455-576x1024.jpg\" alt=\"\" class=\"wp-image-9660\" srcset=\"https:\/\/mybonnechance.de\/wp-content\/uploads\/2024\/09\/20240829_145455-576x1024.jpg 576w, https:\/\/mybonnechance.de\/wp-content\/uploads\/2024\/09\/20240829_145455-169x300.jpg 169w, https:\/\/mybonnechance.de\/wp-content\/uploads\/2024\/09\/20240829_145455-768x1365.jpg 768w, https:\/\/mybonnechance.de\/wp-content\/uploads\/2024\/09\/20240829_145455-864x1536.jpg 864w, https:\/\/mybonnechance.de\/wp-content\/uploads\/2024\/09\/20240829_145455-1152x2048.jpg 1152w, https:\/\/mybonnechance.de\/wp-content\/uploads\/2024\/09\/20240829_145455-scaled.jpg 1440w\" sizes=\"auto, (max-width: 576px) 100vw, 576px\" \/><figcaption class=\"wp-element-caption\"><strong>Der Taube gefiel es in der Schleusenmauer<\/strong><\/figcaption><\/figure>\n<\/figure>\n\n\n\n<p class=\"has-black-color has-text-color has-link-color wp-elements-06e4c45bf792cb1452374a73857addae\">Heute k\u00f6nnen wir es wieder gut bis 22:30 drau\u00dfen aushalten, bis uns die M\u00fccken zu sehr \u00e4rgern.<\/p>\n\n\n\n<figure class=\"wp-block-gallery has-nested-images columns-default is-cropped wp-block-gallery-2 is-layout-flex wp-block-gallery-is-layout-flex\">\n<figure class=\"wp-block-image size-large\"><img loading=\"lazy\" decoding=\"async\" width=\"576\" height=\"1024\" data-id=\"9664\" src=\"https:\/\/mybonnechance.de\/wp-content\/uploads\/2024\/09\/20240829_190950-576x1024.jpg\" alt=\"\" class=\"wp-image-9664\" srcset=\"https:\/\/mybonnechance.de\/wp-content\/uploads\/2024\/09\/20240829_190950-576x1024.jpg 576w, https:\/\/mybonnechance.de\/wp-content\/uploads\/2024\/09\/20240829_190950-169x300.jpg 169w, https:\/\/mybonnechance.de\/wp-content\/uploads\/2024\/09\/20240829_190950-768x1365.jpg 768w, https:\/\/mybonnechance.de\/wp-content\/uploads\/2024\/09\/20240829_190950-864x1536.jpg 864w, https:\/\/mybonnechance.de\/wp-content\/uploads\/2024\/09\/20240829_190950-1152x2048.jpg 1152w, https:\/\/mybonnechance.de\/wp-content\/uploads\/2024\/09\/20240829_190950-scaled.jpg 1440w\" sizes=\"auto, (max-width: 576px) 100vw, 576px\" \/><\/figure>\n\n\n\n<figure class=\"wp-block-image size-large\"><img loading=\"lazy\" decoding=\"async\" width=\"576\" height=\"1024\" data-id=\"9665\" src=\"https:\/\/mybonnechance.de\/wp-content\/uploads\/2024\/09\/20240829_201059-576x1024.jpg\" alt=\"\" class=\"wp-image-9665\" srcset=\"https:\/\/mybonnechance.de\/wp-content\/uploads\/2024\/09\/20240829_201059-576x1024.jpg 576w, https:\/\/mybonnechance.de\/wp-content\/uploads\/2024\/09\/20240829_201059-169x300.jpg 169w, https:\/\/mybonnechance.de\/wp-content\/uploads\/2024\/09\/20240829_201059-768x1365.jpg 768w, https:\/\/mybonnechance.de\/wp-content\/uploads\/2024\/09\/20240829_201059-864x1536.jpg 864w, https:\/\/mybonnechance.de\/wp-content\/uploads\/2024\/09\/20240829_201059-1152x2048.jpg 1152w, https:\/\/mybonnechance.de\/wp-content\/uploads\/2024\/09\/20240829_201059-scaled.jpg 1440w\" sizes=\"auto, (max-width: 576px) 100vw, 576px\" \/><\/figure>\n<\/figure>\n\n\n\n\n\n<p class=\"has-black-color has-text-color has-link-color wp-elements-bfc48396da44d453b2bbcea4e9c928aa\"><br><\/p>\n","protected":false},"excerpt":{"rendered":"<p>Tag 116, Donnerstag 29. August Ketzin, Anleger &#8211; Burg, Anleger58,3 km &#8211; 1 Schleuse &#8211; 8,2 Std. Fahrzeit (incl. 1 h Pause)Unser heutiges Ziel ist Genthin, da waren wir auch noch nicht. Habe vorsichtshalber im Hafen Genthin reserviert, da es dort nur einen Liegeplatz gibt. Dann kommen wir bereits um elf Uhr dort an, es &hellip; <\/p>\n<p class=\"link-more\"><a href=\"https:\/\/mybonnechance.de\/?page_id=9631\" class=\"more-link\"><span class=\"screen-reader-text\">\u201e2024-65   Burg\u201c<\/span> weiterlesen<\/a><\/p>\n","protected":false},"author":1,"featured_media":0,"parent":0,"menu_order":0,"comment_status":"closed","ping_status":"closed","template":"","meta":{"ngg_post_thumbnail":0,"footnotes":""},"class_list":["post-9631","page","type-page","status-publish","hentry"],"_links":{"self":[{"href":"https:\/\/mybonnechance.de\/index.php?rest_route=\/wp\/v2\/pages\/9631","targetHints":{"allow":["GET"]}}],"collection":[{"href":"https:\/\/mybonnechance.de\/index.php?rest_route=\/wp\/v2\/pages"}],"about":[{"href":"https:\/\/mybonnechance.de\/index.php?rest_route=\/wp\/v2\/types\/page"}],"author":[{"embeddable":true,"href":"https:\/\/mybonnechance.de\/index.php?rest_route=\/wp\/v2\/users\/1"}],"replies":[{"embeddable":true,"href":"https:\/\/mybonnechance.de\/index.php?rest_route=%2Fwp%2Fv2%2Fcomments&post=9631"}],"version-history":[{"count":3,"href":"https:\/\/mybonnechance.de\/index.php?rest_route=\/wp\/v2\/pages\/9631\/revisions"}],"predecessor-version":[{"id":9666,"href":"https:\/\/mybonnechance.de\/index.php?rest_route=\/wp\/v2\/pages\/9631\/revisions\/9666"}],"wp:attachment":[{"href":"https:\/\/mybonnechance.de\/index.php?rest_route=%2Fwp%2Fv2%2Fmedia&parent=9631"}],"curies":[{"name":"wp","href":"https:\/\/api.w.org\/{rel}","templated":true}]}}