{"id":9635,"date":"2024-09-12T12:05:57","date_gmt":"2024-09-12T12:05:57","guid":{"rendered":"https:\/\/mybonnechance.de\/?page_id=9635"},"modified":"2024-09-13T07:17:35","modified_gmt":"2024-09-13T07:17:35","slug":"2024-67-liegeplatz-ruehen","status":"publish","type":"page","link":"https:\/\/mybonnechance.de\/?page_id=9635","title":{"rendered":"2024-67 R\u00fchen"},"content":{"rendered":"\n<p><strong>Tag  118, Samstag 31. August            <\/strong> <strong>Haldersleben, Sportboothafen<\/strong> <strong>&#8211; R\u00fchen, Anleger<\/strong><br>44,6km &#8211; 4,75 Std. Fahrzeit <br>Dieser Streckenabschnitt ist schon etwas langweilig, vielleicht liegt es aber auch am bew\u00f6lktem Wetter. Diesmal ist der Anleger st\u00e4rker frequentiert, allerdings nur Essensg\u00e4ste f\u00fcr das Restaurant.  Am Abend liegen wir wieder allein am Anleger. Da es nicht mehr so hei\u00df ist, unterziehen wir der Bonny eine Grudreinigung. Schlie\u00dflich erwarten wir morgen G\u00e4ste. <\/p>\n\n\n\n<div class=\"wp-block-columns is-layout-flex wp-container-core-columns-is-layout-9d6595d7 wp-block-columns-is-layout-flex\">\n<div class=\"wp-block-column is-layout-flow wp-block-column-is-layout-flow\" style=\"flex-basis:33.33%\">\n<figure class=\"wp-block-image size-large\"><img loading=\"lazy\" decoding=\"async\" width=\"576\" height=\"1024\" src=\"https:\/\/mybonnechance.de\/wp-content\/uploads\/2024\/09\/20240831_182902-1-576x1024.jpg\" alt=\"\" class=\"wp-image-9684\" srcset=\"https:\/\/mybonnechance.de\/wp-content\/uploads\/2024\/09\/20240831_182902-1-576x1024.jpg 576w, https:\/\/mybonnechance.de\/wp-content\/uploads\/2024\/09\/20240831_182902-1-169x300.jpg 169w, https:\/\/mybonnechance.de\/wp-content\/uploads\/2024\/09\/20240831_182902-1-768x1365.jpg 768w, https:\/\/mybonnechance.de\/wp-content\/uploads\/2024\/09\/20240831_182902-1-864x1536.jpg 864w, https:\/\/mybonnechance.de\/wp-content\/uploads\/2024\/09\/20240831_182902-1-1152x2048.jpg 1152w, https:\/\/mybonnechance.de\/wp-content\/uploads\/2024\/09\/20240831_182902-1-scaled.jpg 1440w\" sizes=\"auto, (max-width: 576px) 100vw, 576px\" \/><\/figure>\n<\/div>\n\n\n\n<div class=\"wp-block-column is-layout-flow wp-block-column-is-layout-flow\" style=\"flex-basis:66.66%\">\n<figure class=\"wp-block-image size-large\"><img loading=\"lazy\" decoding=\"async\" width=\"1024\" height=\"576\" src=\"https:\/\/mybonnechance.de\/wp-content\/uploads\/2024\/09\/20240901_122308-1024x576.jpg\" alt=\"\" class=\"wp-image-9685\" srcset=\"https:\/\/mybonnechance.de\/wp-content\/uploads\/2024\/09\/20240901_122308-1024x576.jpg 1024w, https:\/\/mybonnechance.de\/wp-content\/uploads\/2024\/09\/20240901_122308-300x169.jpg 300w, https:\/\/mybonnechance.de\/wp-content\/uploads\/2024\/09\/20240901_122308-768x432.jpg 768w, https:\/\/mybonnechance.de\/wp-content\/uploads\/2024\/09\/20240901_122308-1536x864.jpg 1536w, https:\/\/mybonnechance.de\/wp-content\/uploads\/2024\/09\/20240901_122308-2048x1152.jpg 2048w\" sizes=\"auto, (max-width: 767px) 89vw, (max-width: 1000px) 54vw, (max-width: 1071px) 543px, 580px\" \/><\/figure>\n\n\n\n<p>Im \u00fcbrigen habe ich gelernt, man f\u00fchrt nicht nur Hunde an der Leine.<\/p>\n<\/div>\n<\/div>\n\n\n\n<p><strong>Tag  119, Sonntag 01.Septmeber <\/strong><br>Am Nachmittag bekommen wir besuch. Nach einer Spritztour bis nach Wolfsburg geht es wieder retour und wir essen am Abend noh gem\u00fctich in unserem Restaurant gegen\u00fcber vom Schiff.<\/p>\n\n\n\n<div class=\"wp-block-columns is-layout-flex wp-container-core-columns-is-layout-9d6595d7 wp-block-columns-is-layout-flex\">\n<div class=\"wp-block-column is-layout-flow wp-block-column-is-layout-flow\" style=\"flex-basis:33.33%\">\n<figure class=\"wp-block-image size-large\"><img loading=\"lazy\" decoding=\"async\" width=\"576\" height=\"1024\" src=\"https:\/\/mybonnechance.de\/wp-content\/uploads\/2024\/09\/20240901_185608-576x1024.jpg\" alt=\"\" class=\"wp-image-9686\" srcset=\"https:\/\/mybonnechance.de\/wp-content\/uploads\/2024\/09\/20240901_185608-576x1024.jpg 576w, https:\/\/mybonnechance.de\/wp-content\/uploads\/2024\/09\/20240901_185608-169x300.jpg 169w, https:\/\/mybonnechance.de\/wp-content\/uploads\/2024\/09\/20240901_185608-768x1365.jpg 768w, https:\/\/mybonnechance.de\/wp-content\/uploads\/2024\/09\/20240901_185608-864x1536.jpg 864w, https:\/\/mybonnechance.de\/wp-content\/uploads\/2024\/09\/20240901_185608-1152x2048.jpg 1152w, https:\/\/mybonnechance.de\/wp-content\/uploads\/2024\/09\/20240901_185608-scaled.jpg 1440w\" sizes=\"auto, (max-width: 576px) 100vw, 576px\" \/><\/figure>\n<\/div>\n\n\n\n<div class=\"wp-block-column is-layout-flow wp-block-column-is-layout-flow\" style=\"flex-basis:66.66%\">\n<figure class=\"wp-block-image size-large\"><img loading=\"lazy\" decoding=\"async\" width=\"1024\" height=\"768\" src=\"https:\/\/mybonnechance.de\/wp-content\/uploads\/2024\/09\/IMG-20240901-WA0010-1024x768.jpg\" alt=\"\" class=\"wp-image-9687\" srcset=\"https:\/\/mybonnechance.de\/wp-content\/uploads\/2024\/09\/IMG-20240901-WA0010-1024x768.jpg 1024w, https:\/\/mybonnechance.de\/wp-content\/uploads\/2024\/09\/IMG-20240901-WA0010-300x225.jpg 300w, https:\/\/mybonnechance.de\/wp-content\/uploads\/2024\/09\/IMG-20240901-WA0010-768x576.jpg 768w, https:\/\/mybonnechance.de\/wp-content\/uploads\/2024\/09\/IMG-20240901-WA0010-1536x1152.jpg 1536w, https:\/\/mybonnechance.de\/wp-content\/uploads\/2024\/09\/IMG-20240901-WA0010.jpg 2048w\" sizes=\"auto, (max-width: 767px) 89vw, (max-width: 1000px) 54vw, (max-width: 1071px) 543px, 580px\" \/><\/figure>\n<\/div>\n<\/div>\n\n\n","protected":false},"excerpt":{"rendered":"<p>Tag 118, Samstag 31. August Haldersleben, Sportboothafen &#8211; R\u00fchen, Anleger44,6km &#8211; 4,75 Std. Fahrzeit Dieser Streckenabschnitt ist schon etwas langweilig, vielleicht liegt es aber auch am bew\u00f6lktem Wetter. Diesmal ist der Anleger st\u00e4rker frequentiert, allerdings nur Essensg\u00e4ste f\u00fcr das Restaurant. Am Abend liegen wir wieder allein am Anleger. Da es nicht mehr so hei\u00df ist, &hellip; <\/p>\n<p class=\"link-more\"><a href=\"https:\/\/mybonnechance.de\/?page_id=9635\" class=\"more-link\"><span class=\"screen-reader-text\">\u201e2024-67 R\u00fchen\u201c<\/span> weiterlesen<\/a><\/p>\n","protected":false},"author":1,"featured_media":0,"parent":0,"menu_order":0,"comment_status":"closed","ping_status":"closed","template":"","meta":{"ngg_post_thumbnail":0,"footnotes":""},"class_list":["post-9635","page","type-page","status-publish","hentry"],"_links":{"self":[{"href":"https:\/\/mybonnechance.de\/index.php?rest_route=\/wp\/v2\/pages\/9635","targetHints":{"allow":["GET"]}}],"collection":[{"href":"https:\/\/mybonnechance.de\/index.php?rest_route=\/wp\/v2\/pages"}],"about":[{"href":"https:\/\/mybonnechance.de\/index.php?rest_route=\/wp\/v2\/types\/page"}],"author":[{"embeddable":true,"href":"https:\/\/mybonnechance.de\/index.php?rest_route=\/wp\/v2\/users\/1"}],"replies":[{"embeddable":true,"href":"https:\/\/mybonnechance.de\/index.php?rest_route=%2Fwp%2Fv2%2Fcomments&post=9635"}],"version-history":[{"count":3,"href":"https:\/\/mybonnechance.de\/index.php?rest_route=\/wp\/v2\/pages\/9635\/revisions"}],"predecessor-version":[{"id":9690,"href":"https:\/\/mybonnechance.de\/index.php?rest_route=\/wp\/v2\/pages\/9635\/revisions\/9690"}],"wp:attachment":[{"href":"https:\/\/mybonnechance.de\/index.php?rest_route=%2Fwp%2Fv2%2Fmedia&parent=9635"}],"curies":[{"name":"wp","href":"https:\/\/api.w.org\/{rel}","templated":true}]}}