{"id":9652,"date":"2024-09-12T12:10:36","date_gmt":"2024-09-12T12:10:36","guid":{"rendered":"https:\/\/mybonnechance.de\/?page_id=9652"},"modified":"2024-09-18T10:48:15","modified_gmt":"2024-09-18T10:48:15","slug":"2024-74-marina-flaesheim","status":"publish","type":"page","link":"https:\/\/mybonnechance.de\/?page_id=9652","title":{"rendered":"2024-75 Marina Flaesheim"},"content":{"rendered":"\n<p><strong>Tag  129, Mittwoch 11. September       M\u00fcnster, Stadthafen &#8211; Flaesheim, Marina Flaesheim<\/strong><br>55,3 km &#8211; 2 Schleuse &#8211; 7,1 Std. Fahrzeit<br>Heute toppt die Temperatur \u2013 es sind nur 10 Grad und ich sehne mich nach einer Heizung. Stephan hat zwar in der Kuchenbude schon den Windschutz unten angebracht, aber es sind immer noch gen\u00fcgend Ritzen, wo der Wind durchpfeift. Wir legen den Ger\u00e4tetr\u00e4ger, da kurz hinter M\u00fcnster zwei Br\u00fccken kommen, die nicht hoch genug sind bzw. sie sind knapp an der Grenze und wir gehen lieber kein Risiko ein. <br>Sp\u00e4ter ziehe ich mir sogar die dicke Segeljacke an, denn es ist nicht nur kalt sondern auch windig und es f\u00e4llt Regen, grad wo wir in der Schleuse sind.<br>Wir fahren bei diesem Wetter bis Flaesheim und halten nicht, wie auf der Hinfahrt, in Datteln. Nach der <strong>Schleuse Datteln<\/strong> erreichen wir den letzten Kanal = <strong>Wesel-Dattel Kanal<\/strong>. An der Dattelschleuse m\u00fcssen wir \u00fcber 1h warten, da sehr viel Berufer unterwegs sind. An der <strong>Schleuse Ahsen<\/strong> sieht es noch schlimmer mit den Schiffen aus, aber wir haben Gl\u00fcck und k\u00f6nnen mit der 2. Schleuse mitfahren.<br>Eine halbe Stunde sp\u00e4ter sind wir in Flaesheim. Ich hatte vergessen, dass &nbsp;dort ein sehr schlechter Netzempfang ist. Da wir einen Stromasnchlu\u00df haben  bollert inzwischen unser Heizl\u00fcfter im Salon.<\/p>\n\n\n\n<p class=\"has-vivid-red-color has-text-color has-link-color wp-elements-71217e2d01ffdab2060a767be0f979ff\"><strong><em>Hafengeb\u00fchr:  20.- incl. Wasser, 5.- Strom p. Tag  \/  Kein Wlan, schlechte Netzbedingung, Hafenbistro<\/em><\/strong>,<strong><em> <\/em><\/strong> <strong><em>Kleiner<\/em> Badestrand<\/strong> \/ <strong><em>Stadt Flaesheim ca. 3,5 &#8211; 4 km entfernt<\/em><\/strong><\/p>\n\n\n","protected":false},"excerpt":{"rendered":"<p>Tag 129, Mittwoch 11. September M\u00fcnster, Stadthafen &#8211; Flaesheim, Marina Flaesheim55,3 km &#8211; 2 Schleuse &#8211; 7,1 Std. FahrzeitHeute toppt die Temperatur \u2013 es sind nur 10 Grad und ich sehne mich nach einer Heizung. Stephan hat zwar in der Kuchenbude schon den Windschutz unten angebracht, aber es sind immer noch gen\u00fcgend Ritzen, wo der &hellip; <\/p>\n<p class=\"link-more\"><a href=\"https:\/\/mybonnechance.de\/?page_id=9652\" class=\"more-link\"><span class=\"screen-reader-text\">\u201e2024-75 Marina Flaesheim\u201c<\/span> weiterlesen<\/a><\/p>\n","protected":false},"author":1,"featured_media":0,"parent":0,"menu_order":0,"comment_status":"closed","ping_status":"closed","template":"","meta":{"ngg_post_thumbnail":0,"footnotes":""},"class_list":["post-9652","page","type-page","status-publish","hentry"],"_links":{"self":[{"href":"https:\/\/mybonnechance.de\/index.php?rest_route=\/wp\/v2\/pages\/9652","targetHints":{"allow":["GET"]}}],"collection":[{"href":"https:\/\/mybonnechance.de\/index.php?rest_route=\/wp\/v2\/pages"}],"about":[{"href":"https:\/\/mybonnechance.de\/index.php?rest_route=\/wp\/v2\/types\/page"}],"author":[{"embeddable":true,"href":"https:\/\/mybonnechance.de\/index.php?rest_route=\/wp\/v2\/users\/1"}],"replies":[{"embeddable":true,"href":"https:\/\/mybonnechance.de\/index.php?rest_route=%2Fwp%2Fv2%2Fcomments&post=9652"}],"version-history":[{"count":4,"href":"https:\/\/mybonnechance.de\/index.php?rest_route=\/wp\/v2\/pages\/9652\/revisions"}],"predecessor-version":[{"id":9780,"href":"https:\/\/mybonnechance.de\/index.php?rest_route=\/wp\/v2\/pages\/9652\/revisions\/9780"}],"wp:attachment":[{"href":"https:\/\/mybonnechance.de\/index.php?rest_route=%2Fwp%2Fv2%2Fmedia&parent=9652"}],"curies":[{"name":"wp","href":"https:\/\/api.w.org\/{rel}","templated":true}]}}